{"id":431,"date":"2019-05-10T09:55:13","date_gmt":"2019-05-10T07:55:13","guid":{"rendered":"http:\/\/akks-no.staging.wordpress.idium.no\/trondheim\/?page_id=431"},"modified":"2026-01-05T15:23:12","modified_gmt":"2026-01-05T14:23:12","slug":"bass","status":"publish","type":"page","link":"https:\/\/akks.no\/trondheim\/bass\/","title":{"rendered":"Basskurs"},"content":{"rendered":"<p><strong>Vi har b\u00e5de en-til-en og gruppekurs, med varighet p\u00e5 6-12 uker per semester. P\u00e5melding for alle kurs finner du <a href=\"https:\/\/akks.no\/trondheim\/pameldingsskjema-kurs\/\">her<\/a>.<\/strong><\/p>\n<p>Basskurset hos AKKS legges opp etter dine evner, \u00f8nsker og forventninger. Enten du aldri har r\u00f8rt en bass f\u00f8r, eller har mye erfaring, vil timene skreddersys til \u00e5 passe for deg.<\/p>\n<p>I timene vil vi jobbe med forskjellige tiln\u00e6rmingsm\u00e5ter til bassistrollen. M\u00e5let er at du skal kunne bli en selvstendig musiker og bassist, og i timene vil du l\u00e6re om de verkt\u00f8yene en bassist har tilgjengelig.<\/p>\n<p>Du kan bestemme selv hva repertoaret skal v\u00e6re, men vi vil ogs\u00e5 komme inn p\u00e5 viktige l\u00e5ter og bassganger i rock, pop, funk og jazz fra 60-tallet og opp til i dag. Vi bruker dette repertoaret til \u00e5 l\u00e6re deg de grunnleggende elementene i bass-spill, slik som rytmikk, groove, tonalitet og teknikk osv.<\/p>\n<p>For de som \u00f8nsker det er det ogs\u00e5 mulig \u00e5 jobbe med improvisasjon og solospill.<\/p>\n<p><strong>AKKS-stipend:<br \/>\n<\/strong>Vi \u00f8nsker ikke at \u00f8konomi skal st\u00e5 i veien for \u00e5 delta p\u00e5 undervisning og kurs. Derfor kan du som har begrenset \u00f8konomi f\u00e5 helt eller delvis redusert deltakeravgift p\u00e5 AKKS-stipend. Velg billettypen som passer best for deg i p\u00e5meldingskjema om du har behov for dette. Tilbudet gjelder alle under 26 \u00e5r. Mottakere av AKKS-stipend m\u00e5 ha gyldig AKKS-medlemskap (koster 50kr pr kalender\u00e5r).<\/p>\n<hr \/>\n<p><strong>Instrukt\u00f8r:<\/strong><strong> Ada Veie-Rosvoll<\/strong><\/p>\n<p><img loading=\"lazy\" class=\"wp-image-2297 alignleft\" src=\"http:\/\/akks.no\/trondheim\/files\/2025\/01\/Ada-bilde-bassinstruktro.jpeg\" alt=\"\" width=\"348\" height=\"524\" srcset=\"https:\/\/akks.no\/trondheim\/files\/2025\/01\/Ada-bilde-bassinstruktro.jpeg 1125w, https:\/\/akks.no\/trondheim\/files\/2025\/01\/Ada-bilde-bassinstruktro-199x300.jpeg 199w, https:\/\/akks.no\/trondheim\/files\/2025\/01\/Ada-bilde-bassinstruktro-680x1024.jpeg 680w, https:\/\/akks.no\/trondheim\/files\/2025\/01\/Ada-bilde-bassinstruktro-768x1156.jpeg 768w, https:\/\/akks.no\/trondheim\/files\/2025\/01\/Ada-bilde-bassinstruktro-1021x1536.jpeg 1021w, https:\/\/akks.no\/trondheim\/files\/2025\/01\/Ada-bilde-bassinstruktro-600x903.jpeg 600w\" sizes=\"(max-width: 348px) 100vw, 348px\" \/>Ada studerer for \u00f8yeblikket rock p\u00e5 Tr\u00f8ndertun Folkeh\u00f8gskole og er ellers aktiv med punkbandet Klepto. Sjangervis g\u00e5r det for det meste i ulike typer rock og metal, men gjerne prog, blues og funk. Ada bruker mye av tiden sin til \u00f8ving og \u00e5 spille konserter med Klepto, og liker \u00e5 skrive egen musikk samt bidra p\u00e5 andres prosjekter. Ada er opptatt av spilleglede og er opptatt av \u00e5 hjelpe andre med \u00e5 bli trygg med samspill og p\u00e5 scenen. Hun har og erfaring fra det lokale musikkmilj\u00f8et og studioinnspilling, og planen er \u00e5 ta videre studier i musikk og pedagogikk. Hun \u00f8nsker \u00e5 legge til rette for hver enkelt elev og deres \u00f8nsker, slik at en opplever mestring og blir motivert til \u00e5 utvikle seg uansett utgangspunkt.<\/p>\n<p>&nbsp;<\/p>\n<p>&nbsp;<\/p>\n<p>&nbsp;<\/p>\n<p>&nbsp;<\/p>\n<p>&nbsp;<\/p>\n<div id=\"checkin_registration\"><\/div>\n<p>&nbsp;<\/p>\n<p>&nbsp;<\/p>\n<div id=\"checkin_registration\"><\/div>\n<p><script src=\"https:\/\/registration.checkin.no\/registration.loader.js\" data-event-id=\"212874\" async><\/script><br \/>\n&nbsp;<\/p>\n","protected":false},"excerpt":{"rendered":"<p>Vi har b\u00e5de en-til-en og gruppekurs, med varighet p\u00e5 6-12 uker per semester. P\u00e5melding for alle kurs finner du her. Basskurset hos AKKS legges opp etter dine evner, \u00f8nsker og forventninger. Enten du aldri har r\u00f8rt en bass f\u00f8r, eller har mye erfaring, vil timene skreddersys til \u00e5 passe for deg. I timene vil vi [&hellip;]<\/p>\n","protected":false},"author":7,"featured_media":503,"parent":0,"menu_order":0,"comment_status":"closed","ping_status":"closed","template":"","meta":[],"_links":{"self":[{"href":"https:\/\/akks.no\/trondheim\/wp-json\/wp\/v2\/pages\/431"}],"collection":[{"href":"https:\/\/akks.no\/trondheim\/wp-json\/wp\/v2\/pages"}],"about":[{"href":"https:\/\/akks.no\/trondheim\/wp-json\/wp\/v2\/types\/page"}],"author":[{"embeddable":true,"href":"https:\/\/akks.no\/trondheim\/wp-json\/wp\/v2\/users\/7"}],"replies":[{"embeddable":true,"href":"https:\/\/akks.no\/trondheim\/wp-json\/wp\/v2\/comments?post=431"}],"version-history":[{"count":48,"href":"https:\/\/akks.no\/trondheim\/wp-json\/wp\/v2\/pages\/431\/revisions"}],"predecessor-version":[{"id":2544,"href":"https:\/\/akks.no\/trondheim\/wp-json\/wp\/v2\/pages\/431\/revisions\/2544"}],"wp:featuredmedia":[{"embeddable":true,"href":"https:\/\/akks.no\/trondheim\/wp-json\/wp\/v2\/media\/503"}],"wp:attachment":[{"href":"https:\/\/akks.no\/trondheim\/wp-json\/wp\/v2\/media?parent=431"}],"curies":[{"name":"wp","href":"https:\/\/api.w.org\/{rel}","templated":true}]}}