{"id":37,"date":"2017-10-06T14:56:31","date_gmt":"2017-10-06T12:56:31","guid":{"rendered":"http:\/\/akks-no.staging.wordpress.idium.no\/oslo\/?page_id=37"},"modified":"2024-12-16T14:42:24","modified_gmt":"2024-12-16T13:42:24","slug":"konserter","status":"publish","type":"page","link":"https:\/\/akks.no\/trondheim\/konserter\/","title":{"rendered":"Konserter"},"content":{"rendered":"<p>AKKS Trondheim arrangerer flere faste konsertkvelder i l\u00f8pet av \u00e5ret. Her gir vi ferske band og artister muligheten til \u00e5 spille p\u00e5 en scene foran et publikum, i tillegg til \u00e5 arrangere mer konserter med profesjonelle musikere.\u00a0Vi arrangerer AKKS-konserten hver juni og desember, der alle semesterets kursdeltakere f\u00e5r muligheten til \u00e5 vise frem det de har l\u00e6rt. I tillegg arrangerer vi hvert \u00e5r et 8. mars arrangement, samt musikkfestivalen <a href=\"http:\/\/www.feminalen.no\/\">Feminalen<\/a>.<\/p>\n<p>&nbsp;<\/p>\n<p>&nbsp;<\/p>\n","protected":false},"excerpt":{"rendered":"<p>AKKS Trondheim arrangerer flere faste konsertkvelder i l\u00f8pet av \u00e5ret. Her gir vi ferske band og artister muligheten til \u00e5 spille p\u00e5 en scene foran et publikum, i tillegg til \u00e5 arrangere mer konserter med profesjonelle musikere.\u00a0Vi arrangerer AKKS-konserten hver juni og desember, der alle semesterets kursdeltakere f\u00e5r muligheten til \u00e5 vise frem det de [&hellip;]<\/p>\n","protected":false},"author":1,"featured_media":2265,"parent":0,"menu_order":0,"comment_status":"closed","ping_status":"closed","template":"","meta":[],"_links":{"self":[{"href":"https:\/\/akks.no\/trondheim\/wp-json\/wp\/v2\/pages\/37"}],"collection":[{"href":"https:\/\/akks.no\/trondheim\/wp-json\/wp\/v2\/pages"}],"about":[{"href":"https:\/\/akks.no\/trondheim\/wp-json\/wp\/v2\/types\/page"}],"author":[{"embeddable":true,"href":"https:\/\/akks.no\/trondheim\/wp-json\/wp\/v2\/users\/1"}],"replies":[{"embeddable":true,"href":"https:\/\/akks.no\/trondheim\/wp-json\/wp\/v2\/comments?post=37"}],"version-history":[{"count":11,"href":"https:\/\/akks.no\/trondheim\/wp-json\/wp\/v2\/pages\/37\/revisions"}],"predecessor-version":[{"id":677,"href":"https:\/\/akks.no\/trondheim\/wp-json\/wp\/v2\/pages\/37\/revisions\/677"}],"wp:featuredmedia":[{"embeddable":true,"href":"https:\/\/akks.no\/trondheim\/wp-json\/wp\/v2\/media\/2265"}],"wp:attachment":[{"href":"https:\/\/akks.no\/trondheim\/wp-json\/wp\/v2\/media?parent=37"}],"curies":[{"name":"wp","href":"https:\/\/api.w.org\/{rel}","templated":true}]}}