{"id":2248,"date":"2024-12-16T11:14:54","date_gmt":"2024-12-16T10:14:54","guid":{"rendered":"https:\/\/akks.no\/trondheim\/?page_id=2248"},"modified":"2026-01-06T14:18:05","modified_gmt":"2026-01-06T13:18:05","slug":"oversikt-over-kurs","status":"publish","type":"page","link":"https:\/\/akks.no\/trondheim\/oversikt-over-kurs\/","title":{"rendered":"Kurs"},"content":{"rendered":"<h4><strong>Hva er DU interessert i?<\/strong><\/h4>\n<p>Hos oss kan du utforske og utvikle ferdigheter p\u00e5 alt fra bandinstrumenter til musikkproduksjon, DJ og l\u00e5tskriving. Uansett ferdighetsniv\u00e5 og uten \u00f8vre aldersgrense! V\u00e5re kurs er \u00e5pne for alle kj\u00f8nn, men v\u00e5rt hovedfokus og prioritet er kvinner, transpersoner og ikke-bin\u00e6re.<\/p>\n<p>Hvert semester har to runder med faste kurs som varer i 6-12 uker, samt frittst\u00e5ende workshops. I vinter-, sommer- og h\u00f8stferien har vi ferietilbud for barn og unge, som <a href=\"https:\/\/akks.no\/trondheim\/pameldingsskjema-kurs\/?eventRegistrationId=85911\">bandleiren LOUD<\/a> og pop-ups som k-popkurs, russemusikk workshop og intensivt musikkproduksjonkurs. Vi er ogs\u00e5 alltid \u00e5pne for \u00e5 tilby kurs etter ettersp\u00f8rsel, s\u00e5 ta gjerne kontakt med oss ved interesse! Tidligere eksempler p\u00e5 kurs satt opp av ettersp\u00f8rsel er lydteknikk og k-pop l\u00e5tskrivingskurs.<\/p>\n<p>V\u00e5re ordin\u00e6re 6-12 ukers kurs har oppstart i februar, mars\/april, september og oktober\/november. Alle v\u00e5re kurs holdes p\u00e5 <a href=\"https:\/\/akks.no\/trondheim\/ovingslokale\/\">Buranhus Musikksenter<\/a> og <strong>p\u00e5melding finner du <a href=\"https:\/\/akks.no\/trondheim\/pameldingsskjema-kurs\/\">her.\u00a0<\/a><\/strong><\/p>\n<p><strong>En-til-en kurs<\/strong>: Best\u00e5r av undervisning med kun deg og instrukt\u00f8r. Fra 7 \u00e5r og oppover.<\/p>\n<p><strong>Gruppekurs:<\/strong> For deg fra 17 \u00e5r og oppover. Best\u00e5r av grupper p\u00e5 3-6 deltakere som sammen l\u00e6rer seg \u00e5 f.eks synge, spille et instrument, spille i band eller beherske musikkteknikk. Sm\u00e5 grupper s\u00f8rger for god individuell oppf\u00f8lging, samt samspill og sosialt p\u00e5fyll.<\/p>\n<p><strong>Gruppekurs for ungdom:<\/strong> For deg mellom 13 &#8211; 17 \u00e5r. Best\u00e5r av grupper p\u00e5 3-6 deltakere som sammen l\u00e6rer seg \u00e5 f.eks synge, spille et instrument eller spille i band. Sm\u00e5 grupper s\u00f8rger for god individuell oppf\u00f8lging, samt samspill og sosialt p\u00e5fyll.<\/p>\n<p><strong>Konserter<\/strong><br \/>\nI hvert semester er det to anledninger for \u00e5 fremf\u00f8re arbeidet for andre elever, venner og familie. Her oppfordrer vi til lav terskel for framvisning og raus publikumsetikette! Etter 6 ukers kurs har vi <strong>huskonsert<\/strong> i egne lokaler p\u00e5 <a href=\"https:\/\/akks.no\/trondheim\/ovingslokale\/\">Buranhus Musikksenter<\/a> (som regel en torsdag kl 18) og f\u00f8r f\u00f8r sommer- og juleferie arrangerer vi <strong>AKKS-konserten p\u00e5 Rockheim<\/strong> (som regel en s\u00f8ndag kl 15). P\u00e5 konsertene legger vi ogs\u00e5 til rette for samspill mellom elever og med instrukt\u00f8rer.<\/p>\n<p><strong>Et godt sted \u00e5 v\u00e6re er et godt sted \u00e5 l\u00e6re<br \/>\n<\/strong>Hos oss er det viktig at alle kursdeltakere f\u00e5r en god opplevelse og f\u00f8ler seg trygge. Det skal v\u00e6re rom for \u00e5 pr\u00f8ve seg fram, feile, stille sp\u00f8rsm\u00e5l og vokse. V\u00e5re instrukt\u00f8rer har allsidige musikalske bakgrunner og bredt spillegrunnlag slik at du som kursdeltaker f\u00e5r spille musikken du liker og f\u00e5r repertoar som er tilpasset ditt niv\u00e5. Mestring og spilleglede st\u00e5r alltid i fokus, og v\u00e5re instrukt\u00f8rer skaper trygge l\u00e6ringsmilj\u00f8 for kreativ utfoldelse og sosialt samspill.<\/p>\n<p><strong>Rabatterte og gratis kursplasser<\/strong><br \/>\nAKKS Trondheim har et begrenset antall plasser (AKKS-stipend) som er gratis eller til redusert pris om man er under 26 \u00e5r og der familien har begrenset \u00f8konomi. Alternativet velges n\u00e5r man melder seg p\u00e5 kurset. <a href=\"https:\/\/akks.no\/trondheim\/gratisplasser-pa-akks-kurs\/\">Les mer om ordningen her.<\/a><\/p>\n<p><strong>Trondheim Kommunes Fritidskort<\/strong><br \/>\nHos oss kan du bruke Fritidskortet for \u00e5 betale for kurs. Fritidskortet dekker 2000,- av fritidsaktiviteter i \u00e5ret, som kan brukes for \u00e5 dekke 6 ukers kurs og delfinansiere 12 ukers kurs eller gruppekurs. Opprett en bruker p\u00e5 https:\/\/trondheim.friskus.com. Etter kursets oppstart vil du motta en faktura fra oss p\u00e5 mail som du betaler via fritidskort-kontoen din. For gruppekurs vil det gjenst\u00e5 en egenandel p\u00e5 100-150 kr og 12-ukers kurs gjenst\u00e5r en egenandel p\u00e5 1300kr etter man har brukt Fritidskortet. Egenandelen kan betales med bankkort p\u00e5 friskus eller i egen nettbank.<\/p>\n<div id=\"checkin_event_index\"><\/div>\n<p><script>\ndocument.customerId = 13958;\ndocument.calendarConfig = {\n\topenRegistrationModal: true,\n\tview: 'TILE',\n\tshowSearch: true,\n\tshowTopics: true,\n\tshowViewToggle: true,\n\tshowOnlyForm: false,\n\tlanguage: 'nb',\n\ttopics: null,\n\tstyle: {\n\t\tsearchButtonBgColor: 'rgba(28, 43, 57, 1)',\n\t\tsearchButtonTextColor:  'rgba(255, 255, 255, 1)',\n\t\tsearchButtonBorderRadius:  3,\n\t\ttopicBadgeBgColor: 'rgba(85, 96, 106, 1)',\n\t\ttopicBadgeTextColor: 'rgba(255, 255, 255, 1)',\n\t\ttopicBadgeBorderRadius: 3,\n\t\theaderTextColor: 'rgba(28, 43, 57, 1)',\n\t\tbodyTextColor: 'rgba(28, 43, 57, 1)',\n\t\tbackgroundColor: 'rgba(255, 255, 255, 1)',\n\t\teventTileColor: 'rgba(28, 43, 57, 0)'\n\t}\n}\n<\/script><br \/>\n<script async src=\"https:\/\/static.checkin.no\/loaders\/eventindex\/loader.js\"><\/script><\/p>\n","protected":false},"excerpt":{"rendered":"<p>Hva er DU interessert i? Hos oss kan du utforske og utvikle ferdigheter p\u00e5 alt fra bandinstrumenter til musikkproduksjon, DJ og l\u00e5tskriving. Uansett ferdighetsniv\u00e5 og uten \u00f8vre aldersgrense! V\u00e5re kurs er \u00e5pne for alle kj\u00f8nn, men v\u00e5rt hovedfokus og prioritet er kvinner, transpersoner og ikke-bin\u00e6re. Hvert semester har to runder med faste kurs som varer [&hellip;]<\/p>\n","protected":false},"author":7,"featured_media":2263,"parent":0,"menu_order":0,"comment_status":"closed","ping_status":"closed","template":"","meta":[],"_links":{"self":[{"href":"https:\/\/akks.no\/trondheim\/wp-json\/wp\/v2\/pages\/2248"}],"collection":[{"href":"https:\/\/akks.no\/trondheim\/wp-json\/wp\/v2\/pages"}],"about":[{"href":"https:\/\/akks.no\/trondheim\/wp-json\/wp\/v2\/types\/page"}],"author":[{"embeddable":true,"href":"https:\/\/akks.no\/trondheim\/wp-json\/wp\/v2\/users\/7"}],"replies":[{"embeddable":true,"href":"https:\/\/akks.no\/trondheim\/wp-json\/wp\/v2\/comments?post=2248"}],"version-history":[{"count":20,"href":"https:\/\/akks.no\/trondheim\/wp-json\/wp\/v2\/pages\/2248\/revisions"}],"predecessor-version":[{"id":2564,"href":"https:\/\/akks.no\/trondheim\/wp-json\/wp\/v2\/pages\/2248\/revisions\/2564"}],"wp:featuredmedia":[{"embeddable":true,"href":"https:\/\/akks.no\/trondheim\/wp-json\/wp\/v2\/media\/2263"}],"wp:attachment":[{"href":"https:\/\/akks.no\/trondheim\/wp-json\/wp\/v2\/media?parent=2248"}],"curies":[{"name":"wp","href":"https:\/\/api.w.org\/{rel}","templated":true}]}}