{"id":1892,"date":"2024-01-10T09:44:41","date_gmt":"2024-01-10T08:44:41","guid":{"rendered":"https:\/\/akks.no\/trondheim\/?page_id=1892"},"modified":"2024-01-10T09:44:41","modified_gmt":"2024-01-10T08:44:41","slug":"kurs-pameldingsvilkar-hos-akks-trondheim","status":"publish","type":"page","link":"https:\/\/akks.no\/trondheim\/kurs-pameldingsvilkar-hos-akks-trondheim\/","title":{"rendered":"Kurs p\u00e5meldingsvilk\u00e5r hos AKKS Trondheim 2024"},"content":{"rendered":"<ol>\n<li><strong>P\u00e5meldingen er bindende<\/strong><\/li>\n<\/ol>\n<p>Ved innsendt p\u00e5melding er man bundet til \u00e5 betale kursavgiften. Det vil si at kursavgift m\u00e5 betales selv om kursdeltakeren ikke m\u00f8ter opp til kurset eller slutter p\u00e5 kurset. Deltakeren er selv ansvarlig for at riktig epost og telefonnummer er skrevet inn, samt \u00e5 sjekke om informasjon har havnet i s\u00f8ppelpost. Om man ikke har mottatt informasjon som f\u00f8lge av dette, er man likevel forpliktet til \u00e5 betale kursavgiften. AKKS Trondheim kan kontaktes om man ikke mottar informasjon.<\/p>\n<p><strong>2. Betaling<\/strong><\/p>\n<p><strong>2.1<\/strong> Betaling skjer gjennom Checkin. Man kan betale for kurset med faktura, VIPPS eller kredittkort.<\/p>\n<p><strong>2.2<\/strong> Betaling m\u00e5 gj\u00f8res innen forfallsdato ellers vil ekstra omkostninger p\u00e5l\u00f8pe.<\/p>\n<ol start=\"3\">\n<li><strong>Medlemskap i AKKS<\/strong><\/li>\n<\/ol>\n<p><strong>3.1<\/strong> Ved valg av kursavgift inkludert medlemskap vil medlemskortet i AKKS deles ut f\u00f8rste kursdag. Medlemskortet kan man ogs\u00e5 f\u00e5 p\u00e5 SMS. \u00d8nsker man medlemskortet sitt f\u00f8r kursstart, ta kontakt.<\/p>\n<p><strong>3.2<\/strong> Ved valg av kursavgift for medlemmer forutsetter dette at man har betalt kontingenten for kursdeltakeren til AKKS i innev\u00e6rende \u00e5r. Har man valgt dette og ikke betalt medlemskap vil AKKS sende ut en egen faktura for medlemskontingenten. Om ikke man betaler medlemskontingenten, men har valgt kurs til medlemspris vil man bli etterfakturert kurset til ikke medlemspris.<\/p>\n<p><strong>3.3<\/strong> Som medlem i AKKS f\u00e5r man en profil p\u00e5 v\u00e5r medlemsportal hvor medlemskapet kan administreres. Les mer om medlemskap og v\u00e5re medlemsfordeler p\u00e5 v\u00e5re nettsider.<\/p>\n<p><strong>3.4<\/strong> Som medlem vil man automatisk legges til v\u00e5rt nyhetsbrev. \u00d8nsker man ikke dette kan man ta kontakt med oss eller melde seg av direkte i nyhetsbrevet.<\/p>\n<ol start=\"4\">\n<li><strong>Kursavlysning<\/strong><\/li>\n<\/ol>\n<p><strong>\u00a04.1<\/strong> AKKS Bergen forbeholder seg retten til \u00e5 avlyse kurs dersom det er ikke er nok p\u00e5meldte, eller p\u00e5 grunn av forhold som ligger utenfor v\u00e5r kontroll. Avlysning f\u00f8r kursoppstart vil man f\u00e5 beskjed om dette senest uken f\u00f8r kursoppstart og eventuell innbetalt kursavgift vil bli refundert.<\/p>\n<p><strong>4.2<\/strong> Skulle vi bli p\u00e5lagt nedstenging vil kurs kunne bli avlyst p\u00e5 kort varsel. Alle deltakere vil f\u00e5 beskjed om dette via SMS.<\/p>\n<p><strong>4.3<\/strong> Dersom avlysning skjer etter kursstart vil de kursdager som er blitt avlyst bli refundert minus medlemskontingenten p\u00e5 kr. 50 for de som betalte kursavgift med medlemskap.<\/p>\n<ol start=\"5\">\n<li><strong>Kursendringer<\/strong><\/li>\n<\/ol>\n<p><strong>5.1<\/strong> AKKS Trondheim forbeholder seg retten til \u00e5 gj\u00f8re eventuelle endringer, som f.eks. bytte av instrukt\u00f8r, flytting av kursdag eller kurssted ved sykdom eller andre uforutsette \u00e5rsaker. Dette gjelder f.eks. ved sykdom hos kursinstrukt\u00f8ren der vi ikke f\u00e5r satt inn vikar. Alle kursdeltakere vil f\u00e5 beskjed om dette. Den tapte kursdagen, tas som regel igjen p\u00e5 samme ukedag og tidspunkt.<\/p>\n<p><strong>5.2<\/strong> Skulle ikke AKKS Trondheim f\u00e5 satt opp ekstra kursdag for \u00e5 ta igjen den tapte kursdagen, for\u00e5rsaket av sykdom hos instrukt\u00f8r eller tilsvarende, vil deltakerne f\u00e5 refundert kursavgiften for de kursdager de taper som f\u00f8lge av dette.<\/p>\n<ol start=\"6\">\n<li><strong>Frav\u00e6r<\/strong><\/li>\n<\/ol>\n<p><strong>6.1<\/strong> Dersom deltakeren ikke kan m\u00f8te til kursdagen setter vi pris p\u00e5 at deltakeren gir beskjed til instrukt\u00f8ren.<\/p>\n<p><strong>6.2<\/strong> Det er ingen refusjon for kursdager deltakeren m\u00e5tte g\u00e5 glipp av grunnet sykdom inkluderte luftveissymptomer og korona, karantene, eksamen, ferie eller annet.<\/p>\n<ol start=\"7\">\n<li><strong>Bidra til at alle f\u00e5r en god kursopplevelse\u00a0<\/strong><br \/>\nVi \u00f8nsker gjerne at dere som kursdeltakere er med \u00e5 skape et godt oppl\u00e6ringsmilj\u00f8.<\/li>\n<\/ol>\n<p>Du kan bidra med p\u00e5 f\u00f8lgende m\u00e5te:<\/p>\n<ul>\n<li>M\u00f8t presis til kursstart s\u00e5 kommer vi i gang med kurset. Gi beskjed om du blir forsinket.<\/li>\n<li>Ha mobilen din p\u00e5 lydl\u00f8s s\u00e5 slipper vi forstyrrelser.<\/li>\n<li>Lytt til hverandre og la den som snakker f\u00e5 snakke.<\/li>\n<li>Ikke spill p\u00e5 instrumentet ditt n\u00e5r andre snakker.<\/li>\n<li>Oppmuntre og motivere hverandre s\u00e5 vi f\u00e5r et trivelig kurs.<\/li>\n<li>Ta hensyn til hverandre. Vi er alle ulike personer med ulike erfaring og ulike behov n\u00e5r vi l\u00e6rer noe nytt.<\/li>\n<li>Husk \u00e5 ta pause- strekk p\u00e5 beina og f\u00e5 litt luft.<\/li>\n<li>Bruker du forsterkere eller annet elektronisk utstyr p\u00e5 kurset sl\u00e5 av dette under pauser og etter endt kurs.<\/li>\n<\/ul>\n<ol start=\"8\">\n<li><strong>Krenkende oppf\u00f8rsel og mobbing<\/strong><\/li>\n<\/ol>\n<p><strong>8.1<\/strong> AKKS Trondheim har nulltoleranse n\u00e5r det gjelder mobbing og annen krenkende oppf\u00f8rsel. Hvis en deltaker ut\u00f8ver dette vil deltakeren bli nektet adgang p\u00e5 kurset videre, kursavgiften vil ikke bli refundert og vil saken meldes inn til AKKS nasjonalt sitt varslingsutvalg for om deltakeren skal ha ytterligere restriksjoner. Skulle du kursdeltaker som du f\u00f8ler er ubehagelig p\u00e5 et av v\u00e5re kurs, snakk med oss. Vi er tilgjengelig p\u00e5 epost trondheim@akks.no kontortelefon 976 31\u00a0265. Det er ogs\u00e5 mulig \u00e5 varsle til AKKS sitt varslingsutvalg.<\/p>\n<ol start=\"9\">\n<li><strong>Personopplysninger<\/strong><br \/>\nPersonopplysningene i kursp\u00e5meldingen innsamles frivillig fra deg. Dere er ikke pliktige til \u00e5 gi oss disse opplysningene, og kan til enhver tid f\u00e5 innsyn eller trekke opplysningene tilbake ved \u00e5 sende en epost til trondheim@akks.no. Du kan lese mer om hvordan AKKS h\u00e5ndterer personopplysninger i v\u00e5r personvernerkl\u00e6ring. Kursene v\u00e5re blir rapportert inn til Musikkens Studieforbund.<\/li>\n<\/ol>\n","protected":false},"excerpt":{"rendered":"<p>P\u00e5meldingen er bindende Ved innsendt p\u00e5melding er man bundet til \u00e5 betale kursavgiften. Det vil si at kursavgift m\u00e5 betales selv om kursdeltakeren ikke m\u00f8ter opp til kurset eller slutter p\u00e5 kurset. Deltakeren er selv ansvarlig for at riktig epost og telefonnummer er skrevet inn, samt \u00e5 sjekke om informasjon har havnet i s\u00f8ppelpost. Om [&hellip;]<\/p>\n","protected":false},"author":7,"featured_media":0,"parent":0,"menu_order":0,"comment_status":"closed","ping_status":"closed","template":"","meta":[],"_links":{"self":[{"href":"https:\/\/akks.no\/trondheim\/wp-json\/wp\/v2\/pages\/1892"}],"collection":[{"href":"https:\/\/akks.no\/trondheim\/wp-json\/wp\/v2\/pages"}],"about":[{"href":"https:\/\/akks.no\/trondheim\/wp-json\/wp\/v2\/types\/page"}],"author":[{"embeddable":true,"href":"https:\/\/akks.no\/trondheim\/wp-json\/wp\/v2\/users\/7"}],"replies":[{"embeddable":true,"href":"https:\/\/akks.no\/trondheim\/wp-json\/wp\/v2\/comments?post=1892"}],"version-history":[{"count":2,"href":"https:\/\/akks.no\/trondheim\/wp-json\/wp\/v2\/pages\/1892\/revisions"}],"predecessor-version":[{"id":1894,"href":"https:\/\/akks.no\/trondheim\/wp-json\/wp\/v2\/pages\/1892\/revisions\/1894"}],"wp:attachment":[{"href":"https:\/\/akks.no\/trondheim\/wp-json\/wp\/v2\/media?parent=1892"}],"curies":[{"name":"wp","href":"https:\/\/api.w.org\/{rel}","templated":true}]}}