{"id":185,"date":"2018-09-21T15:11:40","date_gmt":"2018-09-21T13:11:40","guid":{"rendered":"http:\/\/akks-no.staging.wordpress.idium.no\/trondheim\/?page_id=185"},"modified":"2026-01-05T19:39:23","modified_gmt":"2026-01-05T18:39:23","slug":"ovingslokale","status":"publish","type":"page","link":"https:\/\/akks.no\/trondheim\/ovingslokale\/","title":{"rendered":"\u00d8vingslokale"},"content":{"rendered":"<p><strong>Viktig oppdatering:<\/strong><\/p>\n<p>Som dere kanskje vet s\u00e5 er AKKS i en \u00f8konomisk alvorlig knipe, og vi er n\u00f8dt til \u00e5 \u00f8ke prisene p\u00e5 leie av \u00f8vingsrom for \u00e5 f\u00e5 alt til \u00e5 g\u00e5 rundt. Prisene er heller ikke justert de siste \u00e5rene, og vi m\u00e5 derfor gj\u00f8re et st\u00f8rre hopp enn vi skulle \u00f8nske.<\/p>\n<p>Vi pr\u00f8ver likevel \u00e5 holde prisene s\u00e5 lave som mulig, spesielt for unge under 26. Nytt i 2026 er derfor at vi n\u00e5 skiller mellom de over og de under 26 \u00e5r. For dere over 26 kommer derfor en st\u00f8rre \u00f8kning i pris. Vi beklager ulempene dette medf\u00f8rer.<\/p>\n<p><strong>Drop-in-priser (\u00e9n 3-timers\u00f8kt):<\/strong><br \/>\nU26 &#8211; medlem 330 kr<br \/>\nO26 &#8211; medlem 480 kr<br \/>\nIkke-medlem 630 kr<\/p>\n<p><strong>Fastleie medlemspriser:<\/strong><br \/>\nU26 &#8211; medlem &#8211; 1 \u00f8kt i uka 990 kr<br \/>\nO26 &#8211; medlem &#8211; 1 \u00f8kt i uka 1400 kr<br \/>\nU26 &#8211; medlem &#8211; 2 \u00f8kter i uka 1880 kr<br \/>\nO26 &#8211; medlem &#8211; 2 \u00f8kter i uka 2700 kr<br \/>\nU26 &#8211; medlem &#8211; 3 \u00f8kter i uka 3610 kr<br \/>\nO26 &#8211; medlem &#8211; 3 \u00f8kter i uka 5200 kr<\/p>\n<p>Betingelser for aldersrabatt er de samme som ved Frifond; minst 1\/3 av bandet m\u00e5 v\u00e6re under 26 \u00e5r for \u00e5 kvalifisere til u26 priser.<\/p>\n<p>Prisene stiger 1. januar 2026<\/p>\n<p>&nbsp;<\/p>\n<p><span style=\"color: #000000;\"><strong>Bookinghenvendelser behandles kun i v\u00e5re kontortider: fra kl. 10-15 mandag til fredag.<br \/>\n<\/strong><strong>Bookinger m\u00e5 gj\u00f8res minst \u00e9n virkedag i forveien av \u00f8vingen.<br \/>\n<\/strong>Eksempler:<\/span><\/p>\n<ul>\n<li><span style=\"color: #000000;\">Om du \u00f8nsker \u00e5 booke \u00f8ving fredag m\u00e5 du reservere tid innen torsdag kl. 15 :00.<\/span><\/li>\n<li><span style=\"color: #000000;\">Om du \u00f8nsker \u00e5 booke \u00f8ving mandag m\u00e5 du reservere tid innen fredagen kl. 15:00.<\/span><\/li>\n<\/ul>\n<p><span style=\"color: #000000;\">Avbestillingsfrist for drop-in er 48 timer f\u00f8r booket \u00f8vingstidspunkt.<\/span><\/p>\n<p>&nbsp;<\/p>\n<p>AKKS har 2 \u00f8vingsrom og en musikkbinge (containeren) p\u00e5 Buranhus Musikksenter. Du kan velge mellom fastleie (en eller flere \u00f8kter i uken) eller benytte deg av v\u00e5rt tilbud for drop-ins.<\/p>\n<p>P\u00e5 alle rom st\u00e5r f\u00f8lgende utstyr:<\/p>\n<p style=\"padding-left: 40px;\">Trommesett<br \/>\n2 gitarforsterker<br \/>\n1 bassforsterker<br \/>\nSanganlegg med 2 mikrofoner<br \/>\nKeyboard<\/p>\n<p>Ta kontakt om du har sp\u00f8rsm\u00e5l eller \u00f8nsker detaljert liste over utstyr.<\/p>\n<h2><strong>Drop-in<\/strong><\/h2>\n<p>\u00d8nsker du fleksibilitet i \u00f8vingstidene dine s\u00e5 er v\u00e5rt drop-in tilbud perfekt.<\/p>\n<p><strong>Booking av drop-in \u00f8kt:\u00a0<\/strong><\/p>\n<ol>\n<li>Registrer deg p\u00e5\u00a0<a href=\"https:\/\/www.bookup.no\/Account\/Login\">BookUp<\/a>\n<ul>\n<li>Fra september 2024 har vi g\u00e5tt over til nytt bookingsystem. Som kunde m\u00e5 du derfor registrere deg i Book-up sine systemer for \u00e5 booke \u00f8vingslokale i v\u00e5r kalender. Dette kan gj\u00f8res samtidig som f\u00f8rste bookinghenvendelse. N\u00e5r du skal booke tid f\u00f8rste gang kreves det verifisering med BankID av sikkerhetsmessige hensyn, men f\u00f8dselsnummeret ditt vil ikke v\u00e6re synlig for oss.<\/li>\n<\/ul>\n<\/li>\n<li>Velg \u00f8nsket rom nedenfor<\/li>\n<li>Trykk p\u00e5 \u00f8nsket tidspunkt i kalenderen, og velg prisklasse (ordin\u00e6r, medlem eller ungdom, sistnevnte 13-18 \u00e5r)\n<ul>\n<li>\u00d8nsker du fast \u00f8ving, ta kontakt med oving@trondheim.akks.no<\/li>\n<\/ul>\n<\/li>\n<li>Hvis \u00f8vingsrommet er ledig godkjenner vi bookingen og du vil motta en bekreftelse p\u00e5 e-post, samt link til betaling som skjer direkte i BookUp.\n<ul>\n<li><em>Dersom det er f\u00f8rste gang du\/dere \u00f8ver hos oss m\u00e5 du\/dere ogs\u00e5 \u00e5 fylle ut drop-in kontrakt f\u00f8r f\u00f8rste \u00f8ving, <a href=\"https:\/\/www.cognitoforms.com\/AKKSTrondheim\/DropinKontraktAKKSTrondheim\">kontrakt finner du her.<\/a> Det m\u00e5 ogs\u00e5 avtales et tidspunkt for \u00e5 hente n\u00f8kkelkort for \u00e5 kunne f\u00e5 tilgang til \u00f8vingslokalene v\u00e5re.\u00a0<\/em><\/li>\n<\/ul>\n<\/li>\n<\/ol>\n<p>Har dere bruk for hjelp ta kontakt med oss enten ved \u00e5 sende en e-post til oving.trondheim@akks.no , eller ring oss p\u00e5 tlf. <span aria-label=\"Ring telefonnummeret 97 63 12 65\">97631265<\/span><\/p>\n<p><strong>Drop-in-priser (\u00e9n 3-timers\u00f8kt):<\/strong><br \/>\nU26 &#8211; medlem 330 kr<br \/>\nO26 &#8211; medlem 480 kr<br \/>\nIkke-medlem 630 kr<\/p>\n<p><span style=\"background: white;\">(Om prisen for leie i BookUp varierer, s\u00e5 blir den manuelt oppdatert til prisene angitt ovenfor f\u00f8r den godkjennes)<\/span><\/p>\n<h2><strong>Fast \u00f8ving<\/strong><\/h2>\n<p>Ta kontakt med oving@trondheim.akks.no dersom dere \u00f8nsker \u00e5 opprette fastleie av \u00f8vingsrom. Vi hjelper deg \u00e5 finne en ledig \u00f8kt, eller du kan sjekke tilgjengelighet p\u00e5 rommene i BookUp-kalenderene nedenfor og finne et tidspunkt selv.<\/p>\n<p>Nytt i 2026 er derfor at vi n\u00e5 skiller mellom de over og de under 26 \u00e5r. For dere over 26 kommer derfor en st\u00f8rre \u00f8kning i pris. Betingelser for aldersrabatt er de samme som ved Frifond; minst 1\/3 av bandet m\u00e5 v\u00e6re under 26 \u00e5r for \u00e5 kvalifisere til u26 priser.<\/p>\n<p><strong>Fastleie medlemspriser:<\/strong><br \/>\nU26 &#8211; medlem &#8211; 3 timer pr uke (1 \u00f8kt) 990 kr<br \/>\nO26 &#8211; medlem &#8211; 3 timer pr uke (1 \u00f8kt) 1400 kr<br \/>\nU26 &#8211; medlem &#8211; 6 timer pr uke (2 \u00f8kter) 1880 kr<br \/>\nO26 &#8211; medlem &#8211; 6 timer pr uke (2 \u00f8kter) 2700 kr<br \/>\nU26 &#8211; medlem &#8211; 9 timer pr uke (3 \u00f8kter) 3610 kr<br \/>\nO26 &#8211; medlem &#8211; 9 timer pr uke (3 \u00f8kter) 5200 kr<\/p>\n<p>Alle i bandet m\u00e5 v\u00e6re <a href=\"https:\/\/akks.no\/bli-medlem\/\">medlem<\/a> i AKKS for \u00e5 kvalifisere til medlemspris.<\/p>\n<p><span style=\"color: #0000ff;\"><em><a style=\"color: #0000ff;\" href=\"https:\/\/www.cognitoforms.com\/AKKSTrondheim\/FastleieKontraktAKKSTrondheim\">Kontrakt for fastleie med betingelser etc. finner du her.<\/a><\/em><\/span><\/p>\n<p><a tabindex=\"-1\" href=\"https:\/\/www.cognitoforms.com\/AKKSTrondheim\/FastleieKontraktAKKSTrondheim\" target=\"_blank\" rel=\"noopener\">cognitoforms.com\/\u2026\/FastleieKontraktAKKSTrondheim<\/a><\/p>\n<div class=\"iframe-app\"><iframe id=\"portalframe1\" src=\"\/\/prokomresources.prokomcdn.no\/plugins\/bookup\/inter-v2\/prod\/app\/app.html?url=https:\/\/www.bookup.no&amp;id=&amp;details=true&amp;filters=true&amp;conf=&amp;cids=38156&amp;lang=no&amp;m=1\" width=\"100%\" frameborder=\"0\" scrolling=\"no\"><\/iframe><br \/>\n<script type=\"text\/javascript\" src=\"\/\/prokomresources.prokomcdn.no\/plugins\/bookup\/inter-v2\/prod\/iframe-scripts.min.js\"><\/script><br \/>\n<a href=\"https:\/\/www.bookup.no\/\"><img loading=\"lazy\" src=\"https:\/\/www.bookup.no\/Content\/images\/logos\/local.png\" alt=\"Logo - BookUp\" width=\"38px\" height=\"12px\" \/><\/a><\/div>\n","protected":false},"excerpt":{"rendered":"<p>Viktig oppdatering: Som dere kanskje vet s\u00e5 er AKKS i en \u00f8konomisk alvorlig knipe, og vi er n\u00f8dt til \u00e5 \u00f8ke prisene p\u00e5 leie av \u00f8vingsrom for \u00e5 f\u00e5 alt til \u00e5 g\u00e5 rundt. Prisene er heller ikke justert de siste \u00e5rene, og vi m\u00e5 derfor gj\u00f8re et st\u00f8rre hopp enn vi skulle \u00f8nske. Vi [&hellip;]<\/p>\n","protected":false},"author":1,"featured_media":580,"parent":0,"menu_order":0,"comment_status":"closed","ping_status":"closed","template":"","meta":[],"_links":{"self":[{"href":"https:\/\/akks.no\/trondheim\/wp-json\/wp\/v2\/pages\/185"}],"collection":[{"href":"https:\/\/akks.no\/trondheim\/wp-json\/wp\/v2\/pages"}],"about":[{"href":"https:\/\/akks.no\/trondheim\/wp-json\/wp\/v2\/types\/page"}],"author":[{"embeddable":true,"href":"https:\/\/akks.no\/trondheim\/wp-json\/wp\/v2\/users\/1"}],"replies":[{"embeddable":true,"href":"https:\/\/akks.no\/trondheim\/wp-json\/wp\/v2\/comments?post=185"}],"version-history":[{"count":68,"href":"https:\/\/akks.no\/trondheim\/wp-json\/wp\/v2\/pages\/185\/revisions"}],"predecessor-version":[{"id":2560,"href":"https:\/\/akks.no\/trondheim\/wp-json\/wp\/v2\/pages\/185\/revisions\/2560"}],"wp:featuredmedia":[{"embeddable":true,"href":"https:\/\/akks.no\/trondheim\/wp-json\/wp\/v2\/media\/580"}],"wp:attachment":[{"href":"https:\/\/akks.no\/trondheim\/wp-json\/wp\/v2\/media?parent=185"}],"curies":[{"name":"wp","href":"https:\/\/api.w.org\/{rel}","templated":true}]}}