{"id":1642,"date":"2022-06-23T14:08:06","date_gmt":"2022-06-23T12:08:06","guid":{"rendered":"https:\/\/akks.no\/trondheim\/?page_id=1642"},"modified":"2026-03-19T15:02:12","modified_gmt":"2026-03-19T14:02:12","slug":"musikkproduksjon","status":"publish","type":"page","link":"https:\/\/akks.no\/trondheim\/musikkproduksjon\/","title":{"rendered":"L\u00e5tskriving og musikkproduksjon"},"content":{"rendered":"<p><strong>Vi har b\u00e5de en-til-en og gruppekurs, med varighet p\u00e5 6-12 uker per semester. P\u00e5melding for alle kurs finner du <a href=\"https:\/\/akks.no\/trondheim\/pameldingsskjema-kurs\/\">her<\/a>.<\/strong><\/p>\n<p>Dette kurset vil gi oppl\u00e6ring i hvordan lage og produsere l\u00e5ter, fra \u00e5 tenke tekst, form, struktur, til innspilling og produksjon i form av effekter, prosessering og miksing. Enten du har litt erfaring fra f\u00f8r og \u00f8nsker \u00e5 jobbe videre med egne prosjekter, eller er ny og nysgjerrig p\u00e5 hvordan en l\u00e5t blir til, s\u00e5 passer dette kurset for deg! Kurset vil bli lagt opp og tilpasset hver enkelts niv\u00e5 og det er fokus p\u00e5 egne prosjekter, men instrukt\u00f8r har og eksempelprosjekter som man kan jobbe med. Ableton Live, samt MIDI-kontrollere og noen mikrofoner er tilgjengelig for deltakerne, men man kan og ta med egen laptop og f\u00e5 hjelp til \u00e5 sette opp for musikklaging p\u00e5 egen personlig laptop. I tillegg til oppf\u00f8lging av instrukt\u00f8r s\u00e5 legges det og til rette for at man kan samarbeide med andre p\u00e5 kurset.<\/p>\n<p><strong>AKKS-stipend:<br \/>\n<\/strong>Vi \u00f8nsker ikke at \u00f8konomi skal st\u00e5 i veien for \u00e5 delta p\u00e5 undervisning og kurs. Derfor kan du som har begrenset \u00f8konomi f\u00e5 helt eller delvis redusert deltakeravgift p\u00e5 AKKS-stipend. Velg billettypen som passer best for deg i p\u00e5meldingskjema om du har behov for dette. Tilbudet gjelder alle under 26 \u00e5r. Mottakere av AKKS-stipend m\u00e5 ha gyldig AKKS-medlemskap (koster 50kr pr kalender\u00e5r).<\/p>\n<hr \/>\n<p><strong>Instrukt\u00f8r: <\/strong><strong> Robin Synn\u00f8ve Solem<\/strong><\/p>\n<p><img loading=\"lazy\" class=\"alignleft wp-image-2567 size-medium\" src=\"http:\/\/akks.no\/trondheim\/files\/2026\/01\/C2F4C1DB-D240-453A-A782-7A0AF40E2F22-300x300.jpeg\" alt=\"\" width=\"300\" height=\"300\" srcset=\"https:\/\/akks.no\/trondheim\/files\/2026\/01\/C2F4C1DB-D240-453A-A782-7A0AF40E2F22-300x300.jpeg 300w, https:\/\/akks.no\/trondheim\/files\/2026\/01\/C2F4C1DB-D240-453A-A782-7A0AF40E2F22-150x150.jpeg 150w, https:\/\/akks.no\/trondheim\/files\/2026\/01\/C2F4C1DB-D240-453A-A782-7A0AF40E2F22-768x765.jpeg 768w, https:\/\/akks.no\/trondheim\/files\/2026\/01\/C2F4C1DB-D240-453A-A782-7A0AF40E2F22-600x598.jpeg 600w, https:\/\/akks.no\/trondheim\/files\/2026\/01\/C2F4C1DB-D240-453A-A782-7A0AF40E2F22-100x100.jpeg 100w, https:\/\/akks.no\/trondheim\/files\/2026\/01\/C2F4C1DB-D240-453A-A782-7A0AF40E2F22.jpeg 883w\" sizes=\"(max-width: 300px) 100vw, 300px\" \/>Robin Synn\u00f8ve er aktiv musiker, og har utdanning fra jazzlinja p\u00e5 Leeds Conservatoire i England som bassist. Men da hun kom tilbake til Norge pga covid i 2020, bestemte hun seg for \u00e5 legge jazzen p\u00e5 hylla og l\u00e6re seg \u00e5 produsere egen musikk. Siden da har hun produsert og gitt ut l\u00e5ter under flere pseudonymer i alt fra ambient lydlandskap og tunge beats, til singer\/songwriter folk pop og nyligst ei indie-rock plate med bandet sitt Archer.<\/p>\n<p dir=\"auto\">Hun er opptatt av \u00e5 vise at man kan gj\u00f8re absolutt hva man vil uten at man n\u00f8dvendigvis trenger en lang utdanning f\u00f8r man begynner \u00e5 ta i ting, uansett om det er \u00e5 produsere musikk eller spille p\u00e5 scene.<\/p>\n<p dir=\"auto\">I kurset kommer Robin til \u00e5 vise hvordan man kan bruke Ableton live til \u00e5 produsere l\u00e5ter, samt hvordan man bygger opp en l\u00e5t lag for lag. Vi skal l\u00e6re \u00e5 bruke b\u00e5de MIDI til \u00e5 lage l\u00e5ter med virtuelle instrumenter, og grunnleggende om lydopptak og bruk av mikrofon for \u00e5 ta opp stemme og fysiske instrumenter. Vi kommer ogs\u00e5 til \u00e5 se p\u00e5 hvordan effekter som klang, delay og kompressor kan ta l\u00e5ta di inn i en helt annen verden n\u00e5r det kommer til innlevelse og lydbilde. Robin er musiker som ikke kunne ha st\u00e5tt stille om hun hadde m\u00e5tte, og beveger seg i mange forskjellige sjangre b\u00e5de alene og i band-kontekst, s\u00e5 hun har erfaring fra mange forskjellige sjangre og stiler. S\u00e5 kort sagt, uansett hvem du er og hva slags musikk du er interessert i \u00e5 produsere, har hun helt sikkert noe \u00e5 komme med om du melder deg p\u00e5 kurs!<\/p>\n<p><script src=\"https:\/\/registration.checkin.no\/registration.loader.js\" data-event-id=\"213605\" async><\/script><\/p>\n","protected":false},"excerpt":{"rendered":"<p>Vi har b\u00e5de en-til-en og gruppekurs, med varighet p\u00e5 6-12 uker per semester. P\u00e5melding for alle kurs finner du her. Dette kurset vil gi oppl\u00e6ring i hvordan lage og produsere l\u00e5ter, fra \u00e5 tenke tekst, form, struktur, til innspilling og produksjon i form av effekter, prosessering og miksing. Enten du har litt erfaring fra f\u00f8r [&hellip;]<\/p>\n","protected":false},"author":7,"featured_media":2638,"parent":0,"menu_order":0,"comment_status":"closed","ping_status":"closed","template":"","meta":[],"_links":{"self":[{"href":"https:\/\/akks.no\/trondheim\/wp-json\/wp\/v2\/pages\/1642"}],"collection":[{"href":"https:\/\/akks.no\/trondheim\/wp-json\/wp\/v2\/pages"}],"about":[{"href":"https:\/\/akks.no\/trondheim\/wp-json\/wp\/v2\/types\/page"}],"author":[{"embeddable":true,"href":"https:\/\/akks.no\/trondheim\/wp-json\/wp\/v2\/users\/7"}],"replies":[{"embeddable":true,"href":"https:\/\/akks.no\/trondheim\/wp-json\/wp\/v2\/comments?post=1642"}],"version-history":[{"count":48,"href":"https:\/\/akks.no\/trondheim\/wp-json\/wp\/v2\/pages\/1642\/revisions"}],"predecessor-version":[{"id":2637,"href":"https:\/\/akks.no\/trondheim\/wp-json\/wp\/v2\/pages\/1642\/revisions\/2637"}],"wp:featuredmedia":[{"embeddable":true,"href":"https:\/\/akks.no\/trondheim\/wp-json\/wp\/v2\/media\/2638"}],"wp:attachment":[{"href":"https:\/\/akks.no\/trondheim\/wp-json\/wp\/v2\/media?parent=1642"}],"curies":[{"name":"wp","href":"https:\/\/api.w.org\/{rel}","templated":true}]}}