{"id":1269,"date":"2021-04-27T11:43:50","date_gmt":"2021-04-27T09:43:50","guid":{"rendered":"http:\/\/akks.no\/trondheim\/?page_id=1269"},"modified":"2025-10-06T13:51:03","modified_gmt":"2025-10-06T11:51:03","slug":"bandskole-junior","status":"publish","type":"page","link":"https:\/\/akks.no\/trondheim\/bandskole-junior\/","title":{"rendered":"Juniorbandskole sommer 2025"},"content":{"rendered":"<p><span style=\"font-weight: 400;\">AKKS Trondheim arrangerer bandskole for deg mellom 9 &#8211; 12 \u00e5r som har lyst til \u00e5 bli kjent med nye mennesker og l\u00e6re mer om musikk. Du trenger ingen forkunnskaper for \u00e5 v\u00e6re med. I l\u00f8pet av uken har vi band\u00f8vinger, ulike workshops og du blir kjent med andre musikkinteresserte. Vi avslutter med en konsert for venner og familie p\u00e5 Rockheim.<\/span><\/p>\n<p>Alle er velkomne, men vi oppfordrer spesielt jenter til \u00e5 bli med!<\/p>\n<p><span style=\"font-weight: 400;\">Bandskolen er like g\u00f8y b\u00e5de for helt nybegynnere og for de som kan spille fra f\u00f8r av. Vi har alt som trengs av utstyr, s\u00e5 du trenger ikke ha med eget instrument.<\/span><\/p>\n<p><span style=\"font-weight: 400;\">N\u00e5r: Mandag 23. &#8211; torsdag 26. juni kl 10 &#8211; 15, og konsert torsdag ettermiddag.<\/span><\/p>\n<p><span style=\"font-weight: 400;\">Hvor: Buranhus, AKKS Trondheim sine lokaler i Gamle Kongevei 30, 7068 Trondheim<\/span><\/p>\n<p><span style=\"font-weight: 400;\">Pris: Gratis for AKKS-medlemmer<\/span><\/p>\n<p><span style=\"font-weight: 400;\">Alle som deltar p\u00e5 bandskolen m\u00e5 v\u00e6re medlem i AKKS. Dette koster 50,-, da f\u00e5r dere ogs\u00e5 medlemspris p\u00e5 alle h\u00f8stens kurs!<\/span><\/p>\n<p>&nbsp;<\/p>\n<p><span style=\"font-weight: 400;\">&#8212;<\/span><\/p>\n<p>&nbsp;<\/p>\n<p><span style=\"font-weight: 400;\">Vi starter uken med \u00e5 bli kjent, f\u00f8r vi setter i gang instrumentkarusell. Her f\u00e5r alle pr\u00f8ve seg p\u00e5 gitar, bass, vokal og trommer. P\u00e5 slutten av dagen skriver dere en prioritert liste med hvilke instrumenter dere likte best.<\/span><\/p>\n<p><span style=\"font-weight: 400;\">Ut i fra \u00f8nskene deler vi gruppen inn i band og starter \u00e5 lage egne l\u00e5ter. V\u00e5re dyktige bandinstrukt\u00f8rer vil veilede og guide dere gjennom hele uken i b\u00e5de spilling, l\u00e5tskriving og samspill. Ikke minst blir du kjent med mange nye musikkinteresserte ungdommer! Vi gleder oss til en sosial og musikalsk uke!<\/span><\/p>\n<p>Kurset er st\u00f8ttet av BufDir.<\/p>\n<div class=\"cognito\">P\u00e5meldingsskjema finner du nedenfor.<\/div>\n<div><\/div>\n<div class=\"cognito\">Merk at du f\u00e5r bekreftet plass f\u00f8rst i starten av juni. Ved stor p\u00e5gang vil det v\u00e6re venteliste.<\/div>\n<div><\/div>\n<div>Har du sp\u00f8rsm\u00e5l? Send en e-post til: kurs.trondheim@akks.no<\/div>\n<div id=\"checkin_registration\"><\/div>\n<p><script src=\"https:\/\/registration.checkin.no\/registration.loader.js\" data-event-id=\"90825\" async><\/script><\/p>\n","protected":false},"excerpt":{"rendered":"<p>Start sommerferien med bandskole: Bli kjent med nye mennesker, pr\u00f8v ulike instrumenter, spill i band og lag egne l\u00e5ter!<\/p>\n","protected":false},"author":7,"featured_media":2196,"parent":0,"menu_order":0,"comment_status":"closed","ping_status":"closed","template":"","meta":[],"_links":{"self":[{"href":"https:\/\/akks.no\/trondheim\/wp-json\/wp\/v2\/pages\/1269"}],"collection":[{"href":"https:\/\/akks.no\/trondheim\/wp-json\/wp\/v2\/pages"}],"about":[{"href":"https:\/\/akks.no\/trondheim\/wp-json\/wp\/v2\/types\/page"}],"author":[{"embeddable":true,"href":"https:\/\/akks.no\/trondheim\/wp-json\/wp\/v2\/users\/7"}],"replies":[{"embeddable":true,"href":"https:\/\/akks.no\/trondheim\/wp-json\/wp\/v2\/comments?post=1269"}],"version-history":[{"count":27,"href":"https:\/\/akks.no\/trondheim\/wp-json\/wp\/v2\/pages\/1269\/revisions"}],"predecessor-version":[{"id":2508,"href":"https:\/\/akks.no\/trondheim\/wp-json\/wp\/v2\/pages\/1269\/revisions\/2508"}],"wp:featuredmedia":[{"embeddable":true,"href":"https:\/\/akks.no\/trondheim\/wp-json\/wp\/v2\/media\/2196"}],"wp:attachment":[{"href":"https:\/\/akks.no\/trondheim\/wp-json\/wp\/v2\/media?parent=1269"}],"curies":[{"name":"wp","href":"https:\/\/api.w.org\/{rel}","templated":true}]}}