{"id":126,"date":"2018-04-16T09:47:29","date_gmt":"2018-04-16T07:47:29","guid":{"rendered":"http:\/\/akks-no.staging.wordpress.idium.no\/trondheim\/?page_id=126"},"modified":"2025-09-22T14:23:26","modified_gmt":"2025-09-22T12:23:26","slug":"loud","status":"publish","type":"page","link":"https:\/\/akks.no\/trondheim\/loud\/","title":{"rendered":"Bandleiren LOUD! H\u00f8stferien"},"content":{"rendered":"<p><a href=\"https:\/\/akks.no\/trondheim\/bandcamp-loud-autumn-holidays\/?lang=en\">For English information, follow this link<\/a><\/p>\n<h3>P\u00e5melding er \u00e5pnet for neste \u00e5rs LOUD!<\/h3>\n<p>LOUD er en bandleir som arrangeres for jenter, ikke-bin\u00e6re og transpersoner i alderen 13-17 \u00e5r p\u00e5 dagtid i h\u00f8stferien p\u00e5 Buranhus. Leiren krever ingen forkunnskaper, og deltakerne blir veiledet av dyktige instrukt\u00f8rer fra musikklivet i Trondheim. I l\u00f8pet av uken har vi band\u00f8vinger, ulike workshops og du blir kjent med andre musikkinteresserte. Vi avslutter uken med en konsert for venner og familie.<\/p>\n<p><b>P\u00e5 LOUD leir vil du oppleve f\u00f8lgende:<\/b><\/p>\n<p>Leiren passer b\u00e5de for helt nybegynnere, og er ogs\u00e5 like g\u00f8y for de som kan spille fra f\u00f8r av. Vi har alt som trengs av utstyr, s\u00e5 du trenger ikke ha med eget instrument.<\/p>\n<p>Vi starter uken med \u00e5 bli kjent, f\u00f8r vi setter i gang instrumentkarusellen. Her f\u00e5r alle deltakerne pr\u00f8ve seg p\u00e5 gitar, bass, vokal og trommer. P\u00e5 slutten av dagen skriver deltakerne en prioritert liste med hvilke instrumenter de likte best.<\/p>\n<p>Ut i fra \u00f8nskene deler vi gruppen inn i band og starter \u00e5 lage egne l\u00e5ter. V\u00e5re dyktige bandinstrukt\u00f8rer vil veilede og guide dere gjennom hele uken i b\u00e5de spilleteknikk, l\u00e5tskriving og samspill. Bandleiren gir deg et dypdykk inn i musikkverdenen og du vil blant annet l\u00e6re \u00e5 spille ulike instrumenter, l\u00e6re om utstyr og \u00f8vingslokalet, l\u00e5tskriving, sceneformidling, musikkbransjen og hvordan spille i band. Og ikke minst blir du kjent med mange nye musikkinteresserte jenter! Vi gleder oss til en sosial og musikalsk uke!<\/p>\n<p>&nbsp;<\/p>\n<p><strong>Pris: 1100<\/strong>,- Inkluderer lunsj alle dager (forutsetter AKKS-medlemskap).\u00a0<b><br \/>\n<\/b><\/p>\n<p><strong><em>Vi har ogs\u00e5 AKKS-stipend, dvs. at du kan f\u00e5 helt eller delvis redusert kursavgift p\u00e5 alle v\u00e5re kurs.\u00a0<\/em><\/strong><\/p>\n<p><strong>Tid:\u00a0<\/strong>Uke 41. 6.-9. oktober<\/p>\n<p><strong>Sted:\u00a0<\/strong>Buranhus Musikksenter<\/p>\n<p>Kurset er st\u00f8ttet av Norsk musikkr\u00e5d Frifond<\/p>\n<p><em>Kort om LOUD:<\/em> LOUD er en bandworkshop som arrangeres over hele lander i regi av AKKS og JM Norway. LOUD er for jenter og ikke-bin\u00e6re mellom 11 og 17 \u00e5r. I l\u00f8pet av noen dager f\u00e5r deltakerne mulighet til \u00e5 spille i band, pr\u00f8ve seg p\u00e5 l\u00e5tskriving, teste ulike instrument, og treffe andre musikkinteresserte og danne nye vennskap. LOUD jobber for \u00e5 skape selvtillit, samhold og musikkinteresse. Leiren passer b\u00e5de for deltakere som har spilt f\u00f8r, og de som har lyst \u00e5 pr\u00f8ve seg p\u00e5 noe helt nytt! AKKS Trondheim arrangerer LOUD i h\u00f8stferien i 2025, men du har ogs\u00e5 mulighet til \u00e5 delta p\u00e5 sommerleir der ungdom fra hele landet deltar. Les mer om den nasjonale LOUD leiren <a href=\"http:\/\/www.loudcamp.com\/?fbclid=IwAR3uddFA1dK0G_kLaQuaZ3TAw9PVthKZ2h_O4utnSQzganMTfSUEAgtHz_8\">her.<\/a><\/p>\n<div><\/div>\n<div id=\"checkin_registration\"><\/div>\n<p><script src=\"https:\/\/registration.checkin.no\/registration.loader.js\" data-event-id=\"85911\" async><\/script><\/p>\n","protected":false},"excerpt":{"rendered":"<p>Bruk h\u00f8stferien til \u00e5 bli kjent med nye mennesker, pr\u00f8ve ulike instrumenter, spille i band og lage egne l\u00e5ter!<\/p>\n","protected":false},"author":7,"featured_media":2102,"parent":0,"menu_order":0,"comment_status":"closed","ping_status":"closed","template":"","meta":[],"_links":{"self":[{"href":"https:\/\/akks.no\/trondheim\/wp-json\/wp\/v2\/pages\/126"}],"collection":[{"href":"https:\/\/akks.no\/trondheim\/wp-json\/wp\/v2\/pages"}],"about":[{"href":"https:\/\/akks.no\/trondheim\/wp-json\/wp\/v2\/types\/page"}],"author":[{"embeddable":true,"href":"https:\/\/akks.no\/trondheim\/wp-json\/wp\/v2\/users\/7"}],"replies":[{"embeddable":true,"href":"https:\/\/akks.no\/trondheim\/wp-json\/wp\/v2\/comments?post=126"}],"version-history":[{"count":48,"href":"https:\/\/akks.no\/trondheim\/wp-json\/wp\/v2\/pages\/126\/revisions"}],"predecessor-version":[{"id":2498,"href":"https:\/\/akks.no\/trondheim\/wp-json\/wp\/v2\/pages\/126\/revisions\/2498"}],"wp:featuredmedia":[{"embeddable":true,"href":"https:\/\/akks.no\/trondheim\/wp-json\/wp\/v2\/media\/2102"}],"wp:attachment":[{"href":"https:\/\/akks.no\/trondheim\/wp-json\/wp\/v2\/media?parent=126"}],"curies":[{"name":"wp","href":"https:\/\/api.w.org\/{rel}","templated":true}]}}