{"id":482,"date":"2019-05-23T12:04:25","date_gmt":"2019-05-23T10:04:25","guid":{"rendered":"http:\/\/akks-no.staging.wordpress.idium.no\/stavanger\/?page_id=482"},"modified":"2026-02-11T11:12:52","modified_gmt":"2026-02-11T10:12:52","slug":"kontakt","status":"publish","type":"page","link":"https:\/\/akks.no\/stavanger\/om-oss\/kontakt\/","title":{"rendered":"Kontakt"},"content":{"rendered":"<h3><strong>TELEFON<\/strong><\/h3>\n<p>Ring 55 70 53 56 for \u00e5 n\u00e5 oss p\u00e5 telefon. V\u00e5r telefontid er man-fre kl 12-18.<\/p>\n<h3><strong>E-POST<\/strong><\/h3>\n<p>Ta kontakt p\u00e5 den e-posten som passer henvendelsen din best<\/p>\n<p>Hovedkontor: <a href=\"mailto:stavanger@akks.no\" data-event-category=\"Henvendelser (mailto)\" data-event-action=\"Klikk p\u00e5 mailtolenker\" data-event-label=\"https:\/\/akks.no\/stavanger\/om-oss\/kontakt\">stavanger@akks.no<\/a><br \/>\nArrangement (bingo, konserter, medlemskvelder): <a href=\"mailto:stavanger@uflakks.no\" data-event-category=\"Henvendelser (mailto)\" data-event-action=\"Klikk p\u00e5 mailtolenker\" data-event-label=\"https:\/\/akks.no\/stavanger\/om-oss\/kontakt\">stavanger@uflakks.no<\/a><br \/>\nUFLAKKS ungdomsarrang\u00f8rgruppe: <a href=\"mailto:stavanger@uflakks.no\" data-event-category=\"Henvendelser (mailto)\" data-event-action=\"Klikk p\u00e5 mailtolenker\" data-event-label=\"https:\/\/akks.no\/stavanger\/om-oss\/kontakt\">stavanger@uflakks.no<\/a><br \/>\nKurs og workshops: <a href=\"mailto:kurs@stavanger.akks.no\" data-event-category=\"Henvendelser (mailto)\" data-event-action=\"Klikk p\u00e5 mailtolenker\" data-event-label=\"https:\/\/akks.no\/stavanger\/om-oss\/kontakt\">kurs.<\/a><a href=\"mailto:kurs.stavanger@akks.no\" data-event-category=\"Henvendelser (mailto)\" data-event-action=\"Klikk p\u00e5 mailtolenker\" data-event-label=\"https:\/\/akks.no\/stavanger\/om-oss\/kontakt\">stavanger<\/a><a href=\"mailto:kurs.stavanger@akks.no\" data-event-category=\"Henvendelser (mailto)\" data-event-action=\"Klikk p\u00e5 mailtolenker\" data-event-label=\"https:\/\/akks.no\/stavanger\/om-oss\/kontakt\">@akks.no<\/a><br \/>\n\u00c5pne m\u00f8teplasser for ungdom: <a href=\"mailto:kurs@stavanger.akks.no\" data-event-category=\"Henvendelser (mailto)\" data-event-action=\"Klikk p\u00e5 mailtolenker\" data-event-label=\"https:\/\/akks.no\/stavanger\/om-oss\/kontakt\">kurs.<\/a><a href=\"mailto:kurs@stavanger.akks.no\" data-event-category=\"Henvendelser (mailto)\" data-event-action=\"Klikk p\u00e5 mailtolenker\" data-event-label=\"https:\/\/akks.no\/stavanger\/om-oss\/kontakt\">stavanger<\/a><a href=\"mailto:kurs.stavanger@akks.no\" data-event-category=\"Henvendelser (mailto)\" data-event-action=\"Klikk p\u00e5 mailtolenker\" data-event-label=\"https:\/\/akks.no\/stavanger\/om-oss\/kontakt\">@akks.no<\/a><br \/>\n\u00d8vingslokaler: <a href=\"mailto:ovingslokale.stavanger@akks.no\" data-event-category=\"Henvendelser (mailto)\" data-event-action=\"Klikk p\u00e5 mailtolenker\" data-event-label=\"https:\/\/akks.no\/stavanger\/om-oss\/kontakt\">oving.<\/a><a href=\"mailto:ovingslokale.stavanger@akks.no\" data-event-category=\"Henvendelser (mailto)\" data-event-action=\"Klikk p\u00e5 mailtolenker\" data-event-label=\"https:\/\/akks.no\/stavanger\/om-oss\/kontakt\">stavanger<\/a><a href=\"mailto:oving.stavanger@akks.no\" data-event-category=\"Henvendelser (mailto)\" data-event-action=\"Klikk p\u00e5 mailtolenker\" data-event-label=\"https:\/\/akks.no\/stavanger\/om-oss\/kontakt\">@akks.no<\/a><\/p>\n<h3><strong>BES\u00d8KSADRESSE OG KURSLOKALER<\/strong><\/h3>\n<p>Metropolis Ungdomskulturhus, Arne Rettedals gate 12, 4005 Stavanger<\/p>\n<p>\u00d8vingslokale Tou: Kvits\u00f8ygata 25, 4014 Stavanger<\/p>\n<h3><strong>ADMINISTRASJON<\/strong><\/h3>\n<p><strong>Ida Louise Collett<\/strong><br \/>\nDaglig leder<br \/>\n<a href=\"mailto:stavanger@akks.no\">stavanger@akks.no<\/a><\/p>\n<p><strong>Janne Gripsrud<\/strong><br \/>\nArrangement og \u00e5pne m\u00f8teplasser<br \/>\n<a href=\"mailto:stavanger@uflakks.no\">stavanger@uflakks.no<\/a><\/p>\n<p><strong>Sandra Valk<\/strong><br \/>\nKurs og \u00d8vingslokale<br \/>\n<a href=\"mailto:teknisk.stavanger@akks.no\">kurs.<\/a><a href=\"mailto:teknisk.stavanger@akks.no\">stavanger<\/a><a href=\"mailto:teknisk.stavanger@akks.no\">@akks.no<\/a>, <a href=\"mailto:oving.stavanger@akks.no\">oving.stavanger@akks.no<\/a><\/p>\n<p><strong>Stella Barrett\u00a0<\/strong><b>Brache<\/b><br \/>\nMarkedsf\u00f8rings ansvarlig<br \/>\n<a href=\"mailto:teknisk.stavanger@akks.no\">markedsforing.<\/a><a href=\"mailto:teknisk.stavanger@akks.no\">stavanger<\/a><a href=\"mailto:teknisk.stavanger@akks.no\">@akks.no<\/a><\/p>\n<h3><strong>INSTRUKT\u00d8RER<\/strong><\/h3>\n<p><strong>Eduardo Scaramuzza<\/strong><br \/>\nTrommer og musikkproduksjon<\/p>\n<p><strong>Ragnhild Nag<\/strong><br \/>\nKeyboard<\/p>\n<p><strong>Anna Klungre<\/strong><br \/>\nVokal og musikkproduksjon<\/p>\n<p><strong>Sebastian \u201cDJ Pett\u00f8\u201d Tarantino<\/strong><br \/>\nDJ-instrukt\u00f8r<\/p>\n<p><strong>Harald Harestad<\/strong><br \/>\nGitar og band<\/p>\n<p><strong>Emilie Eie<\/strong><br \/>\nBand og ukulele<\/p>\n<p><strong>Camilla Gram Floor<\/strong><br \/>\nBass<\/p>\n<h3><strong>STYREMEDLEMMER<\/strong><\/h3>\n<p><strong>Eirin Sandstad<\/strong><br \/>\nStyreleder<\/p>\n<p><strong>Frederico Alves<\/strong><br \/>\nNestleder<\/p>\n<p><strong>Emilie Eie<\/strong><br \/>\nStyremedlem<\/p>\n<p><strong>Maria Lea Botnehagen<\/strong><br \/>\nStyremedlem<\/p>\n<p><strong>Bj\u00f8rg Helen Handeland<\/strong><br \/>\nStyremedlem<\/p>\n<p><strong>Snorre Log Skage<\/strong><br \/>\nStyremedlem<\/p>\n<p>&nbsp;<\/p>\n","protected":false},"excerpt":{"rendered":"<p>TELEFON Ring 55 70 53 56 for \u00e5 n\u00e5 oss p\u00e5 telefon. V\u00e5r telefontid er man-fre kl 12-18. E-POST Ta kontakt p\u00e5 den e-posten som passer henvendelsen din best Hovedkontor: stavanger@akks.no Arrangement (bingo, konserter, medlemskvelder): stavanger@uflakks.no UFLAKKS ungdomsarrang\u00f8rgruppe: stavanger@uflakks.no Kurs og workshops: kurs.stavanger@akks.no \u00c5pne m\u00f8teplasser for ungdom: kurs.stavanger@akks.no \u00d8vingslokaler: oving.stavanger@akks.no BES\u00d8KSADRESSE OG KURSLOKALER Metropolis Ungdomskulturhus, [&hellip;]<\/p>\n","protected":false},"author":10,"featured_media":0,"parent":39,"menu_order":20,"comment_status":"closed","ping_status":"closed","template":"","meta":[],"_links":{"self":[{"href":"https:\/\/akks.no\/stavanger\/wp-json\/wp\/v2\/pages\/482"}],"collection":[{"href":"https:\/\/akks.no\/stavanger\/wp-json\/wp\/v2\/pages"}],"about":[{"href":"https:\/\/akks.no\/stavanger\/wp-json\/wp\/v2\/types\/page"}],"author":[{"embeddable":true,"href":"https:\/\/akks.no\/stavanger\/wp-json\/wp\/v2\/users\/10"}],"replies":[{"embeddable":true,"href":"https:\/\/akks.no\/stavanger\/wp-json\/wp\/v2\/comments?post=482"}],"version-history":[{"count":23,"href":"https:\/\/akks.no\/stavanger\/wp-json\/wp\/v2\/pages\/482\/revisions"}],"predecessor-version":[{"id":1917,"href":"https:\/\/akks.no\/stavanger\/wp-json\/wp\/v2\/pages\/482\/revisions\/1917"}],"up":[{"embeddable":true,"href":"https:\/\/akks.no\/stavanger\/wp-json\/wp\/v2\/pages\/39"}],"wp:attachment":[{"href":"https:\/\/akks.no\/stavanger\/wp-json\/wp\/v2\/media?parent=482"}],"curies":[{"name":"wp","href":"https:\/\/api.w.org\/{rel}","templated":true}]}}