{"id":480,"date":"2019-05-23T12:03:49","date_gmt":"2019-05-23T10:03:49","guid":{"rendered":"http:\/\/akks-no.staging.wordpress.idium.no\/stavanger\/?page_id=480"},"modified":"2020-10-30T09:40:28","modified_gmt":"2020-10-30T08:40:28","slug":"medlemsfordeler","status":"publish","type":"page","link":"https:\/\/akks.no\/stavanger\/om-oss\/medlemsfordeler\/","title":{"rendered":"Medlemsfordeler"},"content":{"rendered":"<p><strong>AKKS Kurs til medlemspris<\/strong>: 1900,-<\/p>\n<p><strong>\u00d8vingslokaleleie hos AKKS<\/strong> til 80\/100,- \/ timen<\/p>\n<p><strong>Rabattert eller gratis inngang p\u00e5 AKKS og UFLAKKSarrangement<\/strong>\u00a0(les mer om UFLAKKS, arrang\u00f8rgruppen som lager rusfrie U18-konserter av og for ungdom: <a href=\"https:\/\/www.facebook.com\/UFLAKKSStavanger\/\">https:\/\/www.facebook.com\/UFLAKKSStavanger\/<\/a>)<\/p>\n<p><strong>10% rabatt p\u00e5 4Sound Stavanger rekvisita<\/strong><\/p>\n<p><strong>16% rabatt p\u00e5 Gitarhuset.no<\/strong><\/p>\n<p><strong>Medlemspris p\u00e5 Band Merch<\/strong> produksjon hos Daniel Engen Productions (www.danielengenproductions.no)<\/p>\n<p><strong>L\u00f8nn for \u00f8ving<\/strong> gjennom Rogaland Musikkr\u00e5d Voksen Oppl\u00e6ring (<a href=\"http:\/\/www.musikk.no\/rogaland\/vo\/\">http:\/\/www.musikk.no\/rogaland\/vo\/<\/a>)<\/p>\n<p><b>Muligheten til \u00e5 s\u00f8ke Frifondst\u00f8tte: <\/b>som bandlag med 1\/3 antall medlemmer under 26 \u00e5r kan band s\u00f8ke opptil 50,000 i st\u00f8tte til aktivitet, utstyr, innspilling, trykkeri, merch osv.\u00a0 S\u00f8knaden legges ut i august hvert \u00e5r og band kan s\u00f8ke opptil 50,000 i st\u00f8tte til aktivitet, utstyr, innspilling, trykkeri, merch osv.<\/p>\n<p><strong>Avis Bilutleie:<\/strong>\u00a015%\u00a0rabatt p\u00e5 Avis\u2019 ordin\u00e6re priser (gjelder personbiler og varebiler). Bestiller du inntil 5 dager eller f\u00f8r \u2013 minimum to dagersleie \u2013 sparer du 15% i tillegg til medlemsrabatten.\u00a0<a href=\"http:\/\/www.avis.no\/\">www.avis.no<\/a>\/\u00a0tlf: 815 33 044 \/ faks: 66 77 11 30 \/\u00a0<a href=\"mailto:res@avis.no\">res@avis.no<\/a><\/p>\n<p><strong>Service partner:<\/strong>\u00a030% p\u00e5 reparasjoner, 15% p\u00e5 varesortimentet til Norsk Musikk Distribusjon Kontaktinfo: Str\u00f8msveien 177 \/ tlf. 22 88 17 90\u00a0<a href=\"http:\/\/www.nmsp.no\/\">www.nmsp.no<\/a>\u00a0\/\u00a0<a href=\"mailto:mail@nmsp.no\">mail@nmsp.no<\/a><\/p>\n<p><strong>Gitarmaker Terje Vester\u00f8y:<\/strong>\u00a020% p\u00e5 alt unntatt instrumentbygging (f.eks.\u00a0reparasjoner og justeringer p\u00e5 gitarer og basser) Kontaktinfo: Maridalsvn.3 \/\u00a0<a href=\"https:\/\/www.facebook.com\/Gitarmaker-Terje-Vester%C3%B8y-256030934418312\" target=\"_blank\" rel=\"noopener noreferrer\">Gitarmaker Terje Vester\u00f8y p\u00e5 Facebook\u00a0<\/a>\/ tlf. 988 60 013 \/\u00a0<a href=\"mailto:gitarmaker.vesteroy@gmail.com\">gitarmaker.vesteroy@gmail.com<\/a><\/p>\n<p><strong>Tiger:<\/strong>\u00a010 % p\u00e5 alt, unntatt billetter. Kontaktinfo: Hammersborggata 18 \/ tlf. 22 20 14 41\u00a0<a href=\"http:\/\/tigernet.no\/\">tigernet.no<\/a>\u00a0\/\u00a0<a href=\"mailto:tiger@tigernet.no\">tiger@tigernet.no<\/a><\/p>\n<p><strong>Oslo digitaltrykk:<\/strong>\u00a015% p\u00e5 trykking av plakat, flyere, osv. Kontaktinfo: R\u00e5dhusgata 5B \/ tlf. 22 42 33 77\u00a0<a href=\"http:\/\/oslodigitaltrykk.no\/\">oslodigitaltrykk.no<\/a>\u00a0\/\u00a0<a href=\"mailto:post@oslodigitaltrykk.no\">post@oslodigitaltrykk.no<\/a><\/p>\n<p><strong>Transgressive House:<\/strong>\u00a0\u00a010% p\u00e5 trykking av t-skjorter med en farges trykk. Kontaktinfo:\u00a0<a href=\"mailto:transprod@gmail.com\">transprod@gmail.com<\/a>\u00a0\/ Transgressive House p\u00e5 Facebook<\/p>\n<p><strong>H\u00f8rselslaben:<\/strong>\u00a0St\u00f8pte \u00f8repropper til kr\u00a0<span class=\"s1\">1112,50 ink moms\u00a0<\/span>(ikke inkl avtrykk. Avtrykk gj\u00f8res hos valgfritt firma og sendes i posten) og\u00a015 % rabatt p\u00e5 monitorsett inkludert formst\u00f8pte propper fra Shure og Sennheiser \/ tlf. 74 82 83 80 \/\u00a0<a href=\"http:\/\/www.horselslaben.no\/\">horselslaben.no<\/a>\u00a0\/\u00a0<a href=\"mailto:firmapost@horselslaben.no\">firmapost@horselslaben.no<\/a><\/p>\n<p><strong>Kulturfordel &#8211; musikklivets eget fordelsprogram!<\/strong><\/p>\n<ul>\n<li>\u00a0Gratis instrumentfrakt hos\u00a0<a href=\"https:\/\/www.sas.no\/\" target=\"_blank\" rel=\"noopener noreferrer\">SAS<\/a><\/li>\n<li>20% rabatt p\u00e5 leiebil hos\u00a0<a href=\"http:\/\/www.europcar.no\/\" target=\"_blank\" rel=\"noopener noreferrer\">Europcar<\/a><\/li>\n<li>\u00a0Rabatt p\u00e5 hotell- og m\u00f8terom hos\u00a0<a href=\"https:\/\/www.nordicchoicehotels.no\/\" target=\"_blank\" rel=\"noopener noreferrer\">Nordic Choice Hotels<\/a><\/li>\n<li>10-15% rabatt p\u00e5 formst\u00f8pte \u00f8repropper hos\u00a0<a href=\"http:\/\/www.hantek.no\/\" target=\"_blank\" rel=\"noopener noreferrer\">Hantek audio<\/a><\/li>\n<li>\u00a0Inntil 25% rabatt p\u00e5\u00a0<a href=\"http:\/\/profildesign.no\/\" target=\"_blank\" rel=\"noopener noreferrer\">Profildesign Norge AS<\/a><\/li>\n<li>\u00a015% rabatt p\u00e5 regnskapsprogrammet\u00a0<a href=\"https:\/\/fiken.no\/\">Fiken<\/a><\/li>\n<\/ul>\n<p><a href=\"http:\/\/www.musikk.no\/kulturfordel\">Kulturfordel<\/a>\u00a0har en egen app (tilgjengelig hos Appstore og GooglePlay) som gir deg fullstendig oversikt. Ta kontakt med oss p\u00e5\u00a0<a href=\"mailto:bergen@akks.no\">stavanger@akks.no<\/a>\u00a0for \u00e5 f\u00e5 brukernavn og passord for tilgang gjennom ditt medlemskap.<\/p>\n<p>Kulturfordel sin Facebookside finner du\u00a0<a href=\"https:\/\/www.facebook.com\/kulturfordel\/?fref=ts\">her<\/a><\/p>\n<p>Kulturfordel sin nettside finner du\u00a0<a href=\"http:\/\/www.musikk.no\/kulturfordel\">her<\/a><\/p>\n<p>Er du ikke medlem?\u00a0Medlemskap hos AKKS koster kr 50 per kalenderr\u00e5r uavhengig alder! Vi er idealitsike og s\u00f8ker mange lokale og nasjonale st\u00f8tteordninger basert p\u00e5 medlemstall.<\/p>\n","protected":false},"excerpt":{"rendered":"<p>AKKS Kurs til medlemspris: 1900,- \u00d8vingslokaleleie hos AKKS til 80\/100,- \/ timen Rabattert eller gratis inngang p\u00e5 AKKS og UFLAKKSarrangement\u00a0(les mer om UFLAKKS, arrang\u00f8rgruppen som lager rusfrie U18-konserter av og for ungdom: https:\/\/www.facebook.com\/UFLAKKSStavanger\/) 10% rabatt p\u00e5 4Sound Stavanger rekvisita 16% rabatt p\u00e5 Gitarhuset.no Medlemspris p\u00e5 Band Merch produksjon hos Daniel Engen Productions (www.danielengenproductions.no) L\u00f8nn for [&hellip;]<\/p>\n","protected":false},"author":10,"featured_media":0,"parent":39,"menu_order":21,"comment_status":"closed","ping_status":"closed","template":"","meta":[],"_links":{"self":[{"href":"https:\/\/akks.no\/stavanger\/wp-json\/wp\/v2\/pages\/480"}],"collection":[{"href":"https:\/\/akks.no\/stavanger\/wp-json\/wp\/v2\/pages"}],"about":[{"href":"https:\/\/akks.no\/stavanger\/wp-json\/wp\/v2\/types\/page"}],"author":[{"embeddable":true,"href":"https:\/\/akks.no\/stavanger\/wp-json\/wp\/v2\/users\/10"}],"replies":[{"embeddable":true,"href":"https:\/\/akks.no\/stavanger\/wp-json\/wp\/v2\/comments?post=480"}],"version-history":[{"count":4,"href":"https:\/\/akks.no\/stavanger\/wp-json\/wp\/v2\/pages\/480\/revisions"}],"predecessor-version":[{"id":860,"href":"https:\/\/akks.no\/stavanger\/wp-json\/wp\/v2\/pages\/480\/revisions\/860"}],"up":[{"embeddable":true,"href":"https:\/\/akks.no\/stavanger\/wp-json\/wp\/v2\/pages\/39"}],"wp:attachment":[{"href":"https:\/\/akks.no\/stavanger\/wp-json\/wp\/v2\/media?parent=480"}],"curies":[{"name":"wp","href":"https:\/\/api.w.org\/{rel}","templated":true}]}}