{"id":39,"date":"2017-10-06T14:57:27","date_gmt":"2017-10-06T12:57:27","guid":{"rendered":"http:\/\/akks-no.staging.wordpress.idium.no\/oslo\/?page_id=39"},"modified":"2026-03-10T14:50:37","modified_gmt":"2026-03-10T13:50:37","slug":"om-oss","status":"publish","type":"page","link":"https:\/\/akks.no\/stavanger\/om-oss\/","title":{"rendered":"Om oss"},"content":{"rendered":"<p>Vi holder til p\u00e5 ungdomens kulturhus, Metropolis, midt i hjertet av Stavanger. Vi driver 4 \u00f8vings- og kurslokaler, to p\u00e5 Metropolis og to p\u00e5 Tou Lyd; som kan leies p\u00e5 drop-in og fast basis. AKKS Stavanger tilbyr instrumentkurs, produksjons, DJ- og bandkurs, musikkworkshops, og er arrang\u00f8r av konserter og medlemskvelder. Vi har ungdomsarrang\u00f8rgruppen UFLAKKS Stavanger- som bidrar til \u00e5 gi ungdom en arena for oppl\u00e6ring i alt som skal til for konsertarrangering og et innblikk i, og kontakter i norsk musikkliv. Gruppen arrangerer rusfrie konserter med noen av Norges st\u00f8rste og up-and-coming artister med lokale band og artister som support. Vi har gratisplasser til alle under 26 \u00e5r, har en \u00e5pen m\u00f8teplass med gratis mat og aktiviteter for ungdom mellom 14 og 25 \u00e5r, og arrangerer Musikkbingo og \u00c5pen Scene en gang i m\u00e5neden.<\/p>\n<p>Vi jobber med b\u00e5de voksne, ungdom og barn av alle kj\u00f8nn, og er spesielt interesserte i \u00e5 f\u00e5 et st\u00f8rre mangfold inn i alle aspekter av musikkindustrien, b\u00e5de p\u00e5 og av scenen.<\/p>\n<p>AKKS Stavanger ble stiftet i 1996 og jobber i samarbeid med Folken, Metropolis, Ungdom og Fritid, TOU, STAR Rogaland, Metropolis, Mablis, Musikkfest Stavanger, Fiskepiren, S\u00f8lvberget med flere.<\/p>\n<p>Vi er idealistiske og er avhengige av god st\u00f8tte fra: Stavanger Kommune Ungdom og Fritid, Rogaland Musikkr\u00e5d og Rogaland Fylkeskommune, Landsr\u00e5det for Noregs barne- og ungdomsorganisasjonar (LNU), Barne-, ungdoms- og familiedirektoratet (BUFDIR), Norsk Kulturr\u00e5d, Norsk Musikkr\u00e5d, og FriFond Organisasjon. Vi s\u00f8ker ogs\u00e5 prosjektst\u00f8tte og har gode st\u00f8ttespillere som Sparebankstiftelsen SR-Bank, NKA m.fl som gj\u00f8r at vi kan ha gratis tilgang for ungdom under 26 \u00e5r p\u00e5 alle v\u00e5re tilbud og aktiviteter.<\/p>\n<p>Vi jobber for \u00e5 kunne tilby oppl\u00e6ring av h\u00f8y kvalitet med profesjonelle musikere og musikkopplevelser til en overkommelig pris for alle.<\/p>\n","protected":false},"excerpt":{"rendered":"<p>AKKS Stavanger er regionens idealistiske musikkorganisasjon med fokus p\u00e5 mangfold og likestilling i musikkfeltet gjennom \u00e5 tilby kurs, \u00f8vingslokaler, arrangere konserter og workshops, og tilby et bredt og spennende nettverk i \u00f8vrige musikknorge.<\/p>\n","protected":false},"author":1,"featured_media":358,"parent":0,"menu_order":28,"comment_status":"closed","ping_status":"closed","template":"","meta":[],"_links":{"self":[{"href":"https:\/\/akks.no\/stavanger\/wp-json\/wp\/v2\/pages\/39"}],"collection":[{"href":"https:\/\/akks.no\/stavanger\/wp-json\/wp\/v2\/pages"}],"about":[{"href":"https:\/\/akks.no\/stavanger\/wp-json\/wp\/v2\/types\/page"}],"author":[{"embeddable":true,"href":"https:\/\/akks.no\/stavanger\/wp-json\/wp\/v2\/users\/1"}],"replies":[{"embeddable":true,"href":"https:\/\/akks.no\/stavanger\/wp-json\/wp\/v2\/comments?post=39"}],"version-history":[{"count":7,"href":"https:\/\/akks.no\/stavanger\/wp-json\/wp\/v2\/pages\/39\/revisions"}],"predecessor-version":[{"id":1934,"href":"https:\/\/akks.no\/stavanger\/wp-json\/wp\/v2\/pages\/39\/revisions\/1934"}],"wp:featuredmedia":[{"embeddable":true,"href":"https:\/\/akks.no\/stavanger\/wp-json\/wp\/v2\/media\/358"}],"wp:attachment":[{"href":"https:\/\/akks.no\/stavanger\/wp-json\/wp\/v2\/media?parent=39"}],"curies":[{"name":"wp","href":"https:\/\/api.w.org\/{rel}","templated":true}]}}