{"id":37,"date":"2017-10-06T14:56:31","date_gmt":"2017-10-06T12:56:31","guid":{"rendered":"http:\/\/akks-no.staging.wordpress.idium.no\/oslo\/?page_id=37"},"modified":"2025-10-15T13:31:07","modified_gmt":"2025-10-15T11:31:07","slug":"prosjekter","status":"publish","type":"page","link":"https:\/\/akks.no\/stavanger\/prosjekter\/","title":{"rendered":"Prosjekter: UFLAKKS, \u00c5pne M\u00f8teplasser, Spotlight og LOUD!"},"content":{"rendered":"<p><strong>UFLAKKS Stavanger<\/strong><\/p>\n<p>UFLAKKS er en arrang\u00f8rgruppe som best\u00e5r av en rekke ungdom mellom 14 og 20 \u00e5r. De arrangerer rusfrie U-18- og fri-alder konserter i samarbeid med profesjonelle akt\u00f8rer b\u00e5de lokalt og nasjonalt. Vi har blant annet hatt konserter med Cezinando, Sl\u00f8tface, Arif, og Kvelertak, og allerede i 2019 hatt over 1000 ungdommer p\u00e5 noen av Stavanger&#8217;s fineste konserthus til profesjonelle, inspirerende og magiske konsertopplevelser.<\/p>\n<p>Vil du bli med i gruppa? Send mail til stavanger@uflakks.no &lt;3<\/p>\n<p><img loading=\"lazy\" class=\"alignnone size-large wp-image-715\" src=\"http:\/\/akks.no\/stavanger\/files\/2019\/10\/uflakks-sommerfest-1024x684.jpg\" alt=\"\" width=\"1024\" height=\"684\" srcset=\"https:\/\/akks.no\/stavanger\/files\/2019\/10\/uflakks-sommerfest-1024x684.jpg 1024w, https:\/\/akks.no\/stavanger\/files\/2019\/10\/uflakks-sommerfest-300x200.jpg 300w, https:\/\/akks.no\/stavanger\/files\/2019\/10\/uflakks-sommerfest-768x513.jpg 768w, https:\/\/akks.no\/stavanger\/files\/2019\/10\/uflakks-sommerfest-720x480.jpg 720w, https:\/\/akks.no\/stavanger\/files\/2019\/10\/uflakks-sommerfest-600x401.jpg 600w, https:\/\/akks.no\/stavanger\/files\/2019\/10\/uflakks-sommerfest.jpg 1600w\" sizes=\"(max-width: 1024px) 100vw, 1024px\" \/><\/p>\n<p><strong>Mer om UFLAKKS:\u00a0<\/strong><\/p>\n<p>UFLAKKS er en konsertserie av og for ungdommer. I dag best\u00e5r ungdomsarrang\u00f8ren av 20 medlemmer i alderen 14-20 \u00e5r, som aktivt leter etter ny, spennende musikk og arrangerer rusfrie konserter med fri, eller U-18 aldersgrense.<\/p>\n<p>M\u00e5let med UFLAKKS er \u00e5 l\u00e6re ungdom hvordan man arrangerer konserter, \u00f8ke konserttilbudet i Stavanger for ungdom og l\u00f8fte fram unge og lovende lokale band.\u00a0Vil du ogs\u00e5 arrangere konserter? Eller \u00f8nsker du \u00e5 spille p\u00e5 UFLAKKS? Ta kontakt med oss p\u00e5 epost,\u00a0<a href=\"mailto:stavanger@uflakks.no\" data-event-category=\"Henvendelser (mailto)\" data-event-action=\"Klikk p\u00e5 mailtolenker\" data-event-label=\"https:\/\/akks.no\/bergen\/konserter\/uflakks\">stavanger@uflakks.no<\/a>, og f\u00f8lg oss p\u00e5\u00a0<a href=\"https:\/\/www.facebook.com\/UFLAKKSStavanger\/\">Facebook<\/a>\u00a0og\u00a0<a href=\"https:\/\/instagram.com\/uflakksstavanger\/\">Instagram<\/a> for oppdateringer.<\/p>\n<div class=\"page\" title=\"Page 6\">\n<div class=\"section\">\n<div class=\"layoutArea\">\n<div class=\"column\">\n<p>UFLAKKS Stavanger er st\u00f8ttet av Kulturr\u00e5det, Frifond og Stavanger Kommune<\/p>\n<p><strong>\u00c5PNE M\u00d8TEPLASSER<\/strong><\/p>\n<p><img loading=\"lazy\" class=\"aligncenter size-large wp-image-862\" src=\"http:\/\/akks.no\/stavanger\/files\/2020\/11\/Snakks_logo-bilde-1024x525.png\" alt=\"\" width=\"1024\" height=\"525\" srcset=\"https:\/\/akks.no\/stavanger\/files\/2020\/11\/Snakks_logo-bilde-1024x525.png 1024w, https:\/\/akks.no\/stavanger\/files\/2020\/11\/Snakks_logo-bilde-300x154.png 300w, https:\/\/akks.no\/stavanger\/files\/2020\/11\/Snakks_logo-bilde-768x394.png 768w, https:\/\/akks.no\/stavanger\/files\/2020\/11\/Snakks_logo-bilde-600x308.png 600w, https:\/\/akks.no\/stavanger\/files\/2020\/11\/Snakks_logo-bilde.png 1404w\" sizes=\"(max-width: 1024px) 100vw, 1024px\" \/><\/p>\n<p><strong>AKKS Stavanger <\/strong>har faste \u00e5pne m\u00f8teplasser for ungdom mellom 14 og 20 \u00e5r. Hver torsdag mellom 14 og 18 kan de som vil ha et sted \u00e5 henge etter skolen komme p\u00e5 Metropolis, f\u00e5 gratis ettermiddagssnacks, m\u00f8te nye folk og holde p\u00e5 med g\u00f8ye aktiviteter. Vi arrangerer diverse korte introduksjonsworkshops i for eksempel l\u00e5tskriving, produksjon, instrumenter, band, hvordan markedsf\u00f8re seg som artist, hvordan arrangere konserter, hvordan bruke teknisk utstyr p\u00e5 et \u00f8vingslokale, DJing og mye mer. \u00d8nsker du at vi skal lage en gratis aktivitet snart?? Send oss mail p\u00e5 <a href=\"mailto:kurs@stavanger.akks.no\">kurs@stavanger.akks.no<\/a>. Opplegget er gratis og man trenger ikke melde seg p\u00e5.<\/p>\n<p>V\u00e5re \u00c5pne M\u00f8teplasser er st\u00f8ttet av Sparebankstiftelsen SR-Bank, Bufdir og Stavanger Kommune<\/p>\n<\/div>\n<p><strong>LOUD! jentenes bandleir<\/strong><\/p>\n<p><img loading=\"lazy\" class=\"alignnone size-large wp-image-716\" src=\"http:\/\/akks.no\/stavanger\/files\/2019\/10\/a_DSC3451-1024x680.jpg\" alt=\"\" width=\"1024\" height=\"680\" srcset=\"https:\/\/akks.no\/stavanger\/files\/2019\/10\/a_DSC3451-1024x680.jpg 1024w, https:\/\/akks.no\/stavanger\/files\/2019\/10\/a_DSC3451-300x199.jpg 300w, https:\/\/akks.no\/stavanger\/files\/2019\/10\/a_DSC3451-768x510.jpg 768w, https:\/\/akks.no\/stavanger\/files\/2019\/10\/a_DSC3451-600x399.jpg 600w\" sizes=\"(max-width: 1024px) 100vw, 1024px\" \/><\/p>\n<p>LOUD! er et prosjekt som best\u00e5r av sommer, h\u00f8st og vinterferie-leirer for jenter, transpersoner og andre underrepresenterte kj\u00f8nn. Med et normkritisk blikk til kj\u00f8nn og musikk og gjennom fokus p\u00e5 l\u00e5tskriving, band\u00f8velser, konserter og nye vennskap, jobber vi for \u00e5 skape selvtillit, samhold og musikkinteresse. Leirene passer b\u00e5de for deltakere som har spilt f\u00f8r, og de som har lyst \u00e5 pr\u00f8ve seg p\u00e5 noe helt nytt!<\/p>\n<p><strong>LOUD-prosjekter og tilbud rundt om i landet:<\/strong><\/p>\n<ul>\n<li>Sommerleirer arrangeres hvert \u00e5r 1. og 2. uken i sommerferien p\u00e5 Haugetun Folkeh\u00f8gskole utenfor Fredrikstad. Deltakelse, koster 3500 kroner for en uke med overnatting, fem m\u00e5ltider per dag, og fulle dager med musikk, lek og nye venner, og det er mulig med redusert pris eller gratis deltakelse for familier som trenger det. <a href=\"http:\/\/www.loudcamp.com\/paamelding\">Mer om tilbudet her!<\/a><\/li>\n<li>I h\u00f8st- og vinterferier arrangeres det dagleire rundt om i landet, <a href=\"https:\/\/www.akks.no\/loud\/\" target=\"_blank\" rel=\"noopener noreferrer\">sjekk her<\/a> for oppdatert informasjon.<\/li>\n<li>elektroLOUD arrangeres som faste \u00e5pne m\u00f8teplasser den siste mandagen i m\u00e5neden i Oslo. Her kan deltakere som allerede har spilt litt eller jobbet med l\u00e5ter fordype seg i musikkproduksjon og elektronisk musikk. <a href=\"http:\/\/www.loudcamp.com\/elektroloud\" data-ajax-loader=\"ajax-loader-binded\">Mer om tilbudet her!<\/a><\/li>\n<li>LOUD! Songs er v\u00e5rt l\u00e5tskrivercamp prosjekt, hvor vi setter sammen grupper med l\u00e5tskriver, produsent og intstrumentalist\/vokalister som jobber med \u00e5 produsere sanger over tre dager. Disse settes ogs\u00e5 opp rundtomkring i landet gjennom \u00e5ret av v\u00e5re lokale AKKSavdelinger, s\u00e5 <a href=\"http:\/\/www.loudcamp.com\">f\u00f8lg med for \u00e5 melde deg p\u00e5 her!\u00a0<\/a><\/li>\n<\/ul>\n<p><strong>SPOTLIGHT: ung teknikk og \u00e5pen scene<\/strong><\/p>\n<p>Spotlight er et tre\u00e5ring prosjekt st\u00f8ttet av blant annet Sparebankstiftelsen SR Bank, BUFDIR, Kulturrom og Stavanger Kommune Folkehelsemidler, som g\u00e5r ut p\u00e5 \u00e5 gj\u00f8re konsertproduksjoner mer tilgjengelige for flere i v\u00e5r region. Vi holder kurs og workshops i lyd og Lysteknikk, arrangerer en fast \u00e5pen scene for ungdom en gang i m\u00e5neden p\u00e5 Metropolis i samarbeid med Follies Ungdomsteater, og kobler unge musikere og teknikere opp mot et st\u00f8rre nettverk i form av videre oppdrag og samarbeid med v\u00e5re mangfoldige samarbeidspartnere for deres videreutvikling.<\/p>\n<p>SPOTLIGHT prosjektet er st\u00f8ttet av Sparebankstiftelsen SR-Bank, Bufdir, og Stavanger Kommune<\/p>\n<p><img loading=\"lazy\" class=\"aligncenter wp-image-1756 size-full\" src=\"http:\/\/akks.no\/stavanger\/files\/2024\/12\/KURSPROMO-2-kursrunde.png\" alt=\"\" width=\"2160\" height=\"2160\" srcset=\"https:\/\/akks.no\/stavanger\/files\/2024\/12\/KURSPROMO-2-kursrunde.png 2160w, https:\/\/akks.no\/stavanger\/files\/2024\/12\/KURSPROMO-2-kursrunde-300x300.png 300w, https:\/\/akks.no\/stavanger\/files\/2024\/12\/KURSPROMO-2-kursrunde-1024x1024.png 1024w, https:\/\/akks.no\/stavanger\/files\/2024\/12\/KURSPROMO-2-kursrunde-150x150.png 150w, https:\/\/akks.no\/stavanger\/files\/2024\/12\/KURSPROMO-2-kursrunde-768x768.png 768w, https:\/\/akks.no\/stavanger\/files\/2024\/12\/KURSPROMO-2-kursrunde-1536x1536.png 1536w, https:\/\/akks.no\/stavanger\/files\/2024\/12\/KURSPROMO-2-kursrunde-2048x2048.png 2048w, https:\/\/akks.no\/stavanger\/files\/2024\/12\/KURSPROMO-2-kursrunde-600x600.png 600w, https:\/\/akks.no\/stavanger\/files\/2024\/12\/KURSPROMO-2-kursrunde-100x100.png 100w\" sizes=\"(max-width: 2160px) 100vw, 2160px\" \/><\/p>\n<\/div>\n<\/div>\n<\/div>\n","protected":false},"excerpt":{"rendered":"<p>AKKS Stavanger har en rekke prosjekter i tillegg til hel\u00e5rs kurstilbud og \u00f8vingslokaleutleie. Disse best\u00e5r av: UFLAKKS Stavanger, \u00c5pne M\u00f8teplasser for ungdom 13-20 \u00e5r, Spotlight, og LOUD! musikk for jenter, trans og ikke-bin\u00e6re personer.<\/p>\n","protected":false},"author":9,"featured_media":518,"parent":0,"menu_order":29,"comment_status":"closed","ping_status":"closed","template":"","meta":[],"_links":{"self":[{"href":"https:\/\/akks.no\/stavanger\/wp-json\/wp\/v2\/pages\/37"}],"collection":[{"href":"https:\/\/akks.no\/stavanger\/wp-json\/wp\/v2\/pages"}],"about":[{"href":"https:\/\/akks.no\/stavanger\/wp-json\/wp\/v2\/types\/page"}],"author":[{"embeddable":true,"href":"https:\/\/akks.no\/stavanger\/wp-json\/wp\/v2\/users\/9"}],"replies":[{"embeddable":true,"href":"https:\/\/akks.no\/stavanger\/wp-json\/wp\/v2\/comments?post=37"}],"version-history":[{"count":16,"href":"https:\/\/akks.no\/stavanger\/wp-json\/wp\/v2\/pages\/37\/revisions"}],"predecessor-version":[{"id":1873,"href":"https:\/\/akks.no\/stavanger\/wp-json\/wp\/v2\/pages\/37\/revisions\/1873"}],"wp:featuredmedia":[{"embeddable":true,"href":"https:\/\/akks.no\/stavanger\/wp-json\/wp\/v2\/media\/518"}],"wp:attachment":[{"href":"https:\/\/akks.no\/stavanger\/wp-json\/wp\/v2\/media?parent=37"}],"curies":[{"name":"wp","href":"https:\/\/api.w.org\/{rel}","templated":true}]}}