{"id":1110,"date":"2021-03-18T16:01:25","date_gmt":"2021-03-18T15:01:25","guid":{"rendered":"http:\/\/akks.no\/stavanger\/?page_id=1110"},"modified":"2025-10-15T13:23:24","modified_gmt":"2025-10-15T11:23:24","slug":"sammen","status":"publish","type":"page","link":"https:\/\/akks.no\/stavanger\/sammen\/","title":{"rendered":"SAMMEN"},"content":{"rendered":"<p>SAMMEN er et lavterskeltilbud og en \u00e5pen m\u00f8teplass for ungdom mellom 14 og 25 \u00e5r som arrangeres hver torsdag for \u00e5 gi deg arbeidserfaring gjennom arrangering av musikkaktivitetene v\u00e5re. Vi skriver ogs\u00e5 blogg! M\u00f8tene vil skje p\u00e5 Metropolis, S\u00f8lvberget og Emmaus i Rasmus Risas gate 33, og du kan f\u00f8lge med p\u00e5 instagram og facebook, eller sjekke aktivitetsplanen gjennom v\u00e5r instagram og facebook, for \u00e5 se hvor vi er hver uke.<\/p>\n<p>M\u00f8tetid er alltid mellom klokken 14 og 18:00. Vi har digg, gratis mat, koselige valgfrie musikk-aktiviteter, jobbs\u00f8kerkurs og valgfrie gratis musikkrelaterte aktiviteter som for eksempel l\u00e5tskrivingskurs, kurs i DJ-ing og Musikkproduksjon, instrument-karusell, og mye mer! DU kan og v\u00e6re med \u00e5 bestemme innholdet vi skal arrangere! Vi vil gj\u00f8re det du har lyst til!<\/p>\n<p>Skriv til oss om du lurer p\u00e5 hva vi gj\u00f8r, hvordan du kan delta, eller om vi har mulighet til \u00e5 tilrettelegge opplegg for deg som har funksjonsnedsettelse eller andre behov. Metropolis har heis, d\u00f8rer med god bredde, og handikap toalett p\u00e5 begge etasjene vi bruker.<\/p>\n<p>SAMMEN er st\u00f8ttet av Sparebankstiftelsen SR Bank og Stavanger Kommune<\/p>\n","protected":false},"excerpt":{"rendered":"<p>\u00c5pen m\u00f8teplass for ungdom 14 til 25 \u00e5r for \u00e5 gi deg arbeidserfaring gjennom arrangering av musikkaktiviteter, hver torsdag! Kom og delta i valgfrie musikkaktiviteter, f\u00e5 hjelp til \u00e5 s\u00f8ke p\u00e5 din f\u00f8rste jobb, f\u00e5 hjelp med jobbs\u00f8king og CV-skriving. Vi har ogs\u00e5 en blogg, hvor vi skriver om aktivitetene sammen og l\u00e6rer \u00e5 ta bilder.<\/p>\n","protected":false},"author":9,"featured_media":1529,"parent":0,"menu_order":9,"comment_status":"closed","ping_status":"closed","template":"","meta":[],"_links":{"self":[{"href":"https:\/\/akks.no\/stavanger\/wp-json\/wp\/v2\/pages\/1110"}],"collection":[{"href":"https:\/\/akks.no\/stavanger\/wp-json\/wp\/v2\/pages"}],"about":[{"href":"https:\/\/akks.no\/stavanger\/wp-json\/wp\/v2\/types\/page"}],"author":[{"embeddable":true,"href":"https:\/\/akks.no\/stavanger\/wp-json\/wp\/v2\/users\/9"}],"replies":[{"embeddable":true,"href":"https:\/\/akks.no\/stavanger\/wp-json\/wp\/v2\/comments?post=1110"}],"version-history":[{"count":9,"href":"https:\/\/akks.no\/stavanger\/wp-json\/wp\/v2\/pages\/1110\/revisions"}],"predecessor-version":[{"id":1870,"href":"https:\/\/akks.no\/stavanger\/wp-json\/wp\/v2\/pages\/1110\/revisions\/1870"}],"wp:featuredmedia":[{"embeddable":true,"href":"https:\/\/akks.no\/stavanger\/wp-json\/wp\/v2\/media\/1529"}],"wp:attachment":[{"href":"https:\/\/akks.no\/stavanger\/wp-json\/wp\/v2\/media?parent=1110"}],"curies":[{"name":"wp","href":"https:\/\/api.w.org\/{rel}","templated":true}]}}