{"id":530,"date":"2019-04-29T13:55:55","date_gmt":"2019-04-29T11:55:55","guid":{"rendered":"http:\/\/akks-no.staging.wordpress.idium.no\/oslo\/?page_id=530"},"modified":"2021-10-29T11:45:08","modified_gmt":"2021-10-29T09:45:08","slug":"helg-og-ettermiddagsworkshops","status":"publish","type":"page","link":"https:\/\/akks.no\/oslo\/kurs-1\/helg-og-ettermiddagsworkshops\/","title":{"rendered":"Workshops"},"content":{"rendered":"<p><img loading=\"lazy\" class=\"alignnone size-full wp-image-969\" src=\"https:\/\/akks.no\/oslo\/files\/2019\/05\/Forsidebilde_Myra_Workshop.jpg\" alt=\"\" width=\"1800\" height=\"700\" srcset=\"https:\/\/akks.no\/oslo\/files\/2019\/05\/Forsidebilde_Myra_Workshop.jpg 1800w, https:\/\/akks.no\/oslo\/files\/2019\/05\/Forsidebilde_Myra_Workshop-300x117.jpg 300w, https:\/\/akks.no\/oslo\/files\/2019\/05\/Forsidebilde_Myra_Workshop-768x299.jpg 768w, https:\/\/akks.no\/oslo\/files\/2019\/05\/Forsidebilde_Myra_Workshop-1024x398.jpg 1024w, https:\/\/akks.no\/oslo\/files\/2019\/05\/Forsidebilde_Myra_Workshop-600x233.jpg 600w\" sizes=\"(max-width: 1800px) 100vw, 1800px\" \/><\/p>\n<p>I l\u00f8pet av \u00e5ret arrangerer AKKS Oslo ca. en workshop i m\u00e5neden som foreg\u00e5r p\u00e5 kveldstid, eller i helgene. Workshops varer noen timer, dvs. kortere enn et helt kurs, og settes opp for \u00e5 gi deltakere mulighet til \u00e5 teste ut nye ting, eller fordype seg i emner de allerede er gode p\u00e5. Tidligere har vi f.eks. satt opp workshops i lydteknikk, rap, growling, DJ-ing med vinyl, l\u00e5tskriving og mye mer! Ofte er ogs\u00e5 workshopene v\u00e5re samarbeidsprosjekter med andre organisasjoner.<\/p>\n<p>P\u00e5 denne siden finner du til enhver tid oversikt over workshops som kommer. Du kan ogs\u00e5 \u00f8nske deg en workshop, samarbeide med oss om en workshop, eller bestille en workshop til en gruppe ved \u00e5 <a href=\"mailto:kurs@oslo.akks.no\">ta kontakt med kursansvarlige<\/a>, s\u00e5 gj\u00f8r vi v\u00e5rt beste for \u00e5 sette opp er workshop du kunne tenke deg!<\/p>\n","protected":false},"excerpt":{"rendered":"<p>I l\u00f8pet av \u00e5ret arrangerer AKKS Oslo ca. en workshop i m\u00e5neden som foreg\u00e5r p\u00e5 kveldstid, eller i helgene. Workshops varer noen timer, dvs. kortere enn et helt kurs, og settes opp for \u00e5 gi deltakere mulighet til \u00e5 teste ut nye ting, eller fordype seg i emner de allerede er gode p\u00e5. Tidligere har [&hellip;]<\/p>\n","protected":false},"author":4,"featured_media":976,"parent":1003,"menu_order":0,"comment_status":"closed","ping_status":"closed","template":"","meta":[],"_links":{"self":[{"href":"https:\/\/akks.no\/oslo\/wp-json\/wp\/v2\/pages\/530"}],"collection":[{"href":"https:\/\/akks.no\/oslo\/wp-json\/wp\/v2\/pages"}],"about":[{"href":"https:\/\/akks.no\/oslo\/wp-json\/wp\/v2\/types\/page"}],"author":[{"embeddable":true,"href":"https:\/\/akks.no\/oslo\/wp-json\/wp\/v2\/users\/4"}],"replies":[{"embeddable":true,"href":"https:\/\/akks.no\/oslo\/wp-json\/wp\/v2\/comments?post=530"}],"version-history":[{"count":5,"href":"https:\/\/akks.no\/oslo\/wp-json\/wp\/v2\/pages\/530\/revisions"}],"predecessor-version":[{"id":1040,"href":"https:\/\/akks.no\/oslo\/wp-json\/wp\/v2\/pages\/530\/revisions\/1040"}],"up":[{"embeddable":true,"href":"https:\/\/akks.no\/oslo\/wp-json\/wp\/v2\/pages\/1003"}],"wp:featuredmedia":[{"embeddable":true,"href":"https:\/\/akks.no\/oslo\/wp-json\/wp\/v2\/media\/976"}],"wp:attachment":[{"href":"https:\/\/akks.no\/oslo\/wp-json\/wp\/v2\/media?parent=530"}],"curies":[{"name":"wp","href":"https:\/\/api.w.org\/{rel}","templated":true}]}}