{"id":476,"date":"2018-11-30T12:15:08","date_gmt":"2018-11-30T11:15:08","guid":{"rendered":"http:\/\/akks-no.staging.wordpress.idium.no\/oslo\/?page_id=476"},"modified":"2023-03-09T17:37:10","modified_gmt":"2023-03-09T16:37:10","slug":"loud","status":"publish","type":"page","link":"https:\/\/akks.no\/oslo\/loud\/","title":{"rendered":"LOUD! bandleir"},"content":{"rendered":"<p>Bli med p\u00e5 en uke fylt med l\u00e5tskriving, band\u00f8velser, konserter og nye vennskap! LOUD! bandleir er for jenter, transpersoner og ikke-bin\u00e6re mellom 9-17* \u00e5r som har lyst til \u00e5 bruke ferien p\u00e5 musikk. Leiren passer b\u00e5de for de som har spilt f\u00f8r, og de som har lyst \u00e5 pr\u00f8ve seg p\u00e5 noe helt nytt! Du f\u00e5r nye venner, ditt helt egne band, og masse nye opplevelser!<\/p>\n<p>*aldersgrensene varierer litt mellom de forskjellige LOUD-leirene.<\/p>\n","protected":false},"excerpt":{"rendered":"<p>Bruk feriene p\u00e5 nye venner, musikk, l\u00e5tskriving og band!<\/p>\n","protected":false},"author":4,"featured_media":0,"parent":0,"menu_order":0,"comment_status":"closed","ping_status":"closed","template":"","meta":[],"_links":{"self":[{"href":"https:\/\/akks.no\/oslo\/wp-json\/wp\/v2\/pages\/476"}],"collection":[{"href":"https:\/\/akks.no\/oslo\/wp-json\/wp\/v2\/pages"}],"about":[{"href":"https:\/\/akks.no\/oslo\/wp-json\/wp\/v2\/types\/page"}],"author":[{"embeddable":true,"href":"https:\/\/akks.no\/oslo\/wp-json\/wp\/v2\/users\/4"}],"replies":[{"embeddable":true,"href":"https:\/\/akks.no\/oslo\/wp-json\/wp\/v2\/comments?post=476"}],"version-history":[{"count":8,"href":"https:\/\/akks.no\/oslo\/wp-json\/wp\/v2\/pages\/476\/revisions"}],"predecessor-version":[{"id":2510,"href":"https:\/\/akks.no\/oslo\/wp-json\/wp\/v2\/pages\/476\/revisions\/2510"}],"wp:attachment":[{"href":"https:\/\/akks.no\/oslo\/wp-json\/wp\/v2\/media?parent=476"}],"curies":[{"name":"wp","href":"https:\/\/api.w.org\/{rel}","templated":true}]}}