{"id":37,"date":"2017-10-06T14:56:31","date_gmt":"2017-10-06T12:56:31","guid":{"rendered":"http:\/\/akks-no.staging.wordpress.idium.no\/oslo\/?page_id=37"},"modified":"2023-04-26T13:28:50","modified_gmt":"2023-04-26T11:28:50","slug":"konserter","status":"publish","type":"page","link":"https:\/\/akks.no\/oslo\/konserter\/","title":{"rendered":"Konserter"},"content":{"rendered":"<p><img loading=\"lazy\" class=\"alignnone size-full wp-image-2015\" src=\"http:\/\/akks.no\/oslo\/files\/2021\/06\/HVA-BETYR-AKKS-FOR-DEG.png\" alt=\"\" width=\"1800\" height=\"700\" srcset=\"https:\/\/akks.no\/oslo\/files\/2021\/06\/HVA-BETYR-AKKS-FOR-DEG.png 1800w, https:\/\/akks.no\/oslo\/files\/2021\/06\/HVA-BETYR-AKKS-FOR-DEG-300x117.png 300w, https:\/\/akks.no\/oslo\/files\/2021\/06\/HVA-BETYR-AKKS-FOR-DEG-1024x398.png 1024w, https:\/\/akks.no\/oslo\/files\/2021\/06\/HVA-BETYR-AKKS-FOR-DEG-768x299.png 768w, https:\/\/akks.no\/oslo\/files\/2021\/06\/HVA-BETYR-AKKS-FOR-DEG-1536x597.png 1536w, https:\/\/akks.no\/oslo\/files\/2021\/06\/HVA-BETYR-AKKS-FOR-DEG-600x233.png 600w\" sizes=\"(max-width: 1800px) 100vw, 1800px\" \/><\/p>\n<p>AKKS Oslo arrangerer flere faste konsertkvelder i l\u00f8pet av \u00e5ret. Her gir vi ferske band og artister muligheten til \u00e5 spille p\u00e5 en scene foran et publikum, i tillegg til at vi arrangerer flere konserter med profesjonelle musikere.<\/p>\n<p>Vi arrangerer AKKS-konserten hvert halv\u00e5r til sommer og jul, der alle semesterets kursdeltakere f\u00e5r muligheten til \u00e5 vise frem det de har l\u00e6rt. I tillegg er vi medvirkende i Musikkfest hvert \u00e5r, der vi lager en scene sammen med v\u00e5r s\u00f8sterorganisasjon Radiorakel.<\/p>\n<p>F\u00f8lg med p\u00e5 v\u00e5r <a href=\"https:\/\/www.instagram.com\/akksoslo\/\">Instagram<\/a> og <a href=\"https:\/\/www.facebook.com\/akksoslo\">Facebook-side<\/a> for \u00e5 holde deg oppdatert!<\/p>\n<p>&nbsp;<\/p>\n<p><strong>KOMMENDE KONSERTER:<\/strong><\/p>\n<p>22.Mai<\/p>\n<p>Sommeravslutning p\u00e5 Popsenteret med banskole og instrument kurs<\/p>\n<p>03.Juni<\/p>\n<p>Musikkfest &#8211; Arbeidersamfunnetsplass<\/p>\n<p>08.Juni<\/p>\n<p>Bandskole konsert p\u00e5 Caf\u00e8 H\u00e6rv\u00e6rk<\/p>\n","protected":false},"excerpt":{"rendered":"<p>AKKS Oslo arrangerer flere faste konsertkvelder i l\u00f8pet av \u00e5ret. Her gir vi ferske band og artister muligheten til \u00e5 spille p\u00e5 en scene foran et publikum, i tillegg til at vi arrangerer flere konserter med profesjonelle musikere. Vi arrangerer AKKS-konserten hvert halv\u00e5r til sommer og jul, der alle semesterets kursdeltakere f\u00e5r muligheten til \u00e5 [&hellip;]<\/p>\n","protected":false},"author":1,"featured_media":859,"parent":0,"menu_order":0,"comment_status":"closed","ping_status":"closed","template":"","meta":[],"_links":{"self":[{"href":"https:\/\/akks.no\/oslo\/wp-json\/wp\/v2\/pages\/37"}],"collection":[{"href":"https:\/\/akks.no\/oslo\/wp-json\/wp\/v2\/pages"}],"about":[{"href":"https:\/\/akks.no\/oslo\/wp-json\/wp\/v2\/types\/page"}],"author":[{"embeddable":true,"href":"https:\/\/akks.no\/oslo\/wp-json\/wp\/v2\/users\/1"}],"replies":[{"embeddable":true,"href":"https:\/\/akks.no\/oslo\/wp-json\/wp\/v2\/comments?post=37"}],"version-history":[{"count":7,"href":"https:\/\/akks.no\/oslo\/wp-json\/wp\/v2\/pages\/37\/revisions"}],"predecessor-version":[{"id":2534,"href":"https:\/\/akks.no\/oslo\/wp-json\/wp\/v2\/pages\/37\/revisions\/2534"}],"wp:featuredmedia":[{"embeddable":true,"href":"https:\/\/akks.no\/oslo\/wp-json\/wp\/v2\/media\/859"}],"wp:attachment":[{"href":"https:\/\/akks.no\/oslo\/wp-json\/wp\/v2\/media?parent=37"}],"curies":[{"name":"wp","href":"https:\/\/api.w.org\/{rel}","templated":true}]}}