{"id":1003,"date":"2019-06-11T08:17:46","date_gmt":"2019-06-11T06:17:46","guid":{"rendered":"http:\/\/akks.no\/oslo\/?page_id=1003"},"modified":"2023-06-01T11:58:09","modified_gmt":"2023-06-01T09:58:09","slug":"kurs-1","status":"publish","type":"page","link":"https:\/\/akks.no\/oslo\/kurs-1\/","title":{"rendered":"Kurs"},"content":{"rendered":"<h3><\/h3>\n<h3 style=\"text-align: center\"><strong>Dr\u00f8mmer du om \u00e5 l\u00e6re et instrument, skrive l\u00e5ter, produsere musikk, bli DJ eller kanskje starte eget band? Bli med p\u00e5 et av v\u00e5re kurs med inspirerende instrukt\u00f8rer som selv er profesjonelle musikere, DJs, produsenter, teknikere og l\u00e5tskrivere!\u00a0<\/strong><\/h3>\n","protected":false},"excerpt":{"rendered":"<p>Dr\u00f8mmer du om \u00e5 l\u00e6re et instrument, skrive l\u00e5ter, produsere musikk, bli DJ eller kanskje starte eget band? Bli med p\u00e5 et av v\u00e5re kurs med inspirerende instrukt\u00f8rer som selv er profesjonelle musikere, DJs, produsenter, teknikere og l\u00e5tskrivere!\u00a0<\/p>\n","protected":false},"author":1,"featured_media":542,"parent":0,"menu_order":0,"comment_status":"closed","ping_status":"closed","template":"","meta":[],"_links":{"self":[{"href":"https:\/\/akks.no\/oslo\/wp-json\/wp\/v2\/pages\/1003"}],"collection":[{"href":"https:\/\/akks.no\/oslo\/wp-json\/wp\/v2\/pages"}],"about":[{"href":"https:\/\/akks.no\/oslo\/wp-json\/wp\/v2\/types\/page"}],"author":[{"embeddable":true,"href":"https:\/\/akks.no\/oslo\/wp-json\/wp\/v2\/users\/1"}],"replies":[{"embeddable":true,"href":"https:\/\/akks.no\/oslo\/wp-json\/wp\/v2\/comments?post=1003"}],"version-history":[{"count":31,"href":"https:\/\/akks.no\/oslo\/wp-json\/wp\/v2\/pages\/1003\/revisions"}],"predecessor-version":[{"id":2550,"href":"https:\/\/akks.no\/oslo\/wp-json\/wp\/v2\/pages\/1003\/revisions\/2550"}],"wp:featuredmedia":[{"embeddable":true,"href":"https:\/\/akks.no\/oslo\/wp-json\/wp\/v2\/media\/542"}],"wp:attachment":[{"href":"https:\/\/akks.no\/oslo\/wp-json\/wp\/v2\/media?parent=1003"}],"curies":[{"name":"wp","href":"https:\/\/api.w.org\/{rel}","templated":true}]}}