{"id":37,"date":"2021-06-07T14:13:08","date_gmt":"2021-06-07T12:13:08","guid":{"rendered":"https:\/\/akks.no\/nord\/?page_id=37"},"modified":"2022-06-22T22:59:39","modified_gmt":"2022-06-22T20:59:39","slug":"konserter","status":"publish","type":"page","link":"https:\/\/akks.no\/nord\/konserter\/","title":{"rendered":"Konserter"},"content":{"rendered":"<h2><strong>Konserter i Nord<\/strong><\/h2>\n<p>AKKS Nord arrangerer ulike konserter i l\u00f8pet av \u00e5ret. Flere av v\u00e5re kurs avsluttes med en deltakerkonsert. Kursdeltakere f\u00e5r muligheten til \u00e5 vise frem hva de har l\u00e6rt og f\u00e5r spille p\u00e5 en scene foran et publikum.<\/p>\n<p>I tillegg arrangerer vi konserter for barn og unge under 18 \u00e5r.\u00a0F\u00f8lg med p\u00e5 v\u00e5r\u00a0<a href=\"https:\/\/www.instagram.com\/akks.nord\">Instagram<\/a>\u00a0og\u00a0<a href=\"https:\/\/www.facebook.com\/akksnord\">Facebook-side<\/a>\u00a0for \u00e5 holde deg oppdatert!<\/p>\n","protected":false},"excerpt":{"rendered":"<p>Konserter i Nord AKKS Nord arrangerer ulike konserter i l\u00f8pet av \u00e5ret. Flere av v\u00e5re kurs avsluttes med en deltakerkonsert. Kursdeltakere f\u00e5r muligheten til \u00e5 vise frem hva de har l\u00e6rt og f\u00e5r spille p\u00e5 en scene foran et publikum. I tillegg arrangerer vi konserter for barn og unge under 18 \u00e5r.\u00a0F\u00f8lg med p\u00e5 v\u00e5r\u00a0Instagram\u00a0og\u00a0Facebook-side\u00a0for [&hellip;]<\/p>\n","protected":false},"author":8,"featured_media":226,"parent":0,"menu_order":9,"comment_status":"closed","ping_status":"closed","template":"","meta":[],"_links":{"self":[{"href":"https:\/\/akks.no\/nord\/wp-json\/wp\/v2\/pages\/37"}],"collection":[{"href":"https:\/\/akks.no\/nord\/wp-json\/wp\/v2\/pages"}],"about":[{"href":"https:\/\/akks.no\/nord\/wp-json\/wp\/v2\/types\/page"}],"author":[{"embeddable":true,"href":"https:\/\/akks.no\/nord\/wp-json\/wp\/v2\/users\/8"}],"replies":[{"embeddable":true,"href":"https:\/\/akks.no\/nord\/wp-json\/wp\/v2\/comments?post=37"}],"version-history":[{"count":10,"href":"https:\/\/akks.no\/nord\/wp-json\/wp\/v2\/pages\/37\/revisions"}],"predecessor-version":[{"id":227,"href":"https:\/\/akks.no\/nord\/wp-json\/wp\/v2\/pages\/37\/revisions\/227"}],"wp:featuredmedia":[{"embeddable":true,"href":"https:\/\/akks.no\/nord\/wp-json\/wp\/v2\/media\/226"}],"wp:attachment":[{"href":"https:\/\/akks.no\/nord\/wp-json\/wp\/v2\/media?parent=37"}],"curies":[{"name":"wp","href":"https:\/\/api.w.org\/{rel}","templated":true}]}}