{"id":33,"date":"2021-06-07T14:11:42","date_gmt":"2021-06-07T12:11:42","guid":{"rendered":"https:\/\/akks.no\/nord\/?page_id=33"},"modified":"2022-06-22T22:51:17","modified_gmt":"2022-06-22T20:51:17","slug":"kurs","status":"publish","type":"page","link":"https:\/\/akks.no\/nord\/kurs\/","title":{"rendered":"Kurs"},"content":{"rendered":"<h2><strong>AKKS Nord sitt kurstilbud<\/strong><\/h2>\n<p>Vi tilbyr flere kurs p\u00e5 ulike steder i Nord-Norge med profesjonelle instrukt\u00f8rer i l\u00f8pet av \u00e5ret. De fleste kursene vi tilbyr er ulike workshoper innen musikk. P\u00e5 v\u00e5re kurs er det fokus p\u00e5 mestringsf\u00f8lelse og spilleglede. F\u00f8lg med p\u00e5 v\u00e5re kanaler for \u00e5 holde deg oppdatert.<\/p>\n<h2><strong>Kurs for kj\u00f8nnsbalanse i musikklivet<\/strong><\/h2>\n<p>AKKS jobber for bedre kj\u00f8nnsbalanse i musikklivet. Jenter og kvinner, samt kj\u00f8nn som er underrepresenterte i musikken prioriteres p\u00e5 kurs.<\/p>\n<h2><strong>Rabattert plass p\u00e5 kurs?<\/strong><\/h2>\n<p>Vi vil ikke at \u00f8konomi skal st\u00e5 i veien for at man skal kunne delta p\u00e5 kurs. Deltakere med\u00a0 begrenset \u00f8konomi kan s\u00f8ke om \u00e5 f\u00e5 rabattert deltakeravgift, etter \u00abbetal det du kan\u00bb- prinsippet.<\/p>\n<p>S\u00f8k om rabattert plass p\u00e5 kurs ved \u00e5 krysse av i p\u00e5meldingsskjemaet n\u00e5r du melder deg p\u00e5, og redegj\u00f8r da kort for hvorfor du s\u00f8ker, og hva du evt. har mulighet til \u00e5 betale.<\/p>\n<p>Som hovedregel prioriterer vi st\u00f8tte til deltakere p\u00e5 gruppekurs, som er under 26 \u00e5r. Alle s\u00f8kere blir kontaktet p\u00e5 e-post n\u00e5r vi mottar s\u00f8knad om rabattert plass. Man m\u00e5 v\u00e6re medlem i AKKS for \u00e5 benytte seg av dette tilbudet. Medlemskap koster 50 kr.<\/p>\n","protected":false},"excerpt":{"rendered":"<p>AKKS Nord sitt kurstilbud Vi tilbyr flere kurs p\u00e5 ulike steder i Nord-Norge med profesjonelle instrukt\u00f8rer i l\u00f8pet av \u00e5ret. De fleste kursene vi tilbyr er ulike workshoper innen musikk. P\u00e5 v\u00e5re kurs er det fokus p\u00e5 mestringsf\u00f8lelse og spilleglede. F\u00f8lg med p\u00e5 v\u00e5re kanaler for \u00e5 holde deg oppdatert. Kurs for kj\u00f8nnsbalanse i musikklivet [&hellip;]<\/p>\n","protected":false},"author":8,"featured_media":183,"parent":0,"menu_order":11,"comment_status":"closed","ping_status":"closed","template":"","meta":[],"_links":{"self":[{"href":"https:\/\/akks.no\/nord\/wp-json\/wp\/v2\/pages\/33"}],"collection":[{"href":"https:\/\/akks.no\/nord\/wp-json\/wp\/v2\/pages"}],"about":[{"href":"https:\/\/akks.no\/nord\/wp-json\/wp\/v2\/types\/page"}],"author":[{"embeddable":true,"href":"https:\/\/akks.no\/nord\/wp-json\/wp\/v2\/users\/8"}],"replies":[{"embeddable":true,"href":"https:\/\/akks.no\/nord\/wp-json\/wp\/v2\/comments?post=33"}],"version-history":[{"count":8,"href":"https:\/\/akks.no\/nord\/wp-json\/wp\/v2\/pages\/33\/revisions"}],"predecessor-version":[{"id":223,"href":"https:\/\/akks.no\/nord\/wp-json\/wp\/v2\/pages\/33\/revisions\/223"}],"wp:featuredmedia":[{"embeddable":true,"href":"https:\/\/akks.no\/nord\/wp-json\/wp\/v2\/media\/183"}],"wp:attachment":[{"href":"https:\/\/akks.no\/nord\/wp-json\/wp\/v2\/media?parent=33"}],"curies":[{"name":"wp","href":"https:\/\/api.w.org\/{rel}","templated":true}]}}