{"id":534,"date":"2019-05-22T13:43:20","date_gmt":"2019-05-22T11:43:20","guid":{"rendered":"http:\/\/akks-no.staging.wordpress.idium.no\/kristiansand\/?page_id=534"},"modified":"2021-05-31T15:59:11","modified_gmt":"2021-05-31T13:59:11","slug":"akks-konserten","status":"publish","type":"page","link":"https:\/\/akks.no\/kristiansand\/akks-konserten\/","title":{"rendered":"AKKS-konserten"},"content":{"rendered":"<h3><strong>AKKS Kristiansand arrangerer AKKS-konserten som en avslutning for hvert kurs-semester.<\/strong><\/h3>\n<p>&nbsp;<br \/>\nP\u00e5 AKKS-konserten blir deltakere fra ulike AKKS-kurs invitert til \u00e5 opptre p\u00e5 en scene.<\/p>\n<p>Her f\u00e5r nye musikerspirer vist seg fram, og for mange er dette deres f\u00f8rste sceneopptreden.<\/p>\n","protected":false},"excerpt":{"rendered":"<p>AKKS Kristiansand arrangerer AKKS-konserten som en avslutning for hvert kurs-semester. &nbsp; P\u00e5 AKKS-konserten blir deltakere fra ulike AKKS-kurs invitert til \u00e5 opptre p\u00e5 en scene. Her f\u00e5r nye musikerspirer vist seg fram, og for mange er dette deres f\u00f8rste sceneopptreden.<\/p>\n","protected":false},"author":6,"featured_media":437,"parent":0,"menu_order":0,"comment_status":"closed","ping_status":"closed","template":"","meta":[],"_links":{"self":[{"href":"https:\/\/akks.no\/kristiansand\/wp-json\/wp\/v2\/pages\/534"}],"collection":[{"href":"https:\/\/akks.no\/kristiansand\/wp-json\/wp\/v2\/pages"}],"about":[{"href":"https:\/\/akks.no\/kristiansand\/wp-json\/wp\/v2\/types\/page"}],"author":[{"embeddable":true,"href":"https:\/\/akks.no\/kristiansand\/wp-json\/wp\/v2\/users\/6"}],"replies":[{"embeddable":true,"href":"https:\/\/akks.no\/kristiansand\/wp-json\/wp\/v2\/comments?post=534"}],"version-history":[{"count":9,"href":"https:\/\/akks.no\/kristiansand\/wp-json\/wp\/v2\/pages\/534\/revisions"}],"predecessor-version":[{"id":844,"href":"https:\/\/akks.no\/kristiansand\/wp-json\/wp\/v2\/pages\/534\/revisions\/844"}],"wp:featuredmedia":[{"embeddable":true,"href":"https:\/\/akks.no\/kristiansand\/wp-json\/wp\/v2\/media\/437"}],"wp:attachment":[{"href":"https:\/\/akks.no\/kristiansand\/wp-json\/wp\/v2\/media?parent=534"}],"curies":[{"name":"wp","href":"https:\/\/api.w.org\/{rel}","templated":true}]}}