{"id":8866,"date":"2026-04-22T17:17:56","date_gmt":"2026-04-22T15:17:56","guid":{"rendered":"https:\/\/akks.no\/bergen\/?page_id=8866"},"modified":"2026-04-22T17:18:16","modified_gmt":"2026-04-22T15:18:16","slug":"oving-for-alle","status":"publish","type":"page","link":"https:\/\/akks.no\/bergen\/oving-for-alle\/","title":{"rendered":"\u00d8ving for Alle"},"content":{"rendered":"<p><strong>Nytt gratis \u00f8vingtilbud hver torsdag!<\/strong><\/p>\n<p><em>Oppstart: 30. April 2026<\/em><br \/>\n<em>Sted: <a href=\"https:\/\/akks.no\/bergen\/besok-oss\/\">USF Verftet, \u00f8vingsrom A og B\u00a0<\/a><\/em><br \/>\n<em>Tidspunkt: Torsdager mellom 16:00 og 19:00\u00a0<\/em><br \/>\n<em>M\u00e5lgruppe: 12 \u00e5r til 16 \u00e5r<\/em><br \/>\n<em>Ansvarsperson: Hilde Sofie Aune\u00a0<\/em><\/p>\n<p>Er du mellom 12 og 16 \u00e5r, liker musikk og henge med venner s\u00e5 er dette tilbudet for deg. Vi \u00e5pner \u00f8vingslokalene v\u00e5re hver torsdag klokken 16:00 til 19:00. Dette er et gratis lavterskeltilbud og sosial l\u00e6ringsarena som er \u00e5pent for alle. Det vil bli servert mat s\u00e5 det er bare \u00e5 stikke innom rett etter skolen. Det er ikke behov for p\u00e5melding og du trenger ikke \u00e5 kunne spille et instrument for \u00e5 v\u00e6re med.<\/p>\n<p>Sammen med ansvarlig Hilde og andre ungdom f\u00e5r du blant annet v\u00e6re med \u00e5 pr\u00f8ve ut ulike instrumenter, lytte til musikk, l\u00e6re lydteknikk;\u00a0 pr\u00f8ve, spille, feile og ha det g\u00f8y.<\/p>\n<p>Om du vil ha litt mer informasjon eller lurer p\u00e5 noe ang. tilbudet kan du melde din interesse <a href=\"https:\/\/docs.google.com\/forms\/d\/e\/1FAIpQLScPmzpYcrYImShvGScOZw1jFKEP8Bu9dX1hPl477PF0YIcBgw\/viewform?usp=publish-editor\">her<\/a>.<\/p>\n<p>Eller s\u00e5 er det bare \u00e5 komme innom p\u00e5 Torsdag 30. April mellom 16.00 og 19:00.<\/p>\n<p>H\u00e5per vi ser deg der!<\/p>\n<p>&nbsp;<\/p>\n<p><img loading=\"lazy\" class=\"alignnone size-large wp-image-8917\" src=\"http:\/\/akks.no\/bergen\/files\/2026\/04\/3X3A8910-1024x683.jpg\" alt=\"\" width=\"1024\" height=\"683\" srcset=\"https:\/\/akks.no\/bergen\/files\/2026\/04\/3X3A8910-1024x683.jpg 1024w, https:\/\/akks.no\/bergen\/files\/2026\/04\/3X3A8910-300x200.jpg 300w, https:\/\/akks.no\/bergen\/files\/2026\/04\/3X3A8910-768x512.jpg 768w, https:\/\/akks.no\/bergen\/files\/2026\/04\/3X3A8910-1536x1024.jpg 1536w, https:\/\/akks.no\/bergen\/files\/2026\/04\/3X3A8910-2048x1365.jpg 2048w, https:\/\/akks.no\/bergen\/files\/2026\/04\/3X3A8910-720x480.jpg 720w, https:\/\/akks.no\/bergen\/files\/2026\/04\/3X3A8910-600x400.jpg 600w\" sizes=\"(max-width: 1024px) 100vw, 1024px\" \/> <img loading=\"lazy\" class=\"alignnone size-large wp-image-8916\" src=\"http:\/\/akks.no\/bergen\/files\/2026\/04\/LOUD23-1003843-1024x683.jpg\" alt=\"\" width=\"1024\" height=\"683\" srcset=\"https:\/\/akks.no\/bergen\/files\/2026\/04\/LOUD23-1003843-1024x683.jpg 1024w, https:\/\/akks.no\/bergen\/files\/2026\/04\/LOUD23-1003843-300x200.jpg 300w, https:\/\/akks.no\/bergen\/files\/2026\/04\/LOUD23-1003843-768x513.jpg 768w, https:\/\/akks.no\/bergen\/files\/2026\/04\/LOUD23-1003843-1536x1025.jpg 1536w, https:\/\/akks.no\/bergen\/files\/2026\/04\/LOUD23-1003843-2048x1367.jpg 2048w, https:\/\/akks.no\/bergen\/files\/2026\/04\/LOUD23-1003843-720x480.jpg 720w, https:\/\/akks.no\/bergen\/files\/2026\/04\/LOUD23-1003843-600x400.jpg 600w\" sizes=\"(max-width: 1024px) 100vw, 1024px\" \/><\/p>\n","protected":false},"excerpt":{"rendered":"<p>Nytt gratis \u00f8vingtilbud hver torsdag! Oppstart: 30. April 2026 Sted: USF Verftet, \u00f8vingsrom A og B\u00a0 Tidspunkt: Torsdager mellom 16:00 og 19:00\u00a0 M\u00e5lgruppe: 12 \u00e5r til 16 \u00e5r Ansvarsperson: Hilde Sofie Aune\u00a0 Er du mellom 12 og 16 \u00e5r, liker musikk og henge med venner s\u00e5 er dette tilbudet for deg. Vi \u00e5pner \u00f8vingslokalene v\u00e5re [&hellip;]<\/p>\n","protected":false},"author":5,"featured_media":8915,"parent":0,"menu_order":0,"comment_status":"closed","ping_status":"closed","template":"","meta":[],"_links":{"self":[{"href":"https:\/\/akks.no\/bergen\/wp-json\/wp\/v2\/pages\/8866"}],"collection":[{"href":"https:\/\/akks.no\/bergen\/wp-json\/wp\/v2\/pages"}],"about":[{"href":"https:\/\/akks.no\/bergen\/wp-json\/wp\/v2\/types\/page"}],"author":[{"embeddable":true,"href":"https:\/\/akks.no\/bergen\/wp-json\/wp\/v2\/users\/5"}],"replies":[{"embeddable":true,"href":"https:\/\/akks.no\/bergen\/wp-json\/wp\/v2\/comments?post=8866"}],"version-history":[{"count":3,"href":"https:\/\/akks.no\/bergen\/wp-json\/wp\/v2\/pages\/8866\/revisions"}],"predecessor-version":[{"id":8918,"href":"https:\/\/akks.no\/bergen\/wp-json\/wp\/v2\/pages\/8866\/revisions\/8918"}],"wp:featuredmedia":[{"embeddable":true,"href":"https:\/\/akks.no\/bergen\/wp-json\/wp\/v2\/media\/8915"}],"wp:attachment":[{"href":"https:\/\/akks.no\/bergen\/wp-json\/wp\/v2\/media?parent=8866"}],"curies":[{"name":"wp","href":"https:\/\/api.w.org\/{rel}","templated":true}]}}