{"id":8112,"date":"2025-04-07T14:33:42","date_gmt":"2025-04-07T12:33:42","guid":{"rendered":"https:\/\/akks.no\/bergen\/?page_id=8112"},"modified":"2025-11-04T11:16:08","modified_gmt":"2025-11-04T10:16:08","slug":"grip-introduction-vourse-in-light-engineering-english","status":"publish","type":"page","link":"https:\/\/akks.no\/bergen\/grip-introduction-vourse-in-light-engineering-english\/","title":{"rendered":"GRIP Introduction course in light engineering (english)"},"content":{"rendered":"<p><em><b>Date:\u00a0<\/b>9th December kl. 17:00-21:00<b><br \/>\n<\/b><b>Course venue:\u00a0<\/b>Bergen Kj\u00f8tt, Skutevikstorget 1<\/em><br \/>\n<b><\/b><em><b>Instructor: <\/b><span class=\"ng-star-inserted\" data-index=\"3\">Maja Bergebakken Sundt (she)<\/span><\/em><br \/>\n<em><b>Course price:\u00a0<\/b>100,-\u00a0<\/em><br \/>\n<em><strong>Age:<\/strong> 18 and up<\/em><br \/>\n<em><b>Language<\/b>: English<\/em><\/p>\n<p>&nbsp;<\/p>\n<p><a href=\"https:\/\/event.checkin.no\/173973\/grip-fall-2025-introduction-course-in-light-engineering-english\"><img loading=\"lazy\" class=\"wp-image-7357 aligncenter\" src=\"http:\/\/akks.no\/bergen\/files\/2023\/08\/Pamelding-Registration.png\" alt=\"\" width=\"560\" height=\"214\" \/><\/a><\/p>\n<p>&nbsp;<\/p>\n<p><strong>Introduction course in light engineering for live-events!<\/strong><\/p>\n<p>This course will help you to start building experience in operating lights for concerts, clubs and live events.<\/p>\n<p>GRIP is open to anyone over the age of 18, and we emphasize our goal of welcoming more women, non-binary and transgender people in sound and lighting engineering roles in Bergen&#8217;s cultural organizations. No previous experience is needed.<\/p>\n<div>\n<hr \/>\n<\/div>\n<div><img loading=\"lazy\" class=\"alignnone size-large wp-image-8503\" src=\"http:\/\/akks.no\/bergen\/files\/2025\/11\/Screenshot-2025-11-03-at-18.39.32-1024x677.png\" alt=\"\" width=\"1024\" height=\"677\" srcset=\"https:\/\/akks.no\/bergen\/files\/2025\/11\/Screenshot-2025-11-03-at-18.39.32-1024x677.png 1024w, https:\/\/akks.no\/bergen\/files\/2025\/11\/Screenshot-2025-11-03-at-18.39.32-300x198.png 300w, https:\/\/akks.no\/bergen\/files\/2025\/11\/Screenshot-2025-11-03-at-18.39.32-768x508.png 768w, https:\/\/akks.no\/bergen\/files\/2025\/11\/Screenshot-2025-11-03-at-18.39.32-1536x1016.png 1536w, https:\/\/akks.no\/bergen\/files\/2025\/11\/Screenshot-2025-11-03-at-18.39.32-2048x1355.png 2048w, https:\/\/akks.no\/bergen\/files\/2025\/11\/Screenshot-2025-11-03-at-18.39.32-600x397.png 600w\" sizes=\"(max-width: 1024px) 100vw, 1024px\" \/><\/div>\n<div>\n<hr \/>\n<\/div>\n<div><\/div>\n<div><strong>Instructor Maja Bergebakken Sundt (she)<\/strong><\/div>\n<div>Maja Bergebakken Sundt is a versatile theater worker and lighting designer based in Bergen. She has a master&#8217;s degree in theater science from the University of Bergen. She has worked as a producer for several theaters and festivals in Bergen and Vestland, and occasionally writes as a freelance theater critic. As a lighting designer, Maja has worked in dance, theater, concerts and festivals. She has created lighting for artistic and theatrical productions by Maia Urstad, Jonathan Ibsen, Nate Wooley, Anna Meredith, LisaTeige and Frode Gjerl\u00f8w, among others. In her work as a light designer and engineer, she works conceptually to emphasize the dramaturgy of productions, creating challenging and intriguing scenes.<\/div>\n<div>\n<hr \/>\n<\/div>\n<div>\n<p><b>For those with accessibility needs<\/b><\/p>\n<p>Information on accessibility at Bergen Kj\u00f8tt can be found <a href=\"https:\/\/www.bergenkjott.org\/kontakt\">here<\/a>. Let us know if you have any access needs.<\/p>\n<\/div>\n<hr \/>\n<div><img loading=\"lazy\" class=\"alignnone size-large wp-image-8502\" src=\"http:\/\/akks.no\/bergen\/files\/2025\/11\/Screenshot-2025-11-03-at-18.39.24-1024x654.png\" alt=\"\" width=\"1024\" height=\"654\" srcset=\"https:\/\/akks.no\/bergen\/files\/2025\/11\/Screenshot-2025-11-03-at-18.39.24-1024x654.png 1024w, https:\/\/akks.no\/bergen\/files\/2025\/11\/Screenshot-2025-11-03-at-18.39.24-300x192.png 300w, https:\/\/akks.no\/bergen\/files\/2025\/11\/Screenshot-2025-11-03-at-18.39.24-768x491.png 768w, https:\/\/akks.no\/bergen\/files\/2025\/11\/Screenshot-2025-11-03-at-18.39.24-1536x981.png 1536w, https:\/\/akks.no\/bergen\/files\/2025\/11\/Screenshot-2025-11-03-at-18.39.24-2048x1308.png 2048w, https:\/\/akks.no\/bergen\/files\/2025\/11\/Screenshot-2025-11-03-at-18.39.24-600x383.png 600w\" sizes=\"(max-width: 1024px) 100vw, 1024px\" \/><\/div>\n<div>\n<hr \/>\n<\/div>\n<div><b>About GRIP<\/b><\/div>\n<div>\n<p>GRIP is an ongoing series of courses to give more people the opportunity to gain practical experience and skills in sound and light engineering.\u00a0Women, non-binary and transgender people are still strongly under-represented in the sound and light engineering field, and we want to do something about that. The development of the cultural scene is not just about creating a variety of people on stage, but also backstage \u2013 in production, light and sound engineering, and in all the other important roles.<\/p>\n<p><em>GRIP is a collaborative project between Bergen Kj\u00f8tt, Bergen Internasjonale Teater, Pr\u00f8verommet, Carte Blanche, AKKS Bergen, sound engineer Irene Bj\u00f8rke and light engineer Maja Bergebakken Sundt. <\/em><\/p>\n<p><em>GRIP is organized with partners in Bergen including Borealis \u2013 a festival for experimental music, Landmark \/ Bergen kunsthall, \u00d8stre and Vill Vill Vest and is supported by Sparebanken Vest, Bergen municipality, Kulturrom, Balansekunst and apap-FEMINIST FUTURES (financed by the Creative Europe program in the EU).<\/em><\/p>\n<p><img loading=\"lazy\" class=\"alignnone size-large wp-image-8501\" src=\"http:\/\/akks.no\/bergen\/files\/2025\/11\/Screenshot-2025-11-03-at-18.39.15-1024x680.png\" alt=\"\" width=\"1024\" height=\"680\" srcset=\"https:\/\/akks.no\/bergen\/files\/2025\/11\/Screenshot-2025-11-03-at-18.39.15-1024x680.png 1024w, https:\/\/akks.no\/bergen\/files\/2025\/11\/Screenshot-2025-11-03-at-18.39.15-300x199.png 300w, https:\/\/akks.no\/bergen\/files\/2025\/11\/Screenshot-2025-11-03-at-18.39.15-768x510.png 768w, https:\/\/akks.no\/bergen\/files\/2025\/11\/Screenshot-2025-11-03-at-18.39.15-1536x1020.png 1536w, https:\/\/akks.no\/bergen\/files\/2025\/11\/Screenshot-2025-11-03-at-18.39.15-2048x1360.png 2048w, https:\/\/akks.no\/bergen\/files\/2025\/11\/Screenshot-2025-11-03-at-18.39.15-600x398.png 600w\" sizes=\"(max-width: 1024px) 100vw, 1024px\" \/><\/p>\n<\/div>\n","protected":false},"excerpt":{"rendered":"<p>Date:\u00a09th December kl. 17:00-21:00 Course venue:\u00a0Bergen Kj\u00f8tt, Skutevikstorget 1 Instructor: Maja Bergebakken Sundt (she) Course price:\u00a0100,-\u00a0 Age: 18 and up Language: English &nbsp; &nbsp; Introduction course in light engineering for live-events! This course will help you to start building experience in operating lights for concerts, clubs and live events. GRIP is open to anyone over [&hellip;]<\/p>\n","protected":false},"author":5,"featured_media":8500,"parent":0,"menu_order":0,"comment_status":"closed","ping_status":"closed","template":"","meta":[],"_links":{"self":[{"href":"https:\/\/akks.no\/bergen\/wp-json\/wp\/v2\/pages\/8112"}],"collection":[{"href":"https:\/\/akks.no\/bergen\/wp-json\/wp\/v2\/pages"}],"about":[{"href":"https:\/\/akks.no\/bergen\/wp-json\/wp\/v2\/types\/page"}],"author":[{"embeddable":true,"href":"https:\/\/akks.no\/bergen\/wp-json\/wp\/v2\/users\/5"}],"replies":[{"embeddable":true,"href":"https:\/\/akks.no\/bergen\/wp-json\/wp\/v2\/comments?post=8112"}],"version-history":[{"count":19,"href":"https:\/\/akks.no\/bergen\/wp-json\/wp\/v2\/pages\/8112\/revisions"}],"predecessor-version":[{"id":8506,"href":"https:\/\/akks.no\/bergen\/wp-json\/wp\/v2\/pages\/8112\/revisions\/8506"}],"wp:featuredmedia":[{"embeddable":true,"href":"https:\/\/akks.no\/bergen\/wp-json\/wp\/v2\/media\/8500"}],"wp:attachment":[{"href":"https:\/\/akks.no\/bergen\/wp-json\/wp\/v2\/media?parent=8112"}],"curies":[{"name":"wp","href":"https:\/\/api.w.org\/{rel}","templated":true}]}}