{"id":8001,"date":"2025-02-13T14:22:00","date_gmt":"2025-02-13T13:22:00","guid":{"rendered":"https:\/\/akks.no\/bergen\/?page_id=8001"},"modified":"2026-04-10T14:15:58","modified_gmt":"2026-04-10T12:15:58","slug":"filmserien-rytmerebeller","status":"publish","type":"page","link":"https:\/\/akks.no\/bergen\/filmserien-rytmerebeller\/","title":{"rendered":"Filmserien Rytmerebeller"},"content":{"rendered":"<div>\n<div><\/div>\n<div><strong>V\u00e5rens visninger<\/strong><\/div>\n<div>22.mars &#8211; <a href=\"https:\/\/www.cinemateketbergen.no\/arrangementer\/til-stede\">Til stede<\/a><\/div>\n<div>\n<p>21.april &#8211; <a href=\"https:\/\/www.cinemateketbergen.no\/arrangementer\/adjoe-montebello\">Adj\u00f8 Montebello\u00a0<\/a><\/p>\n<\/div>\n<\/div>\n<p><strong>Billettpriser og rabattkoder<\/strong><br \/>\nAKKS-medlemmer under 26 \u00e5r f\u00e5r gratis inngang. Ved bestilling, velg ordin\u00e6r pris og bruk rabattkoden: <strong>akksgratis<br \/>\n<\/strong>AKKS-medlemmer over 26 \u00e5r f\u00e5r rabatterte billetter. Ved bestilling, velg ordin\u00e6r pris og bruk rabattkoden: <strong>akksrabatt<br \/>\n<\/strong>Honn\u00f8r\/student\/HC: <strong>80 kr<br \/>\n<\/strong>Ordin\u00e6r pris: <strong>100 kr<\/strong><\/p>\n<div><\/div>\n<div><img loading=\"lazy\" class=\"alignnone size-large wp-image-8867\" src=\"http:\/\/akks.no\/bergen\/files\/2026\/04\/2-819x1024.png\" alt=\"\" width=\"819\" height=\"1024\" srcset=\"https:\/\/akks.no\/bergen\/files\/2026\/04\/2-819x1024.png 819w, https:\/\/akks.no\/bergen\/files\/2026\/04\/2-240x300.png 240w, https:\/\/akks.no\/bergen\/files\/2026\/04\/2-768x960.png 768w, https:\/\/akks.no\/bergen\/files\/2026\/04\/2-600x750.png 600w, https:\/\/akks.no\/bergen\/files\/2026\/04\/2.png 1080w\" sizes=\"(max-width: 819px) 100vw, 819px\" \/><\/div>\n<div><\/div>\n<div><\/div>\n","protected":false},"excerpt":{"rendered":"<p>\u00a0\u00abRytmerebeller\u00bb &#8211; en filmserie som tar for seg musikalske rebeller i nyere musikkhistorie. Filmserien er et samarbeid mellom Cinemetaket i Bergen og AKKS Bergen<\/p>\n","protected":false},"author":5,"featured_media":8868,"parent":0,"menu_order":0,"comment_status":"closed","ping_status":"closed","template":"","meta":[],"_links":{"self":[{"href":"https:\/\/akks.no\/bergen\/wp-json\/wp\/v2\/pages\/8001"}],"collection":[{"href":"https:\/\/akks.no\/bergen\/wp-json\/wp\/v2\/pages"}],"about":[{"href":"https:\/\/akks.no\/bergen\/wp-json\/wp\/v2\/types\/page"}],"author":[{"embeddable":true,"href":"https:\/\/akks.no\/bergen\/wp-json\/wp\/v2\/users\/5"}],"replies":[{"embeddable":true,"href":"https:\/\/akks.no\/bergen\/wp-json\/wp\/v2\/comments?post=8001"}],"version-history":[{"count":14,"href":"https:\/\/akks.no\/bergen\/wp-json\/wp\/v2\/pages\/8001\/revisions"}],"predecessor-version":[{"id":8870,"href":"https:\/\/akks.no\/bergen\/wp-json\/wp\/v2\/pages\/8001\/revisions\/8870"}],"wp:featuredmedia":[{"embeddable":true,"href":"https:\/\/akks.no\/bergen\/wp-json\/wp\/v2\/media\/8868"}],"wp:attachment":[{"href":"https:\/\/akks.no\/bergen\/wp-json\/wp\/v2\/media?parent=8001"}],"curies":[{"name":"wp","href":"https:\/\/api.w.org\/{rel}","templated":true}]}}