{"id":777,"date":"2019-05-16T10:54:07","date_gmt":"2019-05-16T08:54:07","guid":{"rendered":"http:\/\/akks-no.staging.wordpress.idium.no\/bergen\/?page_id=777"},"modified":"2025-05-16T12:31:25","modified_gmt":"2025-05-16T10:31:25","slug":"akks-konserten","status":"publish","type":"page","link":"https:\/\/akks.no\/bergen\/konserter\/akks-konserten\/","title":{"rendered":"AKKS-konsert 2. juni 2025"},"content":{"rendered":"<p>Vi arrangerer AKKS-konserten i mai og desember p\u00e5 <a href=\"http:\/\/kvarteret.no\">Kvarteret<\/a>\u00a0som en avslutning for hvert kurssemester, hvor deltakere fra vokalkurs, bandkurs, Bandskolen og Bandleiren LOUD! blir invitert til \u00e5 opptre. Her f\u00e5r nye musikerspirer vise seg frem.<\/p>\n<p>P\u00e5 bandkursene spiller de fleste med noen de ikke kjente fra f\u00f8r og st\u00e5r gjerne p\u00e5 scenen for aller f\u00f8rste gang. Det er ogs\u00e5 en del fra vokalkurset som opptrer. I forkant av konserten f\u00e5r alle pr\u00f8vd seg p\u00e5 scenen med lydpr\u00f8ve, slik at selve konsertopplevelsen skal v\u00e6re en s\u00e5 trygg og positiv opplevelse som mulig. Det er en kveld full av spilleglede, nerver p\u00e5 h\u00f8ykant og utrolig god stemning!<\/p>\n<p><strong>AKKS-konserten er i v\u00e5r 2. juni<\/strong><\/p>\n<p>D\u00f8rene \u00e5pner kl. 19:30 og konserten begynner kl. 19:45<\/p>\n<p><a href=\"https:\/\/event.checkin.no\/121337\/akks-konserten-2-juni-2025\"><img loading=\"lazy\" class=\"alignnone wp-image-6472\" src=\"http:\/\/akks.no\/bergen\/files\/2022\/11\/Pamelding-e1690968442203-1024x286.png\" alt=\"\" width=\"465\" height=\"130\" srcset=\"https:\/\/akks.no\/bergen\/files\/2022\/11\/Pamelding-e1690968442203-1024x286.png 1024w, https:\/\/akks.no\/bergen\/files\/2022\/11\/Pamelding-e1690968442203-300x84.png 300w, https:\/\/akks.no\/bergen\/files\/2022\/11\/Pamelding-e1690968442203-768x215.png 768w, https:\/\/akks.no\/bergen\/files\/2022\/11\/Pamelding-e1690968442203-1536x430.png 1536w, https:\/\/akks.no\/bergen\/files\/2022\/11\/Pamelding-e1690968442203-2048x573.png 2048w, https:\/\/akks.no\/bergen\/files\/2022\/11\/Pamelding-e1690968442203-600x168.png 600w\" sizes=\"(max-width: 465px) 100vw, 465px\" \/><\/a><\/p>\n<hr \/>\n<p><em><span class=\"s1\">Vi vil at arrangementene v\u00e5re skal v\u00e6re tilgjengelige for alle. Ledsager g\u00e5r derfor gratis p\u00e5 alle v\u00e5re arrangement ved fremvisning av gyldig ledsagerbevis utstedt av kommunen. Ved forh\u00e5ndsbestilling av billetter eller andre sp\u00f8rsm\u00e5l, ta kontakt med oss p\u00e5 <a href=\"mailto:bergen@akks.no\"><span class=\"s2\">bergen@akks.no<\/span><\/a> eller tlf. 55 55 75 55.<\/span><\/em><\/p>\n","protected":false},"excerpt":{"rendered":"<p>Vi arrangerer AKKS-konserten i mai og desember p\u00e5 Kvarteret\u00a0som en avslutning for hvert kurssemester, hvor deltakere fra vokalkurs, bandkurs, Bandskolen og Bandleiren LOUD! blir invitert til \u00e5 opptre. Her f\u00e5r nye musikerspirer vise seg frem. P\u00e5 bandkursene spiller de fleste med noen de ikke kjente fra f\u00f8r og st\u00e5r gjerne p\u00e5 scenen for aller f\u00f8rste [&hellip;]<\/p>\n","protected":false},"author":5,"featured_media":7862,"parent":37,"menu_order":0,"comment_status":"closed","ping_status":"closed","template":"","meta":[],"_links":{"self":[{"href":"https:\/\/akks.no\/bergen\/wp-json\/wp\/v2\/pages\/777"}],"collection":[{"href":"https:\/\/akks.no\/bergen\/wp-json\/wp\/v2\/pages"}],"about":[{"href":"https:\/\/akks.no\/bergen\/wp-json\/wp\/v2\/types\/page"}],"author":[{"embeddable":true,"href":"https:\/\/akks.no\/bergen\/wp-json\/wp\/v2\/users\/5"}],"replies":[{"embeddable":true,"href":"https:\/\/akks.no\/bergen\/wp-json\/wp\/v2\/comments?post=777"}],"version-history":[{"count":23,"href":"https:\/\/akks.no\/bergen\/wp-json\/wp\/v2\/pages\/777\/revisions"}],"predecessor-version":[{"id":8156,"href":"https:\/\/akks.no\/bergen\/wp-json\/wp\/v2\/pages\/777\/revisions\/8156"}],"up":[{"embeddable":true,"href":"https:\/\/akks.no\/bergen\/wp-json\/wp\/v2\/pages\/37"}],"wp:featuredmedia":[{"embeddable":true,"href":"https:\/\/akks.no\/bergen\/wp-json\/wp\/v2\/media\/7862"}],"wp:attachment":[{"href":"https:\/\/akks.no\/bergen\/wp-json\/wp\/v2\/media?parent=777"}],"curies":[{"name":"wp","href":"https:\/\/api.w.org\/{rel}","templated":true}]}}