{"id":728,"date":"2019-05-15T13:26:28","date_gmt":"2019-05-15T11:26:28","guid":{"rendered":"http:\/\/akks-no.staging.wordpress.idium.no\/bergen\/?page_id=728"},"modified":"2023-10-30T10:41:17","modified_gmt":"2023-10-30T09:41:17","slug":"loud","status":"publish","type":"page","link":"https:\/\/akks.no\/bergen\/loud\/","title":{"rendered":"Bandleiren LOUD!"},"content":{"rendered":"<p><strong>LOUD!<\/strong> er et samarbeidsprosjekt mellom <a href=\"https:\/\/www.jmn.no\/\">JM Norway<\/a> og AKKS, og er en musikkleir for jenter, ikke-bin\u00e6re og transpersoner. Gjennom en uke fylt med l\u00e5tskriving, band\u00f8velser, konserter og nye vennskap jobber vi for \u00e5 skape selvtillit, samhold og musikkinteresse. Leiren passer b\u00e5de for deltakere som har spilt f\u00f8r, og de som har lyst \u00e5 pr\u00f8ve seg p\u00e5 noe helt nytt! AKKS Bergen arrangerer Bandleiren LOUD! i h\u00f8stferien hvert \u00e5r, og gir det mersmak er det ogs\u00e5 en \u00e5rlig sommerleir med overnatting p\u00e5 Haugetun Folkeh\u00f8gskole utenfor Fredrikstad med deltakere fra hele landet.<\/p>\n<p><a href=\"http:\/\/www.loudcamp.com\/\">Les mer om den nasjonale sommerleiren LOUD!<\/a><\/p>\n<p>&nbsp;<\/p>\n<h3><strong>Bandleiren LOUD! i Bergen<\/strong><\/h3>\n<p>Bruk h\u00f8stferien til \u00e5 bli kjent med nye mennesker, pr\u00f8ve ulike instrumenter, spille i band og lage egne l\u00e5ter! Bandleiren LOUD! i Bergen arrangeres for jenter, ikke-bin\u00e6re og transpersoner i alderen 12-16 \u00e5r p\u00e5 dagtid i h\u00f8stferien p\u00e5 <a href=\"http:\/\/usf.no\">USF Verftet<\/a>. Leiren krever ingen forkunnskaper og deltakerne blir veiledet av dyktige instrukt\u00f8rer fra musikklivet i Bergen. I l\u00f8pet av uken har vi band\u00f8vinger, ulike workshops og du blir kjent med andre musikkinteresserte. Vi avslutter uken med en konsert for venner og familie.<\/p>\n<p>Les mer om <a href=\"https:\/\/akks.no\/bergen\/courses\/loud-bandleir\/\">Bandleiren LOUD! i h\u00f8stferien<\/a> p\u00e5 v\u00e5re kurssider.<\/p>\n<p><img loading=\"lazy\" class=\"alignnone size-large wp-image-6426\" src=\"http:\/\/akks.no\/bergen\/files\/2023\/07\/3X3A4227-1024x683.jpg\" alt=\"\" width=\"1024\" height=\"683\" srcset=\"https:\/\/akks.no\/bergen\/files\/2023\/07\/3X3A4227-1024x683.jpg 1024w, https:\/\/akks.no\/bergen\/files\/2023\/07\/3X3A4227-300x200.jpg 300w, https:\/\/akks.no\/bergen\/files\/2023\/07\/3X3A4227-768x512.jpg 768w, https:\/\/akks.no\/bergen\/files\/2023\/07\/3X3A4227-1536x1024.jpg 1536w, https:\/\/akks.no\/bergen\/files\/2023\/07\/3X3A4227-2048x1365.jpg 2048w, https:\/\/akks.no\/bergen\/files\/2023\/07\/3X3A4227-720x480.jpg 720w, https:\/\/akks.no\/bergen\/files\/2023\/07\/3X3A4227-600x400.jpg 600w\" sizes=\"(max-width: 1024px) 100vw, 1024px\" \/><\/p>\n<p><em>Bandfoto fra Bandleiren LOUD! 2022<\/em><\/p>\n<p><img loading=\"lazy\" class=\"alignnone size-large wp-image-6427\" src=\"http:\/\/akks.no\/bergen\/files\/2023\/07\/JK-2464-1024x683.jpg\" alt=\"\" width=\"1024\" height=\"683\" srcset=\"https:\/\/akks.no\/bergen\/files\/2023\/07\/JK-2464-1024x683.jpg 1024w, https:\/\/akks.no\/bergen\/files\/2023\/07\/JK-2464-300x200.jpg 300w, https:\/\/akks.no\/bergen\/files\/2023\/07\/JK-2464-768x512.jpg 768w, https:\/\/akks.no\/bergen\/files\/2023\/07\/JK-2464-1536x1024.jpg 1536w, https:\/\/akks.no\/bergen\/files\/2023\/07\/JK-2464-2048x1365.jpg 2048w, https:\/\/akks.no\/bergen\/files\/2023\/07\/JK-2464-720x480.jpg 720w, https:\/\/akks.no\/bergen\/files\/2023\/07\/JK-2464-600x400.jpg 600w\" sizes=\"(max-width: 1024px) 100vw, 1024px\" \/> <img loading=\"lazy\" class=\"alignnone size-large wp-image-6428\" src=\"http:\/\/akks.no\/bergen\/files\/2023\/07\/JK-2367-1024x683.jpg\" alt=\"\" width=\"1024\" height=\"683\" srcset=\"https:\/\/akks.no\/bergen\/files\/2023\/07\/JK-2367-1024x683.jpg 1024w, https:\/\/akks.no\/bergen\/files\/2023\/07\/JK-2367-300x200.jpg 300w, https:\/\/akks.no\/bergen\/files\/2023\/07\/JK-2367-768x512.jpg 768w, https:\/\/akks.no\/bergen\/files\/2023\/07\/JK-2367-1536x1024.jpg 1536w, https:\/\/akks.no\/bergen\/files\/2023\/07\/JK-2367-2048x1365.jpg 2048w, https:\/\/akks.no\/bergen\/files\/2023\/07\/JK-2367-720x480.jpg 720w, https:\/\/akks.no\/bergen\/files\/2023\/07\/JK-2367-600x400.jpg 600w\" sizes=\"(max-width: 1024px) 100vw, 1024px\" \/><\/p>\n<p><em>Konsertbilder fra Bandleiren LOUD! 2021<\/em><\/p>\n","protected":false},"excerpt":{"rendered":"<p>LOUD! er et samarbeidsprosjekt mellom JM Norway og AKKS, og er en musikkleir for jenter, ikke-bin\u00e6re og transpersoner. Gjennom en uke fylt med l\u00e5tskriving, band\u00f8velser, konserter og nye vennskap jobber vi for \u00e5 skape selvtillit, samhold og musikkinteresse. Leiren passer b\u00e5de for deltakere som har spilt f\u00f8r, og de som har lyst \u00e5 pr\u00f8ve seg [&hellip;]<\/p>\n","protected":false},"author":5,"featured_media":6429,"parent":0,"menu_order":0,"comment_status":"closed","ping_status":"closed","template":"","meta":[],"_links":{"self":[{"href":"https:\/\/akks.no\/bergen\/wp-json\/wp\/v2\/pages\/728"}],"collection":[{"href":"https:\/\/akks.no\/bergen\/wp-json\/wp\/v2\/pages"}],"about":[{"href":"https:\/\/akks.no\/bergen\/wp-json\/wp\/v2\/types\/page"}],"author":[{"embeddable":true,"href":"https:\/\/akks.no\/bergen\/wp-json\/wp\/v2\/users\/5"}],"replies":[{"embeddable":true,"href":"https:\/\/akks.no\/bergen\/wp-json\/wp\/v2\/comments?post=728"}],"version-history":[{"count":17,"href":"https:\/\/akks.no\/bergen\/wp-json\/wp\/v2\/pages\/728\/revisions"}],"predecessor-version":[{"id":6425,"href":"https:\/\/akks.no\/bergen\/wp-json\/wp\/v2\/pages\/728\/revisions\/6425"}],"wp:featuredmedia":[{"embeddable":true,"href":"https:\/\/akks.no\/bergen\/wp-json\/wp\/v2\/media\/6429"}],"wp:attachment":[{"href":"https:\/\/akks.no\/bergen\/wp-json\/wp\/v2\/media?parent=728"}],"curies":[{"name":"wp","href":"https:\/\/api.w.org\/{rel}","templated":true}]}}