{"id":666,"date":"2019-05-14T22:22:47","date_gmt":"2019-05-14T20:22:47","guid":{"rendered":"http:\/\/akks-no.staging.wordpress.idium.no\/bergen\/?page_id=666"},"modified":"2026-03-31T14:32:52","modified_gmt":"2026-03-31T12:32:52","slug":"rom-d","status":"publish","type":"page","link":"https:\/\/akks.no\/bergen\/ovingslokaler\/rom-d\/","title":{"rendered":"Rom D &#8211; Dennis"},"content":{"rendered":"<p>Rom D &#8211; Dennis er et stort og romslig \u00f8vingslokale p\u00e5 24,2 kvm. Rommet passer for band med opptil 8 personer. D\u00f8ren er 88,5 cm bred. Rampe tilgjengelig.<\/p>\n<h3><strong>Utstyr:<\/strong><\/h3>\n<ul>\n<li>Akustisk piano<\/li>\n<li>4 gitarforsterkere (Blackstar, Vox AC30 og 2 Marshall)<\/li>\n<li>1 bassforsterker (Markbass)<\/li>\n<li>Mikser med 6 kanaler (Soundcraft) og 5 mikrofoner med kabler og stativ<\/li>\n<li>Yamaha p125 elpiano<\/li>\n<li>Pearl trommesett med raid, crash og hihat. Pedal og skarp.<\/li>\n<li>5 notestativ og ekstra synthstativ<\/li>\n<\/ul>\n<p><img loading=\"lazy\" class=\" wp-image-4684\" src=\"http:\/\/akks.no\/bergen\/files\/2022\/04\/rom-d-2020-51-scaled.jpg\" alt=\"\" width=\"1022\" height=\"766\" srcset=\"https:\/\/akks.no\/bergen\/files\/2022\/04\/rom-d-2020-51-scaled.jpg 2560w, https:\/\/akks.no\/bergen\/files\/2022\/04\/rom-d-2020-51-300x225.jpg 300w, https:\/\/akks.no\/bergen\/files\/2022\/04\/rom-d-2020-51-1024x768.jpg 1024w, https:\/\/akks.no\/bergen\/files\/2022\/04\/rom-d-2020-51-768x576.jpg 768w, https:\/\/akks.no\/bergen\/files\/2022\/04\/rom-d-2020-51-1536x1152.jpg 1536w, https:\/\/akks.no\/bergen\/files\/2022\/04\/rom-d-2020-51-2048x1536.jpg 2048w, https:\/\/akks.no\/bergen\/files\/2022\/04\/rom-d-2020-51-600x450.jpg 600w\" sizes=\"(max-width: 1022px) 100vw, 1022px\" \/><\/p>\n<h3><img loading=\"lazy\" class=\"alignnone size-large wp-image-3577\" src=\"http:\/\/akks.no\/bergen\/files\/2021\/10\/JK-2239-1024x683.jpg\" alt=\"\" width=\"1024\" height=\"683\" srcset=\"https:\/\/akks.no\/bergen\/files\/2021\/10\/JK-2239-1024x683.jpg 1024w, https:\/\/akks.no\/bergen\/files\/2021\/10\/JK-2239-300x200.jpg 300w, https:\/\/akks.no\/bergen\/files\/2021\/10\/JK-2239-768x512.jpg 768w, https:\/\/akks.no\/bergen\/files\/2021\/10\/JK-2239-1536x1024.jpg 1536w, https:\/\/akks.no\/bergen\/files\/2021\/10\/JK-2239-2048x1365.jpg 2048w, https:\/\/akks.no\/bergen\/files\/2021\/10\/JK-2239-720x480.jpg 720w, https:\/\/akks.no\/bergen\/files\/2021\/10\/JK-2239-600x400.jpg 600w\" sizes=\"(max-width: 1024px) 100vw, 1024px\" \/><\/h3>\n<p><img loading=\"lazy\" class=\"alignnone wp-image-2953\" src=\"http:\/\/akks.no\/bergen\/files\/2021\/04\/Kopi-av-nettside-mal-og-facebook-post-mal1.png\" alt=\"\" width=\"1022\" height=\"857\" srcset=\"https:\/\/akks.no\/bergen\/files\/2021\/04\/Kopi-av-nettside-mal-og-facebook-post-mal1.png 940w, https:\/\/akks.no\/bergen\/files\/2021\/04\/Kopi-av-nettside-mal-og-facebook-post-mal1-300x251.png 300w, https:\/\/akks.no\/bergen\/files\/2021\/04\/Kopi-av-nettside-mal-og-facebook-post-mal1-768x644.png 768w, https:\/\/akks.no\/bergen\/files\/2021\/04\/Kopi-av-nettside-mal-og-facebook-post-mal1-600x503.png 600w\" sizes=\"(max-width: 1022px) 100vw, 1022px\" \/><\/p>\n<p><img loading=\"lazy\" class=\"alignnone size-large wp-image-6578\" src=\"http:\/\/akks.no\/bergen\/files\/2023\/09\/tempImagexTvah1-1024x768.jpg\" alt=\"\" width=\"1024\" height=\"768\" srcset=\"https:\/\/akks.no\/bergen\/files\/2023\/09\/tempImagexTvah1-1024x768.jpg 1024w, https:\/\/akks.no\/bergen\/files\/2023\/09\/tempImagexTvah1-300x225.jpg 300w, https:\/\/akks.no\/bergen\/files\/2023\/09\/tempImagexTvah1-768x576.jpg 768w, https:\/\/akks.no\/bergen\/files\/2023\/09\/tempImagexTvah1-1536x1152.jpg 1536w, https:\/\/akks.no\/bergen\/files\/2023\/09\/tempImagexTvah1-2048x1536.jpg 2048w, https:\/\/akks.no\/bergen\/files\/2023\/09\/tempImagexTvah1-600x450.jpg 600w\" sizes=\"(max-width: 1024px) 100vw, 1024px\" \/><\/p>\n<p><img loading=\"lazy\" class=\"alignnone wp-image-4686\" src=\"http:\/\/akks.no\/bergen\/files\/2022\/04\/bandoving-rom-d-uklart-scaled.jpg\" alt=\"\" width=\"1016\" height=\"762\" srcset=\"https:\/\/akks.no\/bergen\/files\/2022\/04\/bandoving-rom-d-uklart-scaled.jpg 2560w, https:\/\/akks.no\/bergen\/files\/2022\/04\/bandoving-rom-d-uklart-300x225.jpg 300w, https:\/\/akks.no\/bergen\/files\/2022\/04\/bandoving-rom-d-uklart-1024x768.jpg 1024w, https:\/\/akks.no\/bergen\/files\/2022\/04\/bandoving-rom-d-uklart-768x576.jpg 768w, https:\/\/akks.no\/bergen\/files\/2022\/04\/bandoving-rom-d-uklart-1536x1152.jpg 1536w, https:\/\/akks.no\/bergen\/files\/2022\/04\/bandoving-rom-d-uklart-2048x1536.jpg 2048w, https:\/\/akks.no\/bergen\/files\/2022\/04\/bandoving-rom-d-uklart-600x450.jpg 600w\" sizes=\"(max-width: 1016px) 100vw, 1016px\" \/><\/p>\n<p><img loading=\"lazy\" class=\"alignnone size-large wp-image-6580\" src=\"http:\/\/akks.no\/bergen\/files\/2023\/09\/Design-uten-navn-4-1024x724.png\" alt=\"\" width=\"1024\" height=\"724\" srcset=\"https:\/\/akks.no\/bergen\/files\/2023\/09\/Design-uten-navn-4-1024x724.png 1024w, https:\/\/akks.no\/bergen\/files\/2023\/09\/Design-uten-navn-4-300x212.png 300w, https:\/\/akks.no\/bergen\/files\/2023\/09\/Design-uten-navn-4-768x543.png 768w, https:\/\/akks.no\/bergen\/files\/2023\/09\/Design-uten-navn-4-1536x1086.png 1536w, https:\/\/akks.no\/bergen\/files\/2023\/09\/Design-uten-navn-4-2048x1448.png 2048w, https:\/\/akks.no\/bergen\/files\/2023\/09\/Design-uten-navn-4-600x424.png 600w\" sizes=\"(max-width: 1024px) 100vw, 1024px\" \/><\/p>\n","protected":false},"excerpt":{"rendered":"<p>Rom D &#8211; Dennis er et stort og romslig \u00f8vingslokale p\u00e5 24,2 kvm. Rommet passer for band med opptil 8 personer. D\u00f8ren er 88,5 cm bred. Rampe tilgjengelig. Utstyr: Akustisk piano 4 gitarforsterkere (Blackstar, Vox AC30 og 2 Marshall) 1 bassforsterker (Markbass) Mikser med 6 kanaler (Soundcraft) og 5 mikrofoner med kabler og stativ Yamaha [&hellip;]<\/p>\n","protected":false},"author":5,"featured_media":2954,"parent":159,"menu_order":0,"comment_status":"closed","ping_status":"closed","template":"","meta":[],"_links":{"self":[{"href":"https:\/\/akks.no\/bergen\/wp-json\/wp\/v2\/pages\/666"}],"collection":[{"href":"https:\/\/akks.no\/bergen\/wp-json\/wp\/v2\/pages"}],"about":[{"href":"https:\/\/akks.no\/bergen\/wp-json\/wp\/v2\/types\/page"}],"author":[{"embeddable":true,"href":"https:\/\/akks.no\/bergen\/wp-json\/wp\/v2\/users\/5"}],"replies":[{"embeddable":true,"href":"https:\/\/akks.no\/bergen\/wp-json\/wp\/v2\/comments?post=666"}],"version-history":[{"count":31,"href":"https:\/\/akks.no\/bergen\/wp-json\/wp\/v2\/pages\/666\/revisions"}],"predecessor-version":[{"id":8817,"href":"https:\/\/akks.no\/bergen\/wp-json\/wp\/v2\/pages\/666\/revisions\/8817"}],"up":[{"embeddable":true,"href":"https:\/\/akks.no\/bergen\/wp-json\/wp\/v2\/pages\/159"}],"wp:featuredmedia":[{"embeddable":true,"href":"https:\/\/akks.no\/bergen\/wp-json\/wp\/v2\/media\/2954"}],"wp:attachment":[{"href":"https:\/\/akks.no\/bergen\/wp-json\/wp\/v2\/media?parent=666"}],"curies":[{"name":"wp","href":"https:\/\/api.w.org\/{rel}","templated":true}]}}