{"id":483,"date":"2019-01-18T14:22:51","date_gmt":"2019-01-18T13:22:51","guid":{"rendered":"http:\/\/akks-no.staging.wordpress.idium.no\/bergen\/?page_id=483"},"modified":"2024-05-28T17:38:38","modified_gmt":"2024-05-28T15:38:38","slug":"akkspresenterertorsdagsrock","status":"publish","type":"page","link":"https:\/\/akks.no\/bergen\/akkspresenterertorsdagsrock\/","title":{"rendered":"AKKS presenterer: Torsdagsrock"},"content":{"rendered":"<p><img loading=\"lazy\" class=\"wp-image-493 size-single\" src=\"https:\/\/akks.no\/bergen\/files\/2019\/01\/Linn_Isabel_Eielsen_Benedikte_Iversen-2lowres-e1548149907570-1200x640.jpg\" alt=\"\" width=\"1200\" height=\"640\" \/><\/p>\n<p><em>Linn Isabel Eriksen p\u00e5 Torsdagsrock desember 2018. Foto: Benedikte Bergh Iversen<\/em><\/p>\n<p>Konsertserien AKKS presenterer: Torsdagsrock arrangeres i samarbeid med <a href=\"https:\/\/www.facebook.com\/hulenbergen\/\">Hulens<\/a> konsertserie for nye, uetablerte artister \u00e9n gang i semesteret. AKKS presenterer: Torsdagsrock er for mange artister den f\u00f8rste gangen de opptrer med eget materiale p\u00e5 en profesjonell scene. Vanligvis booker vi 2-3 artister i l\u00f8pet av kvelden, og billettprisen er lav for \u00e5 gi s\u00e5 mange som mulig muligheten til \u00e5 oppdage ferske og spennende artister.<\/p>\n<p>F\u00f8lg med p\u00e5 v\u00e5r <a href=\"https:\/\/www.facebook.com\/AKKSBergen\/\">Facebook<\/a> og <a href=\"http:\/\/instagram.com\/akksbergen\">Instagram<\/a> for informasjon om neste utgave av AKKS presenterer: Torsdagsrock.<\/p>\n<p>Vil du spille? Send en e-post til <a href=\"mailto:arrangement@bergen.akks.no\">arrangement@bergen.akks.no<\/a>.<\/p>\n<p>&nbsp;<\/p>\n<hr \/>\n<p><em><span class=\"s1\">Vi vil at arrangementene v\u00e5re skal v\u00e6re tilgjengelige for alle. Ledsager g\u00e5r derfor gratis p\u00e5 alle v\u00e5re arrangement ved fremvisning av gyldig ledsagerbevis utstedt av kommunen. Ved forh\u00e5ndsbestilling av billetter eller andre sp\u00f8rsm\u00e5l, ta kontakt med oss p\u00e5 <a href=\"mailto:bergen@akks.no\"><span class=\"s2\">arrangement@bergen.akks.no<\/span><\/a> eller tlf. 55 55 75 55.<\/span><\/em><\/p>\n","protected":false},"excerpt":{"rendered":"<p>Linn Isabel Eriksen p\u00e5 Torsdagsrock desember 2018. Foto: Benedikte Bergh Iversen Konsertserien AKKS presenterer: Torsdagsrock arrangeres i samarbeid med Hulens konsertserie for nye, uetablerte artister \u00e9n gang i semesteret. AKKS presenterer: Torsdagsrock er for mange artister den f\u00f8rste gangen de opptrer med eget materiale p\u00e5 en profesjonell scene. Vanligvis booker vi 2-3 artister i l\u00f8pet [&hellip;]<\/p>\n","protected":false},"author":5,"featured_media":493,"parent":0,"menu_order":0,"comment_status":"closed","ping_status":"closed","template":"","meta":[],"_links":{"self":[{"href":"https:\/\/akks.no\/bergen\/wp-json\/wp\/v2\/pages\/483"}],"collection":[{"href":"https:\/\/akks.no\/bergen\/wp-json\/wp\/v2\/pages"}],"about":[{"href":"https:\/\/akks.no\/bergen\/wp-json\/wp\/v2\/types\/page"}],"author":[{"embeddable":true,"href":"https:\/\/akks.no\/bergen\/wp-json\/wp\/v2\/users\/5"}],"replies":[{"embeddable":true,"href":"https:\/\/akks.no\/bergen\/wp-json\/wp\/v2\/comments?post=483"}],"version-history":[{"count":19,"href":"https:\/\/akks.no\/bergen\/wp-json\/wp\/v2\/pages\/483\/revisions"}],"predecessor-version":[{"id":7286,"href":"https:\/\/akks.no\/bergen\/wp-json\/wp\/v2\/pages\/483\/revisions\/7286"}],"wp:featuredmedia":[{"embeddable":true,"href":"https:\/\/akks.no\/bergen\/wp-json\/wp\/v2\/media\/493"}],"wp:attachment":[{"href":"https:\/\/akks.no\/bergen\/wp-json\/wp\/v2\/media?parent=483"}],"curies":[{"name":"wp","href":"https:\/\/api.w.org\/{rel}","templated":true}]}}