{"id":4435,"date":"2022-03-29T18:41:40","date_gmt":"2022-03-29T16:41:40","guid":{"rendered":"https:\/\/akks.no\/bergen\/?page_id=4435"},"modified":"2023-07-21T10:06:00","modified_gmt":"2023-07-21T08:06:00","slug":"laeringsmiljo-pa-akks-kurs","status":"publish","type":"page","link":"https:\/\/akks.no\/bergen\/laeringsmiljo-pa-akks-kurs\/","title":{"rendered":"L\u00e6ringsmilj\u00f8 p\u00e5 AKKS-kurs"},"content":{"rendered":"<h2><strong>Trygt og motiverende l\u00e6ringsmilj\u00f8 p\u00e5 kurs hos AKKS<\/strong><\/h2>\n<p>For oss i AKKS er det viktig at alle kursdeltakere f\u00e5r en god kursopplevelse <span style=\"font-weight: 400;\">og f\u00f8ler seg trygge p\u00e5 kursene v\u00e5re.\u00a0<\/span>Hos AKKS skal det v\u00e6re rom for \u00e5 pr\u00f8ve seg frem, feile, stille sp\u00f8rsm\u00e5l og vokse.<\/p>\n<p><span style=\"font-weight: 400;\">P\u00e5 f\u00f8rste kursdag vil vi bli bedre kjent, ha navnerunde og pronomenrunde. Pronomenrunde er viktig fordi noen av oss identifiserer seg som noe annet enn han eller hun. Da kan det v\u00e6re at man foretrekker et annet pronomen, som hen, hin, den, de eller bare sitt eget navn. <\/span><\/p>\n<p>Vi har alle forskjellige forutsetninger og m\u00e5ter \u00e5 l\u00e6re p\u00e5, og vi m\u00e5 jobbe sammen for \u00e5 skape et milj\u00f8 hvor dette er mulig. Du utvikler deg i ditt eget tempo, s\u00e5 om det er noe du ikke f\u00f8ler deg komfortabel med er det greit \u00e5 si ifra til instrukt\u00f8ren.<\/p>\n<p><span style=\"font-weight: 400;\">Har en behov eller opplever at det er noe en mangler for at en skal f\u00e5 et godt kurs hos oss er vi \u00e5pne for \u00e5 finne l\u00f8sninger. Gi beskjed til instrukt\u00f8r eller til oss i AKKS s\u00e5 pr\u00f8ver vi \u00e5 finne en l\u00f8sning sammen. Har en behov for flere pauser underveis i kurset er det selvsagt rom for det.\u00a0<\/span><\/p>\n<p>Underveis i kurset er instrukt\u00f8ren der for deg, slik at du skal l\u00e6re og hen er din veileder som viser hvordan du p\u00e5 din m\u00e5te kan beherske instrumentet. Sammen er b\u00e5de du som deltaker og instrukt\u00f8ren med p\u00e5 \u00e5 sette rammene for l\u00e6ringsmilj\u00f8et og progresjonen i kurset. For god progresjon er det viktig at du som deltaker m\u00f8ter opp til timene og \u00f8ver mellom kursdagene.<\/p>\n<p><img loading=\"lazy\" class=\"alignnone size-large wp-image-6350\" src=\"http:\/\/akks.no\/bergen\/files\/2023\/07\/JK-3328-1024x683.jpg\" alt=\"\" width=\"1024\" height=\"683\" srcset=\"https:\/\/akks.no\/bergen\/files\/2023\/07\/JK-3328-1024x683.jpg 1024w, https:\/\/akks.no\/bergen\/files\/2023\/07\/JK-3328-300x200.jpg 300w, https:\/\/akks.no\/bergen\/files\/2023\/07\/JK-3328-768x512.jpg 768w, https:\/\/akks.no\/bergen\/files\/2023\/07\/JK-3328-1536x1024.jpg 1536w, https:\/\/akks.no\/bergen\/files\/2023\/07\/JK-3328-2048x1366.jpg 2048w, https:\/\/akks.no\/bergen\/files\/2023\/07\/JK-3328-720x480.jpg 720w, https:\/\/akks.no\/bergen\/files\/2023\/07\/JK-3328-600x400.jpg 600w\" sizes=\"(max-width: 1024px) 100vw, 1024px\" \/><\/p>\n<h3><strong>Trivselsregler p\u00e5 v\u00e5re kurs<\/strong><\/h3>\n<p><span style=\"font-weight: 400;\">Vi \u00f8nsker at v\u00e5re kursdeltakere er med p\u00e5 \u00e5 skape et godt l\u00e6ringsmilj\u00f8.<br \/>\n<\/span><span style=\"font-weight: 400;\">Dette er derfor v\u00e5re trivselsregler:<br \/>\n<\/span><\/p>\n<ol>\n<li style=\"font-weight: 400;\" aria-level=\"1\"><span style=\"font-weight: 400;\">M\u00f8t presis til kursstart s\u00e5 kommer vi i gang med kurset.<\/span><span style=\"font-weight: 400;\"><br \/>\n<\/span><span style=\"font-weight: 400;\">Gi beskjed om du blir forsinket.\u00a0<\/span><\/li>\n<li style=\"font-weight: 400;\" aria-level=\"1\"><span style=\"font-weight: 400;\">Ha mobilen din p\u00e5 lydl\u00f8s, s\u00e5 slipper vi forstyrrelser.<\/span><\/li>\n<li style=\"font-weight: 400;\" aria-level=\"1\"><span style=\"font-weight: 400;\">Lytt til hverandre og la den som snakker f\u00e5 snakke.<\/span><\/li>\n<li style=\"font-weight: 400;\" aria-level=\"1\"><span style=\"font-weight: 400;\">Ikke spill p\u00e5 instrumentet ditt n\u00e5r andre snakker.\u00a0<\/span><\/li>\n<li style=\"font-weight: 400;\" aria-level=\"1\"><span style=\"font-weight: 400;\">Oppmuntre og motiver hverandre, s\u00e5 vi f\u00e5r et trivelig kurs.<\/span><\/li>\n<li style=\"font-weight: 400;\" aria-level=\"1\"><span style=\"font-weight: 400;\">Ta hensyn til hverandre og respekter at alle p\u00e5 kurset har ulike erfaringer og liker ulik musikk.\u00a0<\/span><\/li>\n<li style=\"font-weight: 400;\" aria-level=\"1\"><span style=\"font-weight: 400;\">Vi er p\u00e5 kurs for \u00e5 l\u00e6re. Vis forst\u00e5else for at l\u00e6ringsprosessen er ulik for alle.\u00a0<\/span><\/li>\n<li style=\"font-weight: 400;\" aria-level=\"1\"><span style=\"font-weight: 400;\">Husk \u00e5 ta pause \u2013 strekk p\u00e5 beina og f\u00e5 litt luft.\u00a0<\/span><\/li>\n<li style=\"font-weight: 400;\" aria-level=\"1\"><span style=\"font-weight: 400;\">Bruker du forsterkere eller annet elektronisk utstyr p\u00e5 kurset, sl\u00e5 av dette under pauser og etter endt kurs.<br \/>\n<\/span><\/li>\n<\/ol>\n<p><span style=\"font-weight: 400;\">AKKS Bergen har nulltoleranse n\u00e5r det gjelder mobbing og annen krenkende oppf\u00f8rsel, og vi er tilgjengelige om noen av kursdeltakerne skulle ha behov for \u00e5 snakke med oss om dette. Kontakt oss p\u00e5 telefon 55 55 75 55 eller kontoret@bergen.akks.no i kontortid mandag-fredag kl. 10-15, for \u00e5 ta en prat eller avtale m\u00f8te.\u00a0<\/span><\/p>\n","protected":false},"excerpt":{"rendered":"<p>Trygt og motiverende l\u00e6ringsmilj\u00f8 p\u00e5 kurs hos AKKS For oss i AKKS er det viktig at alle kursdeltakere f\u00e5r en god kursopplevelse og f\u00f8ler seg trygge p\u00e5 kursene v\u00e5re.\u00a0Hos AKKS skal det v\u00e6re rom for \u00e5 pr\u00f8ve seg frem, feile, stille sp\u00f8rsm\u00e5l og vokse. P\u00e5 f\u00f8rste kursdag vil vi bli bedre kjent, ha navnerunde og [&hellip;]<\/p>\n","protected":false},"author":5,"featured_media":6353,"parent":0,"menu_order":0,"comment_status":"closed","ping_status":"closed","template":"","meta":[],"_links":{"self":[{"href":"https:\/\/akks.no\/bergen\/wp-json\/wp\/v2\/pages\/4435"}],"collection":[{"href":"https:\/\/akks.no\/bergen\/wp-json\/wp\/v2\/pages"}],"about":[{"href":"https:\/\/akks.no\/bergen\/wp-json\/wp\/v2\/types\/page"}],"author":[{"embeddable":true,"href":"https:\/\/akks.no\/bergen\/wp-json\/wp\/v2\/users\/5"}],"replies":[{"embeddable":true,"href":"https:\/\/akks.no\/bergen\/wp-json\/wp\/v2\/comments?post=4435"}],"version-history":[{"count":8,"href":"https:\/\/akks.no\/bergen\/wp-json\/wp\/v2\/pages\/4435\/revisions"}],"predecessor-version":[{"id":4439,"href":"https:\/\/akks.no\/bergen\/wp-json\/wp\/v2\/pages\/4435\/revisions\/4439"}],"wp:featuredmedia":[{"embeddable":true,"href":"https:\/\/akks.no\/bergen\/wp-json\/wp\/v2\/media\/6353"}],"wp:attachment":[{"href":"https:\/\/akks.no\/bergen\/wp-json\/wp\/v2\/media?parent=4435"}],"curies":[{"name":"wp","href":"https:\/\/api.w.org\/{rel}","templated":true}]}}