{"id":3780,"date":"2021-12-08T15:22:03","date_gmt":"2021-12-08T14:22:03","guid":{"rendered":"http:\/\/akks.no\/bergen\/?page_id=3780"},"modified":"2026-03-13T13:07:30","modified_gmt":"2026-03-13T12:07:30","slug":"trommekurs","status":"publish","type":"page","link":"https:\/\/akks.no\/bergen\/trommekurs\/","title":{"rendered":"Trommekurs"},"content":{"rendered":"<p style=\"text-align: right;\"><em>Fra Eggstockfestivalen 2024. Foto: Ingvild H\u00e6gh<\/em><\/p>\n<p><b>Har du alltid dr\u00f8mt om \u00e5 spille trommer i et band? Eller spiller du allerede, men \u00f8nsker \u00e5 bli enda bedre? Vi tilbyr undervisning som vil bli lagt opp etter dine m\u00e5l, forkunnskaper og \u00f8nsker.<\/b><\/p>\n<p><i>Oppstart onsdag uke 16<\/i><br \/>\n<em>Kursdatoer: 15.04, 22.04, 29.04, 06.05, 13.05, 20.05<\/em><br \/>\n<i>M\u00e5lgruppe: fra 12 \u00e5r og oppover \u2013 ingen \u00f8vre aldersgrense<\/i><br \/>\n<i>Instrukt\u00f8r: Amund Nordstr\u00f8m<\/i><br \/>\n<i>Sted: USF Verftet<\/i><\/p>\n<p><a href=\"https:\/\/event.checkin.no\/217790\/trommer-kursrunde-2-var-2026\"><img loading=\"lazy\" class=\"wp-image-6029 aligncenter\" src=\"http:\/\/akks.no\/bergen\/files\/2023\/05\/Pamelding-e1683807463933-1024x264.png\" alt=\"\" width=\"434\" height=\"112\" srcset=\"https:\/\/akks.no\/bergen\/files\/2023\/05\/Pamelding-e1683807463933-1024x264.png 1024w, https:\/\/akks.no\/bergen\/files\/2023\/05\/Pamelding-e1683807463933-300x77.png 300w, https:\/\/akks.no\/bergen\/files\/2023\/05\/Pamelding-e1683807463933-768x198.png 768w, https:\/\/akks.no\/bergen\/files\/2023\/05\/Pamelding-e1683807463933-1536x395.png 1536w, https:\/\/akks.no\/bergen\/files\/2023\/05\/Pamelding-e1683807463933-2048x527.png 2048w, https:\/\/akks.no\/bergen\/files\/2023\/05\/Pamelding-e1683807463933-600x154.png 600w\" sizes=\"(max-width: 434px) 100vw, 434px\" \/><\/a><\/p>\n<hr \/>\n<p><img loading=\"lazy\" class=\"alignnone size-large wp-image-6915\" src=\"http:\/\/akks.no\/bergen\/files\/2021\/12\/3X3A8952-scaled-e1701348746704-1024x775.jpg\" alt=\"\" width=\"1024\" height=\"775\" srcset=\"https:\/\/akks.no\/bergen\/files\/2021\/12\/3X3A8952-scaled-e1701348746704-1024x775.jpg 1024w, https:\/\/akks.no\/bergen\/files\/2021\/12\/3X3A8952-scaled-e1701348746704-300x227.jpg 300w, https:\/\/akks.no\/bergen\/files\/2021\/12\/3X3A8952-scaled-e1701348746704-768x581.jpg 768w, https:\/\/akks.no\/bergen\/files\/2021\/12\/3X3A8952-scaled-e1701348746704-1536x1163.jpg 1536w, https:\/\/akks.no\/bergen\/files\/2021\/12\/3X3A8952-scaled-e1701348746704-600x454.jpg 600w, https:\/\/akks.no\/bergen\/files\/2021\/12\/3X3A8952-scaled-e1701348746704.jpg 1707w\" sizes=\"(max-width: 1024px) 100vw, 1024px\" \/><\/p>\n<p><i><span style=\"font-weight: 400;\">Astronautist p\u00e5 Eggstockfestival 2023. Fotograf: Ingvild H\u00e6gh<\/span><\/i><\/p>\n<hr \/>\n<h2><span style=\"font-weight: 400;\">Praktisk<\/span><\/h2>\n<ul>\n<li style=\"font-weight: 400;\" aria-level=\"1\"><span style=\"font-weight: 400;\">P\u00e5meldingen er bindende (les mer under vilk\u00e5r)<\/span><\/li>\n<li style=\"font-weight: 400;\" aria-level=\"1\"><span style=\"font-weight: 400;\">Vi har 3 kurs pr. kursrunde kl. 16:30-17:45, kl. 18:00-19:15 og kl. 19:30-20:45<\/span><\/li>\n<li style=\"font-weight: 400;\" aria-level=\"1\"><span style=\"font-weight: 400;\">Kurset g\u00e5r over 6 ganger. Hvert kurs varer 1 time og 15 min. inkl. pause.<\/span><\/li>\n<li style=\"font-weight: 400;\" aria-level=\"1\"><span style=\"font-weight: 400;\">Kurset holdes p\u00e5 <\/span><a href=\"https:\/\/g.page\/usfverftet?share\"><span style=\"font-weight: 400;\">USF Verftet<\/span><\/a><span style=\"font-weight: 400;\">, 2. etasje.<\/span><\/li>\n<li style=\"font-weight: 400;\" aria-level=\"1\"><span style=\"font-weight: 400;\">Undervisningen foreg\u00e5r i grupper p\u00e5 maks 3 deltakere.<\/span><\/li>\n<li style=\"font-weight: 400;\" aria-level=\"1\"><span style=\"font-weight: 400;\">Inkludert i kursprisen er et kompendium med praktisk info om trommer og \u00f8velser.<\/span><\/li>\n<li style=\"font-weight: 400;\" aria-level=\"1\"><span style=\"font-weight: 400;\">Det vil v\u00e6re \u00f8repropper p\u00e5 kurslokalet.<\/span><\/li>\n<li style=\"font-weight: 400;\" aria-level=\"1\"><span style=\"font-weight: 400;\">Deltakeren m\u00e5 medbringe egne trommestikker. Trommestikker f\u00e5r du kj\u00f8pt p\u00e5 <\/span><a href=\"https:\/\/www.musikk-miljo.no\/slagverk\"><span style=\"font-weight: 400;\">ProPerc<\/span><\/a><span style=\"font-weight: 400;\"> ved Grieghallen, <\/span><a href=\"https:\/\/www.4sound.no\/bergen\"><span style=\"font-weight: 400;\">4sound<\/span><\/a><span style=\"font-weight: 400;\"> eller <\/span><a href=\"https:\/\/www.gitarhuset.no\/gitarhuset-bergen\"><span style=\"font-weight: 400;\">Gitarhuset<\/span><\/a><span style=\"font-weight: 400;\">.<\/span><\/li>\n<\/ul>\n<hr \/>\n<h2><span style=\"font-weight: 400;\">Kursets innhold<\/span><\/h2>\n<p><span style=\"font-weight: 400;\">P\u00e5 nybegynnerkurset f\u00e5r deltakeren en innf\u00f8ring i slagverket som instrument, og l\u00e6rer opp- og nedrigg. Det jobbes med enkle rytmer og trener spilleteknikk. Gjennom \u00f8velser f\u00e5r deltakeren grunnleggende kunnskap om instrumentet. I l\u00f8pet av kurset vil man spille alene og sammen med andre.<\/span><\/p>\n<p><span style=\"font-weight: 400;\">P\u00e5 kurset for viderekomne blir deltakeren utfordret b\u00e5de p\u00e5 det tekniske og musikalske. Deltakeren f\u00e5r veiledning i ulike teknikker som paradidler og dobbeltslag og l\u00e6rer hvordan stemme trommer. Gjennom \u00f8velser blir det utviklet omfang, teknikk, hurtighet slik at deltakeren styrker sine instrumentale kompetanser. Kurset gir mulighet for musikalsk utvikling og for \u00e5 bli en bedre ut\u00f8ver p\u00e5 slagverkinstrumenter og bedre grunnlag for samspill og solospill.\u00a0<\/span><\/p>\n<p><i><span style=\"font-weight: 400;\">V\u00e5re kurs har fokus p\u00e5 mestringsf\u00f8lelse og spilleglede, og undervisningen foreg\u00e5r i et trygge rammer, i grupper p\u00e5 opptil tre deltakere. Store deler av kursene vil bli lagt opp etter niv\u00e5et p\u00e5 deltakerne.<\/span><\/i><span style=\"font-weight: 400;\">\u00a0<\/span><\/p>\n<hr \/>\n<p><img loading=\"lazy\" class=\"alignnone size-large wp-image-6921\" src=\"http:\/\/akks.no\/bergen\/files\/2021\/12\/LOUD23-2447-1024x683.jpg\" alt=\"\" width=\"1024\" height=\"683\" srcset=\"https:\/\/akks.no\/bergen\/files\/2021\/12\/LOUD23-2447-1024x683.jpg 1024w, https:\/\/akks.no\/bergen\/files\/2021\/12\/LOUD23-2447-300x200.jpg 300w, https:\/\/akks.no\/bergen\/files\/2021\/12\/LOUD23-2447-768x512.jpg 768w, https:\/\/akks.no\/bergen\/files\/2021\/12\/LOUD23-2447-1536x1024.jpg 1536w, https:\/\/akks.no\/bergen\/files\/2021\/12\/LOUD23-2447-2048x1365.jpg 2048w, https:\/\/akks.no\/bergen\/files\/2021\/12\/LOUD23-2447-720x480.jpg 720w, https:\/\/akks.no\/bergen\/files\/2021\/12\/LOUD23-2447-600x400.jpg 600w\" sizes=\"(max-width: 1024px) 100vw, 1024px\" \/><\/p>\n<p><i><span style=\"font-weight: 400;\">Fra Bandleiren LOUD! h\u00f8st 2023. Fotograf: Johanne Karlsrud<\/span><\/i><\/p>\n<hr \/>\n<h2><strong>Instrukt\u00f8r p\u00e5 trommekurs periode 1: Amund Nordstr\u00f8m<\/strong><\/h2>\n<hr \/>\n<p><img loading=\"lazy\" class=\"alignnone size-large wp-image-8300\" src=\"http:\/\/akks.no\/bergen\/files\/2025\/08\/6-1024x724.png\" alt=\"\" width=\"1024\" height=\"724\" srcset=\"https:\/\/akks.no\/bergen\/files\/2025\/08\/6-1024x724.png 1024w, https:\/\/akks.no\/bergen\/files\/2025\/08\/6-300x212.png 300w, https:\/\/akks.no\/bergen\/files\/2025\/08\/6-768x543.png 768w, https:\/\/akks.no\/bergen\/files\/2025\/08\/6-1536x1086.png 1536w, https:\/\/akks.no\/bergen\/files\/2025\/08\/6-2048x1448.png 2048w, https:\/\/akks.no\/bergen\/files\/2025\/08\/6-600x424.png 600w\" sizes=\"(max-width: 1024px) 100vw, 1024px\" \/><\/p>\n<p><span style=\"font-weight: 400;\">Amund Nordstr\u00f8m er trommeslager og komponist fra Trondheim. Han spillte fiolin som ung f\u00f8r han ble frelst av trommene. Amund Spiller i mange band, spillt inn flere plater og spillt mange konserter, alt fra rock og metal til jazz, blouse og cuntry. Amund studerte jazz ved sund folkeh\u00f8yskole, derretter jazzlinja ved griegakademiet her i Bergen og har undervist privattimer og p\u00e5 bergen private gymnas.<\/span><\/p>\n<p>&nbsp;<\/p>\n<p><span style=\"font-weight: 400;\">P\u00e5 Amund sine kurs vil du l\u00e6re hvordan \u00e5 spille groover fra dine favoritt l\u00e5ter, men ogs\u00e5 hvordan sette sammen dine egne rytmer for \u00e5 skape noe selv. Du vil l\u00e6re grunnleggende teknikk, men ogs\u00e5 hvordan \u00e5 spille sammen med andre og \u00e5 skape en musikalsk trygghet i band. Ikke minst hvor g\u00f8y det er \u00e5 spille trommer!<\/span><\/p>\n<hr \/>\n<h2><strong>Gratis \u00f8ving i v\u00e5re \u00f8vingslokaler i kursperioden<\/strong><\/h2>\n<p><span style=\"font-weight: 400;\">Mellom kursdagene kan deltakeren \u00f8ve gratis 2 timer pr. dag i v\u00e5re \u00f8vingslokaler mandag-fredag kl. 08:00-17:00 og l\u00f8rdag-s\u00f8ndag kl. 11:00-23:00. Lokalene kan bookes her.\u00a0<\/span><\/p>\n<p><span style=\"font-weight: 400;\">OBS! Om deltakeren er under 18 \u00e5r kan en foresatt booke lokalet for deltakeren.<\/span><\/p>\n<hr \/>\n<h2><img loading=\"lazy\" class=\"alignnone size-large wp-image-7736\" src=\"http:\/\/akks.no\/bergen\/files\/2024\/10\/DSCF3302-1024x683.jpg\" alt=\"\" width=\"1024\" height=\"683\" srcset=\"https:\/\/akks.no\/bergen\/files\/2024\/10\/DSCF3302-1024x683.jpg 1024w, https:\/\/akks.no\/bergen\/files\/2024\/10\/DSCF3302-300x200.jpg 300w, https:\/\/akks.no\/bergen\/files\/2024\/10\/DSCF3302-768x512.jpg 768w, https:\/\/akks.no\/bergen\/files\/2024\/10\/DSCF3302-1536x1024.jpg 1536w, https:\/\/akks.no\/bergen\/files\/2024\/10\/DSCF3302-720x480.jpg 720w, https:\/\/akks.no\/bergen\/files\/2024\/10\/DSCF3302-600x400.jpg 600w\" sizes=\"(max-width: 1024px) 100vw, 1024px\" \/><\/h2>\n<p><em>Zafari. Fra Kryss &amp; Tvers konsert p\u00e5 Fellesverket 2024. Fotograf: Ted Iversen Ness<\/em><\/p>\n<hr \/>\n<h2><strong>AKKS-kurs for oss med funksjonsnedsettelser<\/strong><\/h2>\n<p><span style=\"font-weight: 400;\">Har du behov for \u00e5 ha med assistent eller ledsager p\u00e5 kurs, opplys om dette i p\u00e5meldingsskjemaet s\u00e5 kan vi tilrettelegge for dette. Om ledsager \/ assistent skal delta p\u00e5 kurset m\u00e5 de sende inn egen p\u00e5melding for dette. V\u00e5re kurslokaler er dessverre ikke tilpasset rullestolbrukere. Ta gjerne kontakt s\u00e5 kan vi se p\u00e5 hvordan vi kan tilrettelegge for at du kan delta.<\/span><\/p>\n<hr \/>\n<h2><strong>Vilk\u00e5r<\/strong><\/h2>\n<p><span style=\"font-weight: 400;\">P\u00e5meldingen er bindende. Vi har begrenset med plasser p\u00e5 hvert kurs, og vi har derfor ingen avmeldingsfrist p\u00e5 v\u00e5re kurs.<\/span><\/p>\n<p><span style=\"font-weight: 400;\">Ved innsendt p\u00e5melding er man bundet til \u00e5 betale kursavgiften. Det vil si at kursavgift m\u00e5 betales selv om kursdeltakeren ikke m\u00f8ter opp til kurset eller slutter p\u00e5 kurset. Les v\u00e5re <\/span><a href=\"http:\/\/akks.no\/bergen\/files\/2022\/11\/Vilkar-for-kurspamelding-AKKS-Bergen-2023.pdf\"><span style=\"font-weight: 400;\">p\u00e5meldingsbetingelser<\/span><\/a><span style=\"font-weight: 400;\"> og v\u00e5r <\/span><a href=\"https:\/\/akks.no\/personvernerklaering\/\"><span style=\"font-weight: 400;\">personvernerkl\u00e6ring<\/span><\/a><span style=\"font-weight: 400;\">.<\/span><\/p>\n<hr \/>\n<h2><img loading=\"lazy\" class=\"alignnone size-large wp-image-7628\" src=\"http:\/\/akks.no\/bergen\/files\/2023\/10\/3X3A0086-1024x683.jpg\" alt=\"\" width=\"1024\" height=\"683\" srcset=\"https:\/\/akks.no\/bergen\/files\/2023\/10\/3X3A0086-1024x683.jpg 1024w, https:\/\/akks.no\/bergen\/files\/2023\/10\/3X3A0086-300x200.jpg 300w, https:\/\/akks.no\/bergen\/files\/2023\/10\/3X3A0086-768x512.jpg 768w, https:\/\/akks.no\/bergen\/files\/2023\/10\/3X3A0086-1536x1024.jpg 1536w, https:\/\/akks.no\/bergen\/files\/2023\/10\/3X3A0086-2048x1365.jpg 2048w, https:\/\/akks.no\/bergen\/files\/2023\/10\/3X3A0086-720x480.jpg 720w, https:\/\/akks.no\/bergen\/files\/2023\/10\/3X3A0086-600x400.jpg 600w\" sizes=\"(max-width: 1024px) 100vw, 1024px\" \/><\/h2>\n<p><i><span style=\"font-weight: 400;\">Fra Bandleiren LOUD! h\u00f8st 2024. Fotograf: Ingvild H\u00e6gh<\/span><\/i><\/p>\n<hr \/>\n<h2><strong>Musikkaktivitet for alle<\/strong><\/h2>\n<p><span style=\"font-weight: 400;\">AKKS Bergen \u00f8nsker ikke at \u00f8konomi skal st\u00e5 i veien for deltakelse p\u00e5 v\u00e5re kurs. Vi har derfor et begrenset antall plasser der man kan f\u00e5 gratis eller redusert pris i kursavgiften om man er AKKS medlem, under 26 \u00e5r og der familien har begrenset \u00f8konomi. For \u00e5 benytte deg av tilbudet m\u00e5 du ta kontakt med oss p\u00e5 kontoret@bergen.akks.no.\u00a0<\/span><\/p>\n<p>Skriver du med \u00f8nske om gratisplasser f\u00e5r du tilsendt link til den gratis p\u00e5meldingssiden.<\/p>\n<p><a href=\"https:\/\/akks.hypersys.no\/page\/blimedlem\/signup?type=87\">Bli medlem her<\/a>.<\/p>\n<p><span style=\"font-weight: 400;\">Benytter man seg av en av v\u00e5re gratisplasser er det gratis \u00e5 l\u00e5ne instrument.<\/span><\/p>\n<hr \/>\n<p><img loading=\"lazy\" class=\"alignnone size-large wp-image-7399\" src=\"http:\/\/akks.no\/bergen\/files\/2024\/07\/3X3A9196-scaled-e1733395141678-1024x791.jpg\" alt=\"\" width=\"1024\" height=\"791\" srcset=\"https:\/\/akks.no\/bergen\/files\/2024\/07\/3X3A9196-scaled-e1733395141678-1024x791.jpg 1024w, https:\/\/akks.no\/bergen\/files\/2024\/07\/3X3A9196-scaled-e1733395141678-300x232.jpg 300w, https:\/\/akks.no\/bergen\/files\/2024\/07\/3X3A9196-scaled-e1733395141678-768x593.jpg 768w, https:\/\/akks.no\/bergen\/files\/2024\/07\/3X3A9196-scaled-e1733395141678-1536x1186.jpg 1536w, https:\/\/akks.no\/bergen\/files\/2024\/07\/3X3A9196-scaled-e1733395141678-600x463.jpg 600w, https:\/\/akks.no\/bergen\/files\/2024\/07\/3X3A9196-scaled-e1733395141678.jpg 1707w\" sizes=\"(max-width: 1024px) 100vw, 1024px\" \/><\/p>\n<p><i><span style=\"font-weight: 400;\">Fra AKKS Sommer Musikkleir 2024. Fotograf: Ingvild H\u00e6gh<\/span><\/i><\/p>\n<hr \/>\n<h2><strong>Betaling<\/strong><\/h2>\n<p><span style=\"font-weight: 400;\">En kan betale med faktura, vipps eller bankkort. Faktura vil bli sendt ut f\u00f8rste kursdag om man velger dette.<\/span><\/p>\n<p><span style=\"font-weight: 400;\">Dersom man velger kursavgift for AKKS-medlemmer og ikke er AKKS-medlem vil man bli etterfakturert medlemskontingenten p\u00e5 kr 50. Om ikke denne betales vil man kunne bli etterfakturert for kurset til ikke-medlemspris.<\/span><\/p>\n<hr \/>\n<p><strong>Er du usikker p\u00e5 niv\u00e5et ditt eller har andre sp\u00f8rsm\u00e5l?<\/strong><br \/>\n<span style=\"font-weight: 400;\">Ta gjerne kontakt med oss p\u00e5 kontoret@bergen.akks.no.<\/span><\/p>\n","protected":false},"excerpt":{"rendered":"<p>Fra Eggstockfestivalen 2024. Foto: Ingvild H\u00e6gh Har du alltid dr\u00f8mt om \u00e5 spille trommer i et band? Eller spiller du allerede, men \u00f8nsker \u00e5 bli enda bedre? Vi tilbyr undervisning som vil bli lagt opp etter dine m\u00e5l, forkunnskaper og \u00f8nsker. Oppstart onsdag uke 16 Kursdatoer: 15.04, 22.04, 29.04, 06.05, 13.05, 20.05 M\u00e5lgruppe: fra 12 [&hellip;]<\/p>\n","protected":false},"author":5,"featured_media":7503,"parent":0,"menu_order":0,"comment_status":"closed","ping_status":"closed","template":"","meta":[],"_links":{"self":[{"href":"https:\/\/akks.no\/bergen\/wp-json\/wp\/v2\/pages\/3780"}],"collection":[{"href":"https:\/\/akks.no\/bergen\/wp-json\/wp\/v2\/pages"}],"about":[{"href":"https:\/\/akks.no\/bergen\/wp-json\/wp\/v2\/types\/page"}],"author":[{"embeddable":true,"href":"https:\/\/akks.no\/bergen\/wp-json\/wp\/v2\/users\/5"}],"replies":[{"embeddable":true,"href":"https:\/\/akks.no\/bergen\/wp-json\/wp\/v2\/comments?post=3780"}],"version-history":[{"count":22,"href":"https:\/\/akks.no\/bergen\/wp-json\/wp\/v2\/pages\/3780\/revisions"}],"predecessor-version":[{"id":8740,"href":"https:\/\/akks.no\/bergen\/wp-json\/wp\/v2\/pages\/3780\/revisions\/8740"}],"wp:featuredmedia":[{"embeddable":true,"href":"https:\/\/akks.no\/bergen\/wp-json\/wp\/v2\/media\/7503"}],"wp:attachment":[{"href":"https:\/\/akks.no\/bergen\/wp-json\/wp\/v2\/media?parent=3780"}],"curies":[{"name":"wp","href":"https:\/\/api.w.org\/{rel}","templated":true}]}}