{"id":3771,"date":"2021-12-07T15:35:15","date_gmt":"2021-12-07T14:35:15","guid":{"rendered":"http:\/\/akks.no\/bergen\/?page_id=3771"},"modified":"2026-02-05T15:04:57","modified_gmt":"2026-02-05T14:04:57","slug":"gitarkurs","status":"publish","type":"page","link":"https:\/\/akks.no\/bergen\/gitarkurs\/","title":{"rendered":"Elektrisk gitarkurs"},"content":{"rendered":"<p><strong>Har du alltid dr\u00f8mt om \u00e5 spille el-gitar? Eller spiller du allerede, men \u00f8nsker \u00e5 bli enda bedre? Bli med p\u00e5 el-gitarkurset og l\u00e6r \u00e5 spille like bra som din yndlingsrockestjerne!<\/strong><\/p>\n<p><i>Oppstart onsdag uke 16<\/i><br \/>\n<em>Kursdatoer: <span data-sheets-root=\"1\">15.04, 22.04, 29.04, 06.05, 13.05, 20.05<\/span><\/em><br \/>\n<i>M\u00e5lgruppe: fra 12 \u00e5r og oppover \u2013 ingen \u00f8vre aldersgrense<\/i><br \/>\n<i>Instrukt\u00f8r: Jonas Ledang<\/i><br \/>\n<i>Sted: USF Verftet<\/i><\/p>\n<p><a href=\"https:\/\/event.checkin.no\/217789\/elektrisk-gitar-kursrunde-2-var-2026\"><img loading=\"lazy\" class=\"wp-image-6029 aligncenter\" src=\"http:\/\/akks.no\/bergen\/files\/2023\/05\/Pamelding-e1683807463933-1024x264.png\" alt=\"\" width=\"434\" height=\"112\" srcset=\"https:\/\/akks.no\/bergen\/files\/2023\/05\/Pamelding-e1683807463933-1024x264.png 1024w, https:\/\/akks.no\/bergen\/files\/2023\/05\/Pamelding-e1683807463933-300x77.png 300w, https:\/\/akks.no\/bergen\/files\/2023\/05\/Pamelding-e1683807463933-768x198.png 768w, https:\/\/akks.no\/bergen\/files\/2023\/05\/Pamelding-e1683807463933-1536x395.png 1536w, https:\/\/akks.no\/bergen\/files\/2023\/05\/Pamelding-e1683807463933-2048x527.png 2048w, https:\/\/akks.no\/bergen\/files\/2023\/05\/Pamelding-e1683807463933-600x154.png 600w\" sizes=\"(max-width: 434px) 100vw, 434px\" \/><\/a><\/p>\n<hr \/>\n<p><img loading=\"lazy\" class=\"alignnone size-large wp-image-7705\" src=\"http:\/\/akks.no\/bergen\/files\/2024\/10\/DSCF3099-1024x683.jpg\" alt=\"\" width=\"1024\" height=\"683\" srcset=\"https:\/\/akks.no\/bergen\/files\/2024\/10\/DSCF3099-1024x683.jpg 1024w, https:\/\/akks.no\/bergen\/files\/2024\/10\/DSCF3099-300x200.jpg 300w, https:\/\/akks.no\/bergen\/files\/2024\/10\/DSCF3099-768x512.jpg 768w, https:\/\/akks.no\/bergen\/files\/2024\/10\/DSCF3099-1536x1024.jpg 1536w, https:\/\/akks.no\/bergen\/files\/2024\/10\/DSCF3099-720x480.jpg 720w, https:\/\/akks.no\/bergen\/files\/2024\/10\/DSCF3099-600x400.jpg 600w\" sizes=\"(max-width: 1024px) 100vw, 1024px\" \/><\/p>\n<p><em>Fra Kryss &amp; Tvers konsert p\u00e5 Fellesverket 2024. Fotograf: Ted Iversen Ness<\/em><\/p>\n<hr \/>\n<h2><span style=\"font-weight: 400;\">Praktisk<\/span><\/h2>\n<ul>\n<li style=\"font-weight: 400;\" aria-level=\"1\"><span style=\"font-weight: 400;\">P\u00e5meldingen er bindende (les mer under vilk\u00e5r)<\/span><\/li>\n<li style=\"font-weight: 400;\" aria-level=\"1\"><span style=\"font-weight: 400;\">Vi har 3 kurs pr. kursrunde kl. 16:30-17:45, kl. 18:00-19:15 og kl. 19:30-20:45<\/span><\/li>\n<li style=\"font-weight: 400;\" aria-level=\"1\"><span style=\"font-weight: 400;\">Kurset g\u00e5r over 6 ganger. Hvert kurs varer 1 time og 15 min. inkl. pause.<\/span><\/li>\n<li style=\"font-weight: 400;\" aria-level=\"1\"><span style=\"font-weight: 400;\">Kurset holdes p\u00e5 <\/span><a href=\"https:\/\/g.page\/usfverftet?share\"><span style=\"font-weight: 400;\">USF Verftet<\/span><\/a><span style=\"font-weight: 400;\">, 2. etasje.<\/span><\/li>\n<li style=\"font-weight: 400;\" aria-level=\"1\"><span style=\"font-weight: 400;\">Undervisningen foreg\u00e5r i grupper p\u00e5 maks 4 deltakere.<\/span><\/li>\n<li style=\"font-weight: 400;\" aria-level=\"1\"><span style=\"font-weight: 400;\">Inkludert i kursprisen er et kompendium med praktisk info om gitarspill.<\/span><\/li>\n<li style=\"font-weight: 400;\" aria-level=\"1\"><span style=\"font-weight: 400;\">Gitarer kan leies hos AKKS Bergen: kr. 200 for kursperioden. Velg dette i p\u00e5meldingen. Gitaren kan l\u00e5nes ut semesteret.<\/span><\/li>\n<\/ul>\n<hr \/>\n<h2><span style=\"font-weight: 400;\">Kursets innhold<\/span><\/h2>\n<p><span style=\"font-weight: 400;\">P\u00e5 gitarkurset for nybegynnere vil du gjennom \u00f8velser i generell spilleteknikk og oppl\u00e6ring f\u00e5 et godt grunnlag for \u00e5 kunne spille alene og sammen med andre. Du vil l\u00e6re om gitarhalsen, hvordan stemme den og koble den til forsterker samt, l\u00e6re enkle akkorder s\u00e5 du kan spille hele l\u00e5ter.<\/span><\/p>\n<p><span style=\"font-weight: 400;\">Deltakeren f\u00e5r en innf\u00f8ring i gitaren som instrument og hvordan bruke forsterkeren. P\u00e5 dette kurset kan man ha med seg enten elgitar eller akustisk gitar, da begge deler vil bli brukt i l\u00f8pet av kurset. Det er mulig \u00e5 l\u00e5ne eller leie gitar hos oss dersom man ikke har en hjemme.<\/span><\/p>\n<p><span style=\"font-weight: 400;\">P\u00e5 kurset for viderekomne f\u00e5r du et utvidet l\u00e5t- og akkordrepertoar, et innblikk i mer avanserte spillestiler og improvisasjon og i tillegg l\u00e6rer du fingerspill. Gjennom \u00f8velser for \u00e5 utvikle omfang, teknikk, hurtighet og intonasjon vil du utvikles som instrumentalist. Kurset gir deg musikalsk utvikling for \u00e5 bli en bedre ut\u00f8ver p\u00e5 ditt instrument og bedre grunnlag for samspill i band og solospill.<\/span><\/p>\n<p><i><span style=\"font-weight: 400;\">Alle AKKS sine kurs har fokus p\u00e5 mestringsf\u00f8lelse og spilleglede, og undervisningen foreg\u00e5r i et trygt milj\u00f8 i sm\u00e5 grupper. Og s\u00e5 begynner vi tidlig med \u00e5 spille.<\/span><\/i><\/p>\n<hr \/>\n<p><img loading=\"lazy\" class=\"alignnone size-large wp-image-7497\" src=\"http:\/\/akks.no\/bergen\/files\/2024\/08\/37.-IMG_0044-1024x780.jpg\" alt=\"\" width=\"1024\" height=\"780\" srcset=\"https:\/\/akks.no\/bergen\/files\/2024\/08\/37.-IMG_0044-1024x780.jpg 1024w, https:\/\/akks.no\/bergen\/files\/2024\/08\/37.-IMG_0044-300x228.jpg 300w, https:\/\/akks.no\/bergen\/files\/2024\/08\/37.-IMG_0044-768x585.jpg 768w, https:\/\/akks.no\/bergen\/files\/2024\/08\/37.-IMG_0044-1536x1170.jpg 1536w, https:\/\/akks.no\/bergen\/files\/2024\/08\/37.-IMG_0044-2048x1560.jpg 2048w, https:\/\/akks.no\/bergen\/files\/2024\/08\/37.-IMG_0044-600x457.jpg 600w\" sizes=\"(max-width: 1024px) 100vw, 1024px\" \/><\/p>\n<p><em>Fra gitar-bygge-kurs 2024<\/em><\/p>\n<hr \/>\n<h2><strong>Instrukt\u00f8r p\u00e5 elektrisk gitarkurs periode 1: <span data-sheets-root=\"1\">August Ramstad<\/span><\/strong><\/h2>\n<hr \/>\n<p><img loading=\"lazy\" class=\"alignnone size-large wp-image-8592\" src=\"http:\/\/akks.no\/bergen\/files\/2026\/01\/Portrett-august-e1768820079489-1024x898.png\" alt=\"\" width=\"1024\" height=\"898\" srcset=\"https:\/\/akks.no\/bergen\/files\/2026\/01\/Portrett-august-e1768820079489-1024x898.png 1024w, https:\/\/akks.no\/bergen\/files\/2026\/01\/Portrett-august-e1768820079489-300x263.png 300w, https:\/\/akks.no\/bergen\/files\/2026\/01\/Portrett-august-e1768820079489-768x674.png 768w, https:\/\/akks.no\/bergen\/files\/2026\/01\/Portrett-august-e1768820079489-600x526.png 600w, https:\/\/akks.no\/bergen\/files\/2026\/01\/Portrett-august-e1768820079489.png 1254w\" sizes=\"(max-width: 1024px) 100vw, 1024px\" \/><\/p>\n<p><span style=\"font-weight: 400;\">August Ramstad g\u00e5r p\u00e5 Griegakadamiet. Ut over at han spiller gitar, spiller han ogs\u00e5 saxofon i bandet Superf\u00f8kk som i sommer 2025 vant Eggstock festivalen.\u00a0<\/span><\/p>\n<p><span style=\"font-weight: 400;\">Som gitarl\u00e6rer pa\u030a AKKS kurs bidrar han med a\u030a l\u00e6re vekk en helhetlig forsta\u030aelse for sammenhengene mellom musikkteori og spilling, geh\u00f8rbasert l\u00e6ring og mestring gjennom deltakelse.\u00a0<\/span><\/p>\n<p><i><span style=\"font-weight: 400;\">\u201cSom person og musiker elsker jeg ukonvensjonell musikk &#8211; enten det er elektronisk musikk, frijazz, stoner-metall eller folkemusikk, s\u00e5 er jeg med p\u00e5 laget.\u00a0<\/span><\/i><\/p>\n<p><i><span style=\"font-weight: 400;\">Som instrukt\u00f8r er det viktig for meg \u00e5 utforske sammen med deltakeren, \u00e5 oppdage nye rom sammen, enten gjennom felles improvisasjon, samtale eller lytting! Ingen er for uerfaren for \u00e5 delta og oppdage gleden av \u00e5 spille.\u201d<\/span><\/i><\/p>\n<hr \/>\n<h2><strong>Instrukt\u00f8r p\u00e5 elektrisk gitarkurs periode 2: Jonas Ledang<\/strong><\/h2>\n<hr \/>\n<p><img loading=\"lazy\" class=\"alignnone size-large wp-image-8297\" src=\"http:\/\/akks.no\/bergen\/files\/2025\/08\/3-1024x724.png\" alt=\"\" width=\"1024\" height=\"724\" srcset=\"https:\/\/akks.no\/bergen\/files\/2025\/08\/3-1024x724.png 1024w, https:\/\/akks.no\/bergen\/files\/2025\/08\/3-300x212.png 300w, https:\/\/akks.no\/bergen\/files\/2025\/08\/3-768x543.png 768w, https:\/\/akks.no\/bergen\/files\/2025\/08\/3-1536x1086.png 1536w, https:\/\/akks.no\/bergen\/files\/2025\/08\/3-2048x1448.png 2048w, https:\/\/akks.no\/bergen\/files\/2025\/08\/3-600x424.png 600w\" sizes=\"(max-width: 1024px) 100vw, 1024px\" \/><\/p>\n<p><span style=\"font-weight: 400;\">Jonas Ledang studerer musikkterapi p\u00e5 Griegakademiet og har jobbet som frilansmusiker, l\u00e5tskriver og artist i over 10 \u00e5r. Han har gitt ut flere plater som soloartist, i tillegg til \u00e5 ha bidratt som musiker og l\u00e5tskriver for andre artister og band. Jonas har mye erfaring med \u00e5 spille i band b\u00e5de p\u00e5 plate og i live-sammenheng, og synes at det fineste med \u00e5 spille musikk er magien som kan oppst\u00e5 n\u00e5r man spiller sammen.\u00a0<\/span><\/p>\n<p><span style=\"font-weight: 400;\">Han er glad i alle typer sjangre og har spilt b\u00e5de jazz, pop, rock og blues, selv om han er aller mest glad i amerikansk viserock (gjerne fra 70-tallet). Jonas har tidligere undervist i samspill, kor og gitar i kulturskolen og holdt flere l\u00e5tskriverkurs. Han gleder seg til \u00e5 v\u00e6re instrukt\u00f8r hos AKKS igjen i \u00e5r, og til \u00e5 treffe unge musikerspirer som \u00f8nsker \u00e5 spille i band og \u00e5 bli gode til det. Han \u00f8nsker at kursdeltakere skal finne gleden i det \u00e5 spille sammen i band og \u00e5 skrive l\u00e5ter sammen\u00a0<\/span><\/p>\n<p><span style=\"font-weight: 400;\">\u201c<\/span><i><span style=\"font-weight: 400;\">vi skal ha det g\u00f8y og utvikle oss<\/span><\/i><span style=\"font-weight: 400;\">.\u201d<\/span><\/p>\n<hr \/>\n<h2><strong>Gratis \u00f8ving i v\u00e5re \u00f8vingslokaler i kursperioden<\/strong><\/h2>\n<p><span style=\"font-weight: 400;\">Mellom kursdagene tilbyr vi gratis egen\u00f8ving 2 timer pr. dag i v\u00e5re \u00f8vingslokaler mandag-fredag kl. 08:00-17:00 og l\u00f8rdag-s\u00f8ndag kl. 11:00-23:00. Lokalene kan bookes her.\u00a0<\/span><\/p>\n<p><span style=\"font-weight: 400;\">OBS! Om deltakeren er under 18 \u00e5r kan en foresatt booke lokalet for deltakeren.<\/span><\/p>\n<hr \/>\n<p><img loading=\"lazy\" class=\"alignnone size-large wp-image-7404\" src=\"http:\/\/akks.no\/bergen\/files\/2024\/07\/3X3A9217-1024x683.jpg\" alt=\"\" width=\"1024\" height=\"683\" srcset=\"https:\/\/akks.no\/bergen\/files\/2024\/07\/3X3A9217-1024x683.jpg 1024w, https:\/\/akks.no\/bergen\/files\/2024\/07\/3X3A9217-300x200.jpg 300w, https:\/\/akks.no\/bergen\/files\/2024\/07\/3X3A9217-768x512.jpg 768w, https:\/\/akks.no\/bergen\/files\/2024\/07\/3X3A9217-1536x1024.jpg 1536w, https:\/\/akks.no\/bergen\/files\/2024\/07\/3X3A9217-2048x1365.jpg 2048w, https:\/\/akks.no\/bergen\/files\/2024\/07\/3X3A9217-720x480.jpg 720w, https:\/\/akks.no\/bergen\/files\/2024\/07\/3X3A9217-600x400.jpg 600w\" sizes=\"(max-width: 1024px) 100vw, 1024px\" \/><\/p>\n<p><em><i>Fra AKKS Sommer Musikkleir 2024. Fotograf: Ingvild H\u00e6gh<\/i><\/em><\/p>\n<hr \/>\n<h2><strong>AKKS-kurs for oss med funksjonsnedsettelser<\/strong><\/h2>\n<p><span style=\"font-weight: 400;\">Har du behov for \u00e5 ha med assistent eller ledsager p\u00e5 kurs, opplys om dette i p\u00e5meldingsskjemaet s\u00e5 kan vi tilrettelegge for dette. Om ledsager \/ assistent skal delta p\u00e5 kurset m\u00e5 de sende inn egen p\u00e5melding for dette. V\u00e5re kurslokaler er dessverre ikke tilpasset rullestolbrukere. Ta gjerne kontakt s\u00e5 kan vi se p\u00e5 hvordan vi kan tilrettelegge for at du kan delta.<\/span><\/p>\n<hr \/>\n<h2><strong>Vilk\u00e5r<\/strong><\/h2>\n<p><span style=\"font-weight: 400;\">P\u00e5meldingen er bindende. Vi har begrenset med plasser p\u00e5 hvert kurs, og vi har derfor ingen avmeldingsfrist p\u00e5 v\u00e5re kurs.<\/span><\/p>\n<p><span style=\"font-weight: 400;\">Ved innsendt p\u00e5melding er man bundet til \u00e5 betale kursavgiften. Det vil si at kursavgift m\u00e5 betales selv om kursdeltakeren ikke m\u00f8ter opp til kurset eller slutter p\u00e5 kurset. Les v\u00e5re <\/span><a href=\"http:\/\/akks.no\/bergen\/files\/2022\/11\/Vilkar-for-kurspamelding-AKKS-Bergen-2023.pdf\"><span style=\"font-weight: 400;\">p\u00e5meldingsbetingelser<\/span><\/a><span style=\"font-weight: 400;\"> og v\u00e5r <\/span><a href=\"https:\/\/akks.no\/personvernerklaering\/\"><span style=\"font-weight: 400;\">personvernerkl\u00e6ring<\/span><\/a><span style=\"font-weight: 400;\">.<\/span><\/p>\n<hr \/>\n<p><img loading=\"lazy\" class=\"alignnone size-large wp-image-7337\" src=\"http:\/\/akks.no\/bergen\/files\/2024\/06\/3X3A7992-1024x683.jpg\" alt=\"\" width=\"1024\" height=\"683\" srcset=\"https:\/\/akks.no\/bergen\/files\/2024\/06\/3X3A7992-1024x683.jpg 1024w, https:\/\/akks.no\/bergen\/files\/2024\/06\/3X3A7992-300x200.jpg 300w, https:\/\/akks.no\/bergen\/files\/2024\/06\/3X3A7992-768x512.jpg 768w, https:\/\/akks.no\/bergen\/files\/2024\/06\/3X3A7992-1536x1024.jpg 1536w, https:\/\/akks.no\/bergen\/files\/2024\/06\/3X3A7992-2048x1365.jpg 2048w, https:\/\/akks.no\/bergen\/files\/2024\/06\/3X3A7992-720x480.jpg 720w, https:\/\/akks.no\/bergen\/files\/2024\/06\/3X3A7992-600x400.jpg 600w\" sizes=\"(max-width: 1024px) 100vw, 1024px\" \/><\/p>\n<p><i>Fra AKKS -konserten 30. mai 2024. Fotograf: Ingvild H\u00e6gh<\/i><\/p>\n<hr \/>\n<h2><strong>Musikkaktivitet for alle<\/strong><\/h2>\n<p><span style=\"font-weight: 400;\">AKKS Bergen \u00f8nsker ikke at \u00f8konomi skal st\u00e5 i veien for deltakelse p\u00e5 v\u00e5re kurs. Vi har derfor et begrenset antall plasser der man kan f\u00e5 gratis eller redusert pris i kursavgiften om man er AKKS medlem, under 26 \u00e5r og der familien har begrenset \u00f8konomi. For \u00e5 benytte deg av tilbudet m\u00e5 du ta kontakt med oss p\u00e5 kontoret@bergen.akks.no.\u00a0<\/span><\/p>\n<p>Skriver du med \u00f8nske om gratisplasser f\u00e5r du tilsendt link til den gratis p\u00e5meldingssiden.<\/p>\n<p><a href=\"https:\/\/akks.hypersys.no\/page\/blimedlem\/signup?type=87\">Bli medlem her<\/a>.<\/p>\n<p><span style=\"font-weight: 400;\">Benytter man seg av en av v\u00e5re gratisplasser er det gratis \u00e5 l\u00e5ne instrument.<\/span><\/p>\n<hr \/>\n<p><img loading=\"lazy\" class=\"alignnone size-large wp-image-6864\" src=\"http:\/\/akks.no\/bergen\/files\/2019\/05\/3X3A5082-scaled-e1701276420811-1024x760.jpg\" alt=\"\" width=\"1024\" height=\"760\" srcset=\"https:\/\/akks.no\/bergen\/files\/2019\/05\/3X3A5082-scaled-e1701276420811-1024x760.jpg 1024w, https:\/\/akks.no\/bergen\/files\/2019\/05\/3X3A5082-scaled-e1701276420811-300x223.jpg 300w, https:\/\/akks.no\/bergen\/files\/2019\/05\/3X3A5082-scaled-e1701276420811-768x570.jpg 768w, https:\/\/akks.no\/bergen\/files\/2019\/05\/3X3A5082-scaled-e1701276420811-1536x1140.jpg 1536w, https:\/\/akks.no\/bergen\/files\/2019\/05\/3X3A5082-scaled-e1701276420811-600x445.jpg 600w, https:\/\/akks.no\/bergen\/files\/2019\/05\/3X3A5082-scaled-e1701276420811.jpg 1707w\" sizes=\"(max-width: 1024px) 100vw, 1024px\" \/><\/p>\n<p><i><span style=\"font-weight: 400;\">Fra \u00c5pen Scene v\u00e5ren 2023. Fotograf: Ingvild H\u00e6gh<\/span><\/i><\/p>\n<hr \/>\n<h2><strong>Betaling<\/strong><\/h2>\n<p><span style=\"font-weight: 400;\">En kan betale med faktura, vipps eller bankkort. Faktura vil bli sendt ut f\u00f8rste kursdag om man velger dette.<\/span><\/p>\n<p><span style=\"font-weight: 400;\">Dersom man velger kursavgift for AKKS-medlemmer og ikke er AKKS-medlem vil man bli etterfakturert medlemskontingenten p\u00e5 kr 50. Om ikke denne betales vil man kunne bli etterfakturert for kurset til ikke-medlemspris.<\/span><\/p>\n<hr \/>\n<p><strong>Er du usikker p\u00e5 niv\u00e5et ditt eller har andre sp\u00f8rsm\u00e5l?<\/strong><br \/>\n<span style=\"font-weight: 400;\">Ta gjerne kontakt med oss p\u00e5 kontoret@bergen.akks.no.<\/span><\/p>\n","protected":false},"excerpt":{"rendered":"<p>Har du alltid dr\u00f8mt om \u00e5 spille el-gitar? Eller spiller du allerede, men \u00f8nsker \u00e5 bli enda bedre? Bli med p\u00e5 el-gitarkurset og l\u00e6r \u00e5 spille like bra som din yndlingsrockestjerne! Oppstart onsdag uke 16 Kursdatoer: 15.04, 22.04, 29.04, 06.05, 13.05, 20.05 M\u00e5lgruppe: fra 12 \u00e5r og oppover \u2013 ingen \u00f8vre aldersgrense Instrukt\u00f8r: Jonas Ledang [&hellip;]<\/p>\n","protected":false},"author":5,"featured_media":7364,"parent":0,"menu_order":0,"comment_status":"closed","ping_status":"closed","template":"","meta":[],"_links":{"self":[{"href":"https:\/\/akks.no\/bergen\/wp-json\/wp\/v2\/pages\/3771"}],"collection":[{"href":"https:\/\/akks.no\/bergen\/wp-json\/wp\/v2\/pages"}],"about":[{"href":"https:\/\/akks.no\/bergen\/wp-json\/wp\/v2\/types\/page"}],"author":[{"embeddable":true,"href":"https:\/\/akks.no\/bergen\/wp-json\/wp\/v2\/users\/5"}],"replies":[{"embeddable":true,"href":"https:\/\/akks.no\/bergen\/wp-json\/wp\/v2\/comments?post=3771"}],"version-history":[{"count":25,"href":"https:\/\/akks.no\/bergen\/wp-json\/wp\/v2\/pages\/3771\/revisions"}],"predecessor-version":[{"id":8634,"href":"https:\/\/akks.no\/bergen\/wp-json\/wp\/v2\/pages\/3771\/revisions\/8634"}],"wp:featuredmedia":[{"embeddable":true,"href":"https:\/\/akks.no\/bergen\/wp-json\/wp\/v2\/media\/7364"}],"wp:attachment":[{"href":"https:\/\/akks.no\/bergen\/wp-json\/wp\/v2\/media?parent=3771"}],"curies":[{"name":"wp","href":"https:\/\/api.w.org\/{rel}","templated":true}]}}