{"id":3024,"date":"2021-06-01T11:14:46","date_gmt":"2021-06-01T09:14:46","guid":{"rendered":"http:\/\/akks.no\/bergen\/?page_id=3024"},"modified":"2025-10-22T17:44:38","modified_gmt":"2025-10-22T15:44:38","slug":"sommerkurs","status":"publish","type":"page","link":"https:\/\/akks.no\/bergen\/sommerkurs\/","title":{"rendered":"2021 Sommerkurs"},"content":{"rendered":"<h2><strong>Velkommen p\u00e5 sommerkurs hos AKKS Bergen!<\/strong><\/h2>\n<p>&nbsp;<\/p>\n<p>Mandag 5. til torsdag 8. juli arrangerer vi kurs i vokal, elgitar, piano, trommer og DJ for ungdom som g\u00e5r i 8. &#8211; 10. klasse (13-16 \u00e5r) p\u00e5 USF Verftet. I l\u00f8pet av kurset vil vi bli kjent med instrumentet v\u00e5rt og spille l\u00e5ter, vi vil ogs\u00e5 l\u00e6re om l\u00e5tskriving. Uken avsluttes med at vi spiller sammen og jammer. Det blir en sosial og l\u00e6rerik uke med fokus p\u00e5 spilleglede og mestringsf\u00f8lelse.<\/p>\n<h4><strong>Smittevern p\u00e5 kurs<\/strong><\/h4>\n<p>Hvert instrumentkurs har 3 kursplasser og i l\u00f8pet av kurset vil hvert instrumentkurs v\u00e6re en kohort. <a href=\"https:\/\/akks.no\/bergen\/2020\/08\/12\/smittevern-pa-kurs\/\">Les om smittevern og smitteverntiltak i forbindelse med kursavvikling hos AKKS Bergen her.<\/a><\/p>\n<h4><strong>N\u00e5r og hvor er sommerkursene<\/strong><\/h4>\n<p>Mandag 5. juli til torsdag 8. juli kl. 10.00 &#8211; 15.00 p\u00e5 <a href=\"https:\/\/akks.no\/bergen\/besok-oss\/\">USF Verftet<\/a> i Bergen sentrum.<br \/>\nKursene er \u00e5pne for alle kj\u00f8nn.<\/p>\n<h4><strong>Aldersgrense p\u00e5 sommerkurs<\/strong><\/h4>\n<p>Aldersgruppen for sommerkursene er 8. &#8211; 10. klasse (13-16 \u00e5r)<\/p>\n<h4><strong>Pris<\/strong><\/h4>\n<p>Sommerkursene er gratis. St\u00f8ttet av Bergen kommune.<\/p>\n<h4><strong>AKKS-kurs for oss med funksjonsnedsettelser<\/strong><\/h4>\n<p>Har du behov for \u00e5 ha med assistent eller ledsager p\u00e5 kurs, opplys om dette i p\u00e5meldingsskjemaet s\u00e5 kan vi tilrettelegge for dette. V\u00e5re kurslokaler er dessverre ikke tilpasset rullestolbrukere. Ta gjerne kontakt s\u00e5 kan vi se p\u00e5 hvordan vi kan tilrettelegge for at du kan delta.<\/p>\n<h4><strong>Har du sp\u00f8rsm\u00e5l?<\/strong><\/h4>\n<p>Ta kontakt med kurs- og \u00f8vingslokaleansvarlig p\u00e5 <a href=\"mailto:kontoret@bergen.akks.no\">kontoret@bergen.akks.no <\/a>eller fyll ut <a href=\"https:\/\/forms.gle\/g5To5hesWv9RQT2F7\">dette interesseskjemaet<\/a> s\u00e5 vil vi ta kontakt med deg!<\/p>\n","protected":false},"excerpt":{"rendered":"<p>Velkommen p\u00e5 sommerkurs hos AKKS Bergen! &nbsp; Mandag 5. til torsdag 8. juli arrangerer vi kurs i vokal, elgitar, piano, trommer og DJ for ungdom som g\u00e5r i 8. &#8211; 10. klasse (13-16 \u00e5r) p\u00e5 USF Verftet. I l\u00f8pet av kurset vil vi bli kjent med instrumentet v\u00e5rt og spille l\u00e5ter, vi vil ogs\u00e5 l\u00e6re [&hellip;]<\/p>\n","protected":false},"author":5,"featured_media":3012,"parent":0,"menu_order":0,"comment_status":"closed","ping_status":"closed","template":"","meta":[],"_links":{"self":[{"href":"https:\/\/akks.no\/bergen\/wp-json\/wp\/v2\/pages\/3024"}],"collection":[{"href":"https:\/\/akks.no\/bergen\/wp-json\/wp\/v2\/pages"}],"about":[{"href":"https:\/\/akks.no\/bergen\/wp-json\/wp\/v2\/types\/page"}],"author":[{"embeddable":true,"href":"https:\/\/akks.no\/bergen\/wp-json\/wp\/v2\/users\/5"}],"replies":[{"embeddable":true,"href":"https:\/\/akks.no\/bergen\/wp-json\/wp\/v2\/comments?post=3024"}],"version-history":[{"count":10,"href":"https:\/\/akks.no\/bergen\/wp-json\/wp\/v2\/pages\/3024\/revisions"}],"predecessor-version":[{"id":8493,"href":"https:\/\/akks.no\/bergen\/wp-json\/wp\/v2\/pages\/3024\/revisions\/8493"}],"wp:featuredmedia":[{"embeddable":true,"href":"https:\/\/akks.no\/bergen\/wp-json\/wp\/v2\/media\/3012"}],"wp:attachment":[{"href":"https:\/\/akks.no\/bergen\/wp-json\/wp\/v2\/media?parent=3024"}],"curies":[{"name":"wp","href":"https:\/\/api.w.org\/{rel}","templated":true}]}}