{"id":1633,"date":"2020-04-14T16:02:27","date_gmt":"2020-04-14T14:02:27","guid":{"rendered":"http:\/\/akks.no\/bergen\/?page_id=1633"},"modified":"2020-04-14T16:02:27","modified_gmt":"2020-04-14T14:02:27","slug":"personvernerklaering","status":"publish","type":"page","link":"https:\/\/akks.no\/bergen\/personvernerklaering\/","title":{"rendered":"Personvernerkl\u00e6ring"},"content":{"rendered":"<p>Henvendelser for innsyn, retting eller sletting av personopplysninger kan gj\u00f8res til daglig leder i AKKS Norge Pia Korsnes, e-post: akks@akks.no, telefon: 918 53 220<\/p>\n<p><em>Er du barn b\u00f8r du lese dette med en voksen for \u00e5 forst\u00e5.<\/em><\/p>\n<p><strong>AKKS.no<\/strong><br \/>\nAKKS Norge er ansvarlig for innhenting og bruk av personopplysninger som gj\u00f8res i forbindelse med drift og vedlikehold av akks.no<\/p>\n<p>Idium AS er akks.nos databehandler, og er v\u00e5r hovedpartner for utvikling, drift og vedlikehold av nettsidene v\u00e5re.<\/p>\n<p>Bruk av informasjonskapsler\/cookies<br \/>\nNettstedet v\u00e5rt bruker informasjonskapsler for \u00e5 kartlegge bes\u00f8kende og deres bruk. Dette gj\u00f8r vi for \u00e5 tilpasse og gj\u00f8re nettstedet v\u00e5rt mest mulig relevant for v\u00e5re bes\u00f8kende.<\/p>\n<p>Informasjonskapslene inneholder ikke personopplysninger. Du kan selv forhindre at informasjonskapsler blir lagret p\u00e5 datamaskinen din ved \u00e5 endre innstillinger i nettleseren.<\/p>\n<p><strong>Medlemskap<\/strong><br \/>\nFra v\u00e5re medlemmer innhenter vi navn, adresse, telefonnummer, f\u00f8dselsdato, kj\u00f8nn og e-postadresse. Disse opplysningene er grunnlag for \u00e5 rapportere p\u00e5 antall medlemmer, for \u00e5 kunne motta offentlig tilskudd til drift av organisasjonen. I tillegg trenger vi kontaktinformasjon p\u00e5 medlemmer for \u00e5 kunne gi informasjon knyttet til medlemskapet og medlemsfordeler.<br \/>\nMedlemsregisteret v\u00e5rt, Hypersys, lagrer navn, adresse, telefonnummer, e-post, kj\u00f8nn og f\u00f8dselsdato, i tillegg til valgfri informasjon som instrument og, kursdeltakelse, samt og navn p\u00e5 foresatte hvis medlemmet er under 18 \u00e5r.<br \/>\nI tillegg registreres eventuelle verv i organisasjonen og tilknytting til band. I medlemsregisteret ligger ogs\u00e5 betalingshistorikk over kontingent og eventuelle andre betalinger.<br \/>\nTilgang til medlemsregisteret er niv\u00e5styrt. Administrasjonen og styrene i lokallagene har tilgang til \u00e5 se sine egne medlemmer lokalt.<br \/>\nEt begrenset antall ansatte har tilgang til hele medlemsregisteret. De sentrale ansattes tilgang brukes i hovedsak for \u00e5 bist\u00e5 lokale ansatte og tillitsvalgte, og holde oversikt over kontingentinnbetaling, samt til \u00e5 hente ut overordnet statistikk.<br \/>\nUnicornis AS er ansvarlig for drift av medlemsregisteret v\u00e5r og ansatte der vil ha tilgang til denne informasjonen for \u00e5 kunne drifte dette og gi teknisk support.<\/p>\n<p><strong>Rett til innsyn<\/strong><br \/>\nSom medlem i AKKS har du rett til innsyn i de opplysninger vi har registrert om deg. I medlemsregisteret kan hvert enkelt medlem selv endre p\u00e5 sine personopplysninger og innstillinger.<\/p>\n<p>Utmeldte medlemmer anonymiseres etter fem \u00e5r. Vi sletter informasjonen om personer som er aktivt utmeldt og ber om \u00e5 bli slettet.<\/p>\n<p><strong>P\u00e5melding kurs\/arrangementer<\/strong><br \/>\nP\u00e5 v\u00e5r nettside, via medlemsregisteret og nyhetsbrev, er det mulig \u00e5 melde seg p\u00e5 kurs og arrangementer. Her samler vi informasjon som navn og kontaktopplysninger, i tillegg til behov for tilretteleggelse og kartlegging av ferdigheter innenfor kursets art. Disse personopplysningene blir ikke brukt til andre form\u00e5l enn \u00e5 administrere kurset\/arrangementet.<br \/>\nPersonopplysninger og p\u00e5meldinger som ikke har g\u00e5tt via medlemsregisteret vil slettes etter endt arrangement.<\/p>\n<p><strong>\u00d8vingslokaler<\/strong><br \/>\nP\u00e5 v\u00e5r nettside og nyhetsbrev er det mulig \u00e5 booke \u00f8vingslokaler.<br \/>\nI tilknytning til dette samler vi inn informasjon som navn og kontaktopplysninger. Disse personopplysningene blir ikke brukt til andre form\u00e5l enn for \u00e5 administrere bookingen, og lagres i v\u00e5rt booking- og fakturasystem.<\/p>\n<p><strong>E-post<\/strong><br \/>\nDu kan sende e-post til oss, men husk at alle virksomheter er s\u00e5rbare for datatyveri. Du b\u00f8r derfor ikke sende sensitivt innhold per e-post. Om vi mottar en slik e-post, behandler vi e-posten i henhold til innhold og sletter den straks.<\/p>\n<p><strong>Nyhetsbrev<\/strong><br \/>\nDu kan melde deg p\u00e5 som mottaker av v\u00e5rt nyhetsbrev uansett om du er medlem i organisasjonen eller ikke. For at vi skal kunne sende deg nyhetsbrev m\u00e5 du registrere din e-post adresse hos oss. Denne lagres i en egen database, deles ikke med andre og slettes n\u00e5r den ikke lengerre er i bruk.<\/p>\n<p>Du kan n\u00e5r som helst oppdatere dine innstillinger og melde deg p\u00e5 eller av nyhetsbrevene fra AKKS.<\/p>\n<p><strong>Bilder<\/strong><br \/>\nVi oppbevarer og publiserer bilder av aktivitet og forsamlinger av aktuell og allmenn interesse (jfr. \u00e5ndsverkloven \u00a745c). Vi vil ikke publisere andre typer bilder av personer uten \u00e5 f\u00f8rst innhente samtykke fra disse personene.<br \/>\nOppbevaring, lagring og utlevering av personopplysninger<br \/>\nVi oppbevarer personopplysninger i henhold til gjeldende lovgivning og har til enhver tid tiltak for \u00e5 sikre kravene til konfidensialitet, tilgjengelighet og integritet.<br \/>\nPersonopplysningene dine vil bare bli lagret s\u00e5 lenge AKKS har et saklig behov for dette, og under enhver omstendighet ikke lenger enn det som f\u00f8lger av den til enhver tid gjeldende lovgivning. N\u00e5r AKKS ikke lenger har et saklig behov for lagring av personopplysninger, vil opplysningene bli slettet eller anonymisert.<br \/>\nVi vil ikke utlevere personopplysninger som vedr\u00f8rer deg, eller noen i samme husstand, til utenforst\u00e5ende, unntatt n\u00e5r utlevering av personopplysningene skjer:<\/p>\n<ol>\n<li>Med samtykke fra den som opplysningen gjelder,<\/li>\n<li>Med hjemmel i lov eller forskrift gitt med hjemmel i lov,<\/li>\n<li>Etter p\u00e5legg fra en domstol eller annen myndighet, eller<\/li>\n<li>Som ledd i betalingsinnkreving mv. hvor det foreligger saklige grunner.<\/li>\n<\/ol>\n<p><strong>Dine rettigheter<\/strong><br \/>\nDu har til enhver tid rett til innsyn i de opplysninger som AKKS har registrert om deg. Du kan ogs\u00e5 kreve retting og sletting av personopplysninger i samsvar med gjeldende lovgivning.<br \/>\nRevisjon av denne personvernerkl\u00e6ringen<br \/>\nVi kan endre denne personvernerkl\u00e6ringen dersom:<\/p>\n<ol>\n<li>Behandlingen av personopplysninger endres, eller<\/li>\n<li>Revisjon anses n\u00f8dvendig grunnet endring i lover eller forskrifter gitt i medhold av lov.<\/li>\n<\/ol>\n<p><strong>Henvendelser<\/strong><br \/>\nDu kan ta kontakt med daglig leder i AKKS Norge, behandlingsansvarlig Pia Korsnes, som er v\u00e5r behandlingsansvarlig dersom du vil ha mer informasjon om AKKS behandling av personopplysninger.<\/p>\n<p>Kontaktinfo<br \/>\nAdresse: \u00d8vre Slottsgate 3, 0154 Oslo t: 918 53 220<br \/>\ne-post: akks@akks.no<\/p>\n","protected":false},"excerpt":{"rendered":"<p>Denne personvernerkl\u00e6ringen gj\u00f8r rede for v\u00e5r h\u00e5ndtering av personopplysninger som samles inn for \u00e5 ut\u00f8ve v\u00e5re tjenester overfor medlemmer og andre vi jobber med. Behandlingsansvarlig i organisasjonen er daglig leder i AKKS Norge, om ikke oppgaver er delegert.<\/p>\n","protected":false},"author":5,"featured_media":0,"parent":0,"menu_order":0,"comment_status":"closed","ping_status":"closed","template":"","meta":[],"_links":{"self":[{"href":"https:\/\/akks.no\/bergen\/wp-json\/wp\/v2\/pages\/1633"}],"collection":[{"href":"https:\/\/akks.no\/bergen\/wp-json\/wp\/v2\/pages"}],"about":[{"href":"https:\/\/akks.no\/bergen\/wp-json\/wp\/v2\/types\/page"}],"author":[{"embeddable":true,"href":"https:\/\/akks.no\/bergen\/wp-json\/wp\/v2\/users\/5"}],"replies":[{"embeddable":true,"href":"https:\/\/akks.no\/bergen\/wp-json\/wp\/v2\/comments?post=1633"}],"version-history":[{"count":1,"href":"https:\/\/akks.no\/bergen\/wp-json\/wp\/v2\/pages\/1633\/revisions"}],"predecessor-version":[{"id":1634,"href":"https:\/\/akks.no\/bergen\/wp-json\/wp\/v2\/pages\/1633\/revisions\/1634"}],"wp:attachment":[{"href":"https:\/\/akks.no\/bergen\/wp-json\/wp\/v2\/media?parent=1633"}],"curies":[{"name":"wp","href":"https:\/\/api.w.org\/{rel}","templated":true}]}}